From mboxrd@z Thu Jan  1 00:00:00 1970
Return-Path: <test-report-bounces@dpdk.org>
Received: from mails.dpdk.org (mails.dpdk.org [217.70.189.124])
	by inbox.dpdk.org (Postfix) with ESMTP id B980143D00
	for <public@inbox.dpdk.org>; Sun, 24 Mar 2024 04:35:05 +0100 (CET)
Received: from mails.dpdk.org (localhost [127.0.0.1])
	by mails.dpdk.org (Postfix) with ESMTP id AF005402AD;
	Sun, 24 Mar 2024 04:35:05 +0100 (CET)
Received: from mail-oa1-f99.google.com (mail-oa1-f99.google.com
 [209.85.160.99]) by mails.dpdk.org (Postfix) with ESMTP id 10AAB402AB
 for <test-report@dpdk.org>; Sun, 24 Mar 2024 04:35:03 +0100 (CET)
Received: by mail-oa1-f99.google.com with SMTP id
 586e51a60fabf-2282597eff5so2287751fac.3
 for <test-report@dpdk.org>; Sat, 23 Mar 2024 20:35:03 -0700 (PDT)
DKIM-Signature: v=1; a=rsa-sha256; c=relaxed/relaxed;
 d=iol.unh.edu; s=unh-iol; t=1711251302; x=1711856102; darn=dpdk.org;
 h=references:in-reply-to:cc:to:from:subject:message-id:date:from:to
 :cc:subject:date:message-id:reply-to;
 bh=5+HxZdJXxl17VB7Mx6LDBv7tWGYEGjstSj0neNCEPiU=;
 b=jPqMGzlbkZdgmdfx0k6s0LI5UMWhF1EurTVfI4tIxzxgFeC5Crs4Y+tj/76mreJ15y
 fDT+/yDr4f/IWx2959e9jpb9S7zvZlgS/BxHAX3P4QUtsaHuVpbOzQLCMliDQ+aFkyAc
 PxfzBj2ah7ATqUrZi7T7X822myiSEeVdYK4A8=
X-Google-DKIM-Signature: v=1; a=rsa-sha256; c=relaxed/relaxed;
 d=1e100.net; s=20230601; t=1711251302; x=1711856102;
 h=references:in-reply-to:cc:to:from:subject:message-id:date
 :x-gm-message-state:from:to:cc:subject:date:message-id:reply-to;
 bh=5+HxZdJXxl17VB7Mx6LDBv7tWGYEGjstSj0neNCEPiU=;
 b=qrla+4ZFA3wKOeQMPw9JVmxlII4jf5dwyZkYKShINF4qR6woqL0anNWwIViEYDEyzo
 FqpevjD4YeHbgKe7VEOGZmnAg5gpZsvt8S5EbfvZC3v2Sfezry+kMLc+6pUnoID+C3yP
 nzPTIPBsbbQbBQBeFCrnFA29dBO3oAPOLlvOPCetzvoGiXR3Y/yuczIb5XFH6MkuMvrB
 b4Fa3DbNpxDgvRW67iruUFHLYnxYBzU9LJLMRjT4xgMXCFj58bS3TwS69e+T/4nI49Ue
 k8KqXaQUpWEUsqDMPKcNW7x21JCCyOM0lhsc9xhMyNnlMDEgmIHHEb3vaPRksLAnBu1Z
 jRmA==
X-Gm-Message-State: AOJu0YymTde3/p4/sD7kzwcwu6nK9xYRQoB/j0MGjH57J7B3INoe+tX5
 OjxYE2YXgAKsQ2lhGNfnInAbni3OzirUwPDajjdldDKLUk6a4G1PxhLdLK/iQyciXMa+8c5lxx2
 BBnVvax5Mfs8Fhp3FeUTsTkznKZgte4lis6HQT/Ci
X-Google-Smtp-Source: AGHT+IHAtAaNSBPyijt9S725ZCV+5k+kJF1Z+PxVuhKbIqMm0WcrG1t1GKR983ePzK5mxlSl8pmh3h20aa+W
X-Received: by 2002:a05:6870:6122:b0:229:7ce9:815f with SMTP id
 s34-20020a056870612200b002297ce9815fmr4979543oae.12.1711251302390; 
 Sat, 23 Mar 2024 20:35:02 -0700 (PDT)
Received: from postal.iol.unh.edu (postal.iol.unh.edu. [132.177.123.84])
 by smtp-relay.gmail.com with ESMTPS id
 bp1-20020a056871280100b00221a2cf0cc5sm74341oac.1.2024.03.23.20.35.02
 (version=TLS1_2 cipher=ECDHE-ECDSA-AES128-GCM-SHA256 bits=128/128);
 Sat, 23 Mar 2024 20:35:02 -0700 (PDT)
X-Relaying-Domain: iol.unh.edu
Date: Sat, 23 Mar 2024 20:35:02 -0700 (PDT)
Message-ID: <65ff9f66.050a0220.64793.4c01SMTPIN_ADDED_MISSING@mx.google.com>
Received: from [172.21.0.6] (unknown [172.18.0.240])
 by postal.iol.unh.edu (Postfix) with ESMTP id C9C446052471;
 Sat, 23 Mar 2024 23:35:01 -0400 (EDT)
Subject: |FAILURE| pw138754-138762 [PATCH] [v11,9/9] log: colorize log output
From: dpdklab@iol.unh.edu
To: Test Report <test-report@dpdk.org>
Cc: dpdk-test-reports@iol.unh.edu,
 Stephen Hemminger <stephen@networkplumber.org>
In-Reply-To: <20240324024109.306614-10-stephen@networkplumber.org>
References: <20240324024109.306614-10-stephen@networkplumber.org>
Content-Type: text/plain
X-BeenThere: test-report@dpdk.org
X-Mailman-Version: 2.1.29
Precedence: list
List-Id: automatic DPDK test reports <test-report.dpdk.org>
List-Unsubscribe: <https://mails.dpdk.org/options/test-report>,
 <mailto:test-report-request@dpdk.org?subject=unsubscribe>
List-Archive: <http://mails.dpdk.org/archives/test-report/>
List-Post: <mailto:test-report@dpdk.org>
List-Help: <mailto:test-report-request@dpdk.org?subject=help>
List-Subscribe: <https://mails.dpdk.org/listinfo/test-report>,
 <mailto:test-report-request@dpdk.org?subject=subscribe>
Errors-To: test-report-bounces@dpdk.org

Test-Label: iol-compile-amd64-testing
Test-Status: FAILURE
http://dpdk.org/patch/138762

_Testing issues_

Submitter: Stephen Hemminger <stephen@networkplumber.org>
Date: Sunday, March 24 2024 02:33:31 
DPDK git baseline: Repo:dpdk
  Branch: master
  CommitID:0219d467bcb1d19b386b5bae8eecd3514ba13fdb

138754-138762 --> testing fail

Test environment and result as below:

+---------------------+--------------------+----------------------+-------------------+
|     Environment     | dpdk_meson_compile | dpdk_mingw64_compile | dpdk_msvc_compile |
+=====================+====================+======================+===================+
| Windows Server 2022 | FAIL               | PASS                 | FAIL              |
+---------------------+--------------------+----------------------+-------------------+
| Windows Server 2019 | FAIL               | PASS                 | SKIPPED           |
+---------------------+--------------------+----------------------+-------------------+
| FreeBSD 13.2        | FAIL               | SKIPPED              | SKIPPED           |
+---------------------+--------------------+----------------------+-------------------+
| CentOS Stream 8     | PASS               | SKIPPED              | SKIPPED           |
+---------------------+--------------------+----------------------+-------------------+
| CentOS Stream 9     | PASS               | SKIPPED              | SKIPPED           |
+---------------------+--------------------+----------------------+-------------------+
| Debian Bullseye     | PASS               | SKIPPED              | SKIPPED           |
+---------------------+--------------------+----------------------+-------------------+
| Debian 11 (arm)     | PASS               | SKIPPED              | SKIPPED           |
+---------------------+--------------------+----------------------+-------------------+
| Fedora 37           | PASS               | SKIPPED              | SKIPPED           |
+---------------------+--------------------+----------------------+-------------------+
| Ubuntu 20.04        | FAIL               | SKIPPED              | SKIPPED           |
+---------------------+--------------------+----------------------+-------------------+
| Fedora 38           | PASS               | SKIPPED              | SKIPPED           |
+---------------------+--------------------+----------------------+-------------------+
| Ubuntu 22.04        | FAIL               | SKIPPED              | SKIPPED           |
+---------------------+--------------------+----------------------+-------------------+
| openSUSE Leap 15    | PASS               | SKIPPED              | SKIPPED           |
+---------------------+--------------------+----------------------+-------------------+
| RHEL8               | PASS               | SKIPPED              | SKIPPED           |
+---------------------+--------------------+----------------------+-------------------+

==== 20 line log output for Ubuntu 22.04 (dpdk_meson_compile): ====
crypto/uadk:	missing dependency, "libwd"
compress/isal:	missing dependency, "libisal"
gpu/cuda:	missing dependency, "cuda.h"


Build targets in project: 804

Option default_library is: shared [default: static]
Found ninja-1.10.1 at /usr/bin/ninja
ninja: Entering directory `build'
[1/2893] Compiling C object 'lib/76b5a35@@rte_kvargs@sta/kvargs_rte_kvargs.c.o'.
[2/2893] Compiling C object 'lib/76b5a35@@rte_log@sta/log_log.c.o'.
FAILED: lib/76b5a35@@rte_log@sta/log_log.c.o
ccache cc -Ilib/76b5a35@@rte_log@sta -Ilib -I../lib -I. -I../ -Iconfig -I../config -Ilib/eal/include -I../lib/eal/include -Ilib/eal/linux/include -I../lib/eal/linux/include -Ilib/eal/x86/include -I../lib/eal/x86/include -Ilib/log -I../lib/log -fdiagnostics-color=always -pipe -D_FILE_OFFSET_BITS=64 -Wall -Winvalid-pch -Wextra -Werror -std=c11 -O3 -include rte_config.h -Wcast-qual -Wdeprecated -Wformat -Wformat-nonliteral -Wformat-security -Wmissing-declarations -Wmissing-prototypes -Wnested-externs -Wold-style-definition -Wpointer-arith -Wsign-compare -Wstrict-prototypes -Wundef -Wwrite-strings -Wno-address-of-packed-member -Wno-packed-not-aligned -Wno-missing-field-initializers -Wno-zero-length-bounds -D_GNU_SOURCE -fPIC -march=native -mrtm -DALLOW_EXPERIMENTAL_API -DALLOW_INTERNAL_API -Wno-format-truncation -DRTE_LOG_DEFAULT_LOGTYPE=lib.log -MD -MQ 'lib/76b5a35@@rte_log@sta/log_log.c.o' -MF 'lib/76b5a35@@rte_log@sta/log_log.c.o.d' -o 'lib/76b5a35@@rte_log@sta/log_log.c.o' -c ../lib/
 log/log.c
../lib/log/log.c: In function 'journal_send_id':
../lib/log/log.c:881:17: error: ignoring return value of 'write' declared with attribute 'warn_unused_result' [-Werror=unused-result]
881 |                 write(fd, syslog_id, len);
|                 ^~~~~~~~~~~~~~~~~~~~~~~~~
cc1: all warnings being treated as errors
ninja: build stopped: subcommand failed.
==== End log output ====

Windows Server 2022
	Kernel: 10.0.20348.2031
	Compiler: clang 15.0.7, gcc 8.1.0 (MinGW), and MSVC VS 17.9

Windows Server 2019
	Kernel: 10.0.17763
	Compiler: clang 14.0 and gcc 8.1.0 (MinGW)

FreeBSD 13.2
	Kernel: 13.2
	Compiler: clang 14.0.5

CentOS Stream 8
	Kernel: 5.4.0-167-generic
	Compiler: gcc 8.5.0 20210514

CentOS Stream 9
	Kernel: 5.4.0-167-generic
	Compiler: gcc 11.4.1 20230605

Debian Bullseye
	Kernel: 5.4.0-167-generic
	Compiler: gcc 10.2.1-6

Debian 11 (arm)
	Kernel: Container Host Kernel
	Compiler: gcc 10.2.1

Fedora 37
	Kernel: Depends on container host system
	Compiler: gcc 12.3.1

Ubuntu 20.04
	Kernel: 5.4.0-167-generic
	Compiler: gcc 9.4.0-1ubuntu1~20.04.1

Fedora 38
	Kernel: Depends on container host
	Compiler: gcc 13.2.1

Ubuntu 22.04
	Kernel: 5.4.0-167-generic
	Compiler: gcc 11.4.0

openSUSE Leap 15
	Kernel: 5.4.0-167-generic
	Compiler: gcc 7.5.0

RHEL8
	Kernel: 5.4.0-167-generic
	Compiler: gcc 8.5.0 20210514 (Red Hat 8.5.0-20)

To view detailed results, visit:
https://lab.dpdk.org/results/dashboard/patchsets/29644/

UNH-IOL DPDK Community Lab

To manage your email subscriptions, visit: 
https://lab.dpdk.org/results/dashboard/preferences/subscriptions/