From mboxrd@z Thu Jan  1 00:00:00 1970
Return-Path: <test-report-bounces@dpdk.org>
Received: from mails.dpdk.org (mails.dpdk.org [217.70.189.124])
	by inbox.dpdk.org (Postfix) with ESMTP id F1FAA43D00
	for <public@inbox.dpdk.org>; Sun, 24 Mar 2024 04:58:00 +0100 (CET)
Received: from mails.dpdk.org (localhost [127.0.0.1])
	by mails.dpdk.org (Postfix) with ESMTP id E11DB402B0;
	Sun, 24 Mar 2024 04:58:00 +0100 (CET)
Received: from mail-qk1-f228.google.com (mail-qk1-f228.google.com
 [209.85.222.228])
 by mails.dpdk.org (Postfix) with ESMTP id 1BD794014F
 for <test-report@dpdk.org>; Sun, 24 Mar 2024 04:57:59 +0100 (CET)
Received: by mail-qk1-f228.google.com with SMTP id
 af79cd13be357-789db18e169so269456485a.1
 for <test-report@dpdk.org>; Sat, 23 Mar 2024 20:57:59 -0700 (PDT)
DKIM-Signature: v=1; a=rsa-sha256; c=relaxed/relaxed;
 d=iol.unh.edu; s=unh-iol; t=1711252678; x=1711857478; darn=dpdk.org;
 h=references:in-reply-to:cc:to:from:subject:message-id:date:from:to
 :cc:subject:date:message-id:reply-to;
 bh=5nxS9XHCQJolYt9PfWFT2rpoyqNMV1leb8ZeBoPd5Lg=;
 b=MpU0sBIiniGuwrib7RRS3mnLVdypFlf/ymtO12Eo8DrPYStwM6TyqD7h4gIopvISTK
 h0Cau688l1ovbyYEC3jcVJcCocu3+WEL/6WTNsQVNTWjp76QY3pSteIm7zlrUGJboS7v
 dkTbv1M2xWATI1gORtSE1//8bdsktYC0TnqtY=
X-Google-DKIM-Signature: v=1; a=rsa-sha256; c=relaxed/relaxed;
 d=1e100.net; s=20230601; t=1711252678; x=1711857478;
 h=references:in-reply-to:cc:to:from:subject:message-id:date
 :x-gm-message-state:from:to:cc:subject:date:message-id:reply-to;
 bh=5nxS9XHCQJolYt9PfWFT2rpoyqNMV1leb8ZeBoPd5Lg=;
 b=HL2jtwoBItsEr+l8VYTgMegLN7jlzwr3qqS55yVhtzxKgSY1TBDUffqTqytKHKi+Zk
 bYkh+DCSCzYaVNPm08C2eC8xRnMV8/XJVSKjGMUo98aEWi7qHdgmpw6FAM83Rew2izB9
 PkuUrd+kdYISTHmJmKg3IMouT+H4VTJTuEuO4Hb7QFWmHh7igHa5Bl5RM0hn99/L21Pk
 IEuhtEUbwzKDrW/8L66iT+x4zC9KvmBMio5Vl15v6il7qJ3hVuCpQBODMdcnResheYPF
 q5X1CGsBX9/WrG04VyFlefoa8b6DsQla3GXcAfRUtNgnb1PNVNjwnSJ0MwDubY4pX05a
 uK2Q==
X-Gm-Message-State: AOJu0Yz+v/o9Kq1NpYBHq0O+gdtjnf9jt8O9Zz8633ymy3+ViaNDUNBD
 lVArD+lBDKXWhqWY6RTUAHx1IxrfCuJPSDBd64NMfd3ucADai9Wh1ZtKnAzJ/wm6lHuo2P2RUL5
 4yQYKTdCujP0n1jNZNj+PUYbUCE6KE0yavLgu8YyNKxGZELFhUhEq/T2/
X-Google-Smtp-Source: AGHT+IGOLvfjY2GFfjLk2CqJnF3yDzdTQIx9bur+wyF7isw7ABu+0UmZLNHVYb6EWfLUMyHzSxU3QfU6pRM9
X-Received: by 2002:a05:620a:13ca:b0:789:cbb8:26ee with SMTP id
 g10-20020a05620a13ca00b00789cbb826eemr3762318qkl.24.1711252678576; 
 Sat, 23 Mar 2024 20:57:58 -0700 (PDT)
Received: from postal.iol.unh.edu (postal.iol.unh.edu.
 [2606:4100:3880:1234::84]) by smtp-relay.gmail.com with ESMTPS id
 x19-20020a0561020c1300b00476f22ca91esm57986vss.2.2024.03.23.20.57.58
 (version=TLS1_2 cipher=ECDHE-ECDSA-AES128-GCM-SHA256 bits=128/128);
 Sat, 23 Mar 2024 20:57:58 -0700 (PDT)
X-Relaying-Domain: iol.unh.edu
Date: Sat, 23 Mar 2024 20:57:58 -0700 (PDT)
Message-ID: <65ffa4c6.050a0220.d1aa3.23e0SMTPIN_ADDED_MISSING@mx.google.com>
Received: from [172.17.0.6] (unknown [172.18.0.217])
 by postal.iol.unh.edu (Postfix) with ESMTP id 39E7C6052471;
 Sat, 23 Mar 2024 23:57:57 -0400 (EDT)
Subject: |FAILURE| pw138754-138762 [PATCH] [v11,9/9] log: colorize log output
From: dpdklab@iol.unh.edu
To: Test Report <test-report@dpdk.org>
Cc: dpdk-test-reports@iol.unh.edu,
 Stephen Hemminger <stephen@networkplumber.org>
In-Reply-To: <20240324024109.306614-10-stephen@networkplumber.org>
References: <20240324024109.306614-10-stephen@networkplumber.org>
Content-Type: text/plain
X-BeenThere: test-report@dpdk.org
X-Mailman-Version: 2.1.29
Precedence: list
List-Id: automatic DPDK test reports <test-report.dpdk.org>
List-Unsubscribe: <https://mails.dpdk.org/options/test-report>,
 <mailto:test-report-request@dpdk.org?subject=unsubscribe>
List-Archive: <http://mails.dpdk.org/archives/test-report/>
List-Post: <mailto:test-report@dpdk.org>
List-Help: <mailto:test-report-request@dpdk.org?subject=help>
List-Subscribe: <https://mails.dpdk.org/listinfo/test-report>,
 <mailto:test-report-request@dpdk.org?subject=subscribe>
Errors-To: test-report-bounces@dpdk.org

Test-Label: iol-unit-arm64-testing
Test-Status: FAILURE
http://dpdk.org/patch/138762

_Testing issues_

Submitter: Stephen Hemminger <stephen@networkplumber.org>
Date: Sunday, March 24 2024 02:33:31 
DPDK git baseline: Repo:dpdk
  Branch: master
  CommitID:0219d467bcb1d19b386b5bae8eecd3514ba13fdb

138754-138762 --> testing fail

Test environment and result as below:

+--------------------------+--------------+---------------------------+------------------------------+----------------+
|       Environment        | lpm_autotest | cryptodev_sw_zuc_autotest | cryptodev_sw_snow3g_autotest | dpdk_unit_test |
+==========================+==============+===========================+==============================+================+
| Ubuntu 20.04 ARM SVE     | FAIL         | SKIPPED                   | SKIPPED                      | SKIPPED        |
+--------------------------+--------------+---------------------------+------------------------------+----------------+
| Debian 12 (arm)          | SKIPPED      | PASS                      | PASS                         | SKIPPED        |
+--------------------------+--------------+---------------------------+------------------------------+----------------+
| Ubuntu 20.04 (ARM)       | SKIPPED      | SKIPPED                   | SKIPPED                      | FAIL           |
+--------------------------+--------------+---------------------------+------------------------------+----------------+
| Debian 11 (Buster) (ARM) | SKIPPED      | SKIPPED                   | SKIPPED                      | PASS           |
+--------------------------+--------------+---------------------------+------------------------------+----------------+

==== 20 line log output for Ubuntu 20.04 (ARM) (dpdk_unit_test): ====
[3/3168] Compiling C object 'lib/76b5a35@@rte_argparse@sta/argparse_rte_argparse.c.o'.
[4/3168] Linking static target lib/librte_kvargs.a.
[5/3168] Compiling C object 'lib/76b5a35@@rte_telemetry@sta/telemetry_telemetry_data.c.o'.
[6/3168] Linking static target lib/librte_argparse.a.
[7/3168] Compiling C object 'lib/76b5a35@@rte_telemetry@sta/telemetry_telemetry_legacy.c.o'.
[8/3168] Linking static target lib/librte_telemetry.a.
[9/3168] Generating argparse.sym_chk with a meson_exe.py custom command.
[10/3168] Generating kvargs.sym_chk with a meson_exe.py custom command.
[11/3168] Compiling C object 'lib/76b5a35@@rte_log@sta/log_log.c.o'.
FAILED: lib/76b5a35@@rte_log@sta/log_log.c.o
ccache cc -Ilib/76b5a35@@rte_log@sta -Ilib -I../lib -I. -I../ -Iconfig -I../config -Ilib/eal/include -I../lib/eal/include -Ilib/eal/linux/include -I../lib/eal/linux/include -Ilib/eal/arm/include -I../lib/eal/arm/include -Ilib/log -I../lib/log -fdiagnostics-color=always -pipe -D_FILE_OFFSET_BITS=64 -Wall -Winvalid-pch -Wextra -Werror -std=c11 -O3 -include rte_config.h -Wcast-qual -Wdeprecated -Wformat -Wformat-nonliteral -Wformat-security -Wmissing-declarations -Wmissing-prototypes -Wnested-externs -Wold-style-definition -Wpointer-arith -Wsign-compare -Wstrict-prototypes -Wundef -Wwrite-strings -Wno-address-of-packed-member -Wno-packed-not-aligned -Wno-missing-field-initializers -D_GNU_SOURCE -fPIC -mcpu=thunderx2t99+crc+crypto -DALLOW_EXPERIMENTAL_API -DALLOW_INTERNAL_API -Wno-format-truncation -DRTE_LOG_DEFAULT_LOGTYPE=lib.log -MD -MQ 'lib/76b5a35@@rte_log@sta/log_log.c.o' -MF 'lib/76b5a35@@rte_log@sta/log_log.c.o.d' -o 'lib/76b5a35@@rte_log@sta/log_log.c.o' -c ../lib/log/log.c
../lib/log/log.c: In function 'journal_send_id':
../lib/log/log.c:881:3: error: ignoring return value of 'write', declared with attribute warn_unused_result [-Werror=unused-result]
881 |   write(fd, syslog_id, len);
|   ^~~~~~~~~~~~~~~~~~~~~~~~~
cc1: all warnings being treated as errors
[12/3168] Compiling C object 'lib/76b5a35@@rte_eal@sta/eal_common_eal_common_class.c.o'.
[13/3168] Generating telemetry.sym_chk with a meson_exe.py custom command.
[14/3168] Compiling C object 'lib/76b5a35@@rte_eal@sta/eal_common_eal_common_bus.c.o'.
ninja: build stopped: subcommand failed.
==== End log output ====

Ubuntu 20.04 ARM SVE
	Kernel: 5.4.0-167-generic
	Compiler: gcc (Ubuntu 10.5.0-1ubuntu1~20.04) 10.5.0

Debian 12 (arm)
	Kernel: Container Host Kernel
	Compiler: gcc 12.2.0

Ubuntu 20.04 (ARM)
	Kernel: Container Host Kernel
	Compiler: gcc 9.4.0

Debian 11 (Buster) (ARM)
	Kernel: Container Host Kernel
	Compiler: gcc 10.2.1

To view detailed results, visit:
https://lab.dpdk.org/results/dashboard/patchsets/29644/

UNH-IOL DPDK Community Lab

To manage your email subscriptions, visit: 
https://lab.dpdk.org/results/dashboard/preferences/subscriptions/