From mboxrd@z Thu Jan  1 00:00:00 1970
Return-Path: <test-report-bounces@dpdk.org>
Received: from mails.dpdk.org (mails.dpdk.org [217.70.189.124])
	by inbox.dpdk.org (Postfix) with ESMTP id 6FD4643D47
	for <public@inbox.dpdk.org>; Mon, 25 Mar 2024 12:22:58 +0100 (CET)
Received: from mails.dpdk.org (localhost [127.0.0.1])
	by mails.dpdk.org (Postfix) with ESMTP id 6BB3840271;
	Mon, 25 Mar 2024 12:22:58 +0100 (CET)
Received: from mail-vs1-f100.google.com (mail-vs1-f100.google.com
 [209.85.217.100])
 by mails.dpdk.org (Postfix) with ESMTP id 65EE240270
 for <test-report@dpdk.org>; Mon, 25 Mar 2024 12:22:57 +0100 (CET)
Received: by mail-vs1-f100.google.com with SMTP id
 ada2fe7eead31-476b3ecceedso2969583137.1
 for <test-report@dpdk.org>; Mon, 25 Mar 2024 04:22:57 -0700 (PDT)
DKIM-Signature: v=1; a=rsa-sha256; c=relaxed/relaxed;
 d=iol.unh.edu; s=unh-iol; t=1711365777; x=1711970577; darn=dpdk.org;
 h=references:in-reply-to:cc:to:from:subject:message-id:date:from:to
 :cc:subject:date:message-id:reply-to;
 bh=wA7ek8x0yJtSJ1SRvf02KvbdoJLMSlYYlcHzGY+byD0=;
 b=i3ZaBtdV0DREffuVHwls0Q8HetLxULvEF87fAk4yVZ2KMqjJhq1NFY6CwJTBmfxSM2
 DayaFlYxJhEaM3DA9lxCa3YTu+Ad12zqxib8pWSGCJ+ZkAdP3bPm+DifzvmoznG5Lr03
 e4kAFOfSFKLMfBejJVZ/ekFPqdc1HTQpNyDGQ=
X-Google-DKIM-Signature: v=1; a=rsa-sha256; c=relaxed/relaxed;
 d=1e100.net; s=20230601; t=1711365777; x=1711970577;
 h=references:in-reply-to:cc:to:from:subject:message-id:date
 :x-gm-message-state:from:to:cc:subject:date:message-id:reply-to;
 bh=wA7ek8x0yJtSJ1SRvf02KvbdoJLMSlYYlcHzGY+byD0=;
 b=Qn6VusvCyfU33m7rGLzdUQXjXJ0vhcZie63UkmcUiGHKIDvkq9btc39cX48ZeqetBm
 evXf9ECb31lCOiezcuqnAfnVALk/favjAtSQZw52WiIaMTbOLnD4Y/VToQ9FrwSe5d0v
 CCMmLACPZkGhbwGl2QroN4wdo2ZUzB0HtSyeoxve5O/iX5XlEY2QG3t0UsxyDwkeI5mM
 RWZrR048VXvA/629GEOm3nQCbNrbxjQ75oLgKk0AED9G9ZpMyYa/U9GmZUw2zvDCJQYx
 ecJoxHozEH2J/qVl09JTxB+ULg26gn55VlRosunvjCzDGsyDa4/uCKGZmae1velHMDna
 W2dA==
X-Gm-Message-State: AOJu0YxKsf3+pO7P2NWpM1LNfNXVJ3CAGZcMLopP9BH3t7qgUgsIEg9a
 7H27bb1qsek+a8O97h3EbfqLY2kfyhtChpp2hSeHdnj0rTSerlwV+ys4uCuoqRxxbcSc9EgTbeW
 +fenF7siddhy3GVfifLil2Ab0pkS1RZIsMDWlXILHQW0uweL/MUDpSF2U
X-Google-Smtp-Source: AGHT+IHRhciUA0QfnhsSOwHP/9s9btnj+9lWm9LpMsgSqaB/mTuoBH2DhymMsGUXsdHq6WdLPOxCjooxhxVq
X-Received: by 2002:a67:f447:0:b0:476:d323:6287 with SMTP id
 r7-20020a67f447000000b00476d3236287mr3077021vsn.7.1711365776791; 
 Mon, 25 Mar 2024 04:22:56 -0700 (PDT)
Received: from postal.iol.unh.edu (postal.iol.unh.edu.
 [2606:4100:3880:1234::84]) by smtp-relay.gmail.com with ESMTPS id
 u6-20020ab05b06000000b007e09427d5c9sm503121uae.17.2024.03.25.04.22.56
 (version=TLS1_2 cipher=ECDHE-ECDSA-AES128-GCM-SHA256 bits=128/128);
 Mon, 25 Mar 2024 04:22:56 -0700 (PDT)
X-Relaying-Domain: iol.unh.edu
Date: Mon, 25 Mar 2024 04:22:56 -0700 (PDT)
Message-ID: <66015e90.b00a0220.0d3b.bc0dSMTPIN_ADDED_MISSING@mx.google.com>
Received: from [172.21.0.6] (unknown [172.18.0.240])
 by postal.iol.unh.edu (Postfix) with ESMTP id 5117E6052471;
 Mon, 25 Mar 2024 07:22:56 -0400 (EDT)
Subject: |WARNING| pw138765 [PATCH] [v3] graph: expose node context as pointe
From: dpdklab@iol.unh.edu
To: Test Report <test-report@dpdk.org>
Cc: dpdk-test-reports@iol.unh.edu, Robin Jarry <rjarry@redhat.com>
In-Reply-To: <20240325100500.694748-2-rjarry@redhat.com>
References: <20240325100500.694748-2-rjarry@redhat.com>
Content-Type: text/plain
X-BeenThere: test-report@dpdk.org
X-Mailman-Version: 2.1.29
Precedence: list
List-Id: automatic DPDK test reports <test-report.dpdk.org>
List-Unsubscribe: <https://mails.dpdk.org/options/test-report>,
 <mailto:test-report-request@dpdk.org?subject=unsubscribe>
List-Archive: <http://mails.dpdk.org/archives/test-report/>
List-Post: <mailto:test-report@dpdk.org>
List-Help: <mailto:test-report-request@dpdk.org?subject=help>
List-Subscribe: <https://mails.dpdk.org/listinfo/test-report>,
 <mailto:test-report-request@dpdk.org?subject=subscribe>
Errors-To: test-report-bounces@dpdk.org

Test-Label: iol-unit-arm64-testing
Test-Status: WARNING
http://dpdk.org/patch/138765

_Testing issues_

Submitter: Robin Jarry <rjarry@redhat.com>
Date: Monday, March 25 2024 10:05:01 
DPDK git baseline: Repo:dpdk
  Branch: master
  CommitID:0b82b5139fefe6eb5ec1a0b489fd193e8a99ab73

138765 --> testing fail

Test environment and result as below:

+--------------------------+----------------+---------------------------+------------------------------+
|       Environment        | dpdk_unit_test | cryptodev_sw_zuc_autotest | cryptodev_sw_snow3g_autotest |
+==========================+================+===========================+==============================+
| Debian 11 (Buster) (ARM) | PASS           | SKIPPED                   | SKIPPED                      |
+--------------------------+----------------+---------------------------+------------------------------+
| Debian 12 (arm)          | PASS           | FAIL                      | FAIL                         |
+--------------------------+----------------+---------------------------+------------------------------+
| CentOS Stream 9 (ARM)    | PASS           | SKIPPED                   | SKIPPED                      |
+--------------------------+----------------+---------------------------+------------------------------+
| Fedora 37 (ARM)          | PASS           | SKIPPED                   | SKIPPED                      |
+--------------------------+----------------+---------------------------+------------------------------+
| Fedora 38 (ARM)          | PASS           | SKIPPED                   | SKIPPED                      |
+--------------------------+----------------+---------------------------+------------------------------+

==== 20 line log output for Debian 12 (arm) (cryptodev_sw_snow3g_autotest): ====
from ../lib/graph/rte_graph_worker.h:13,
from ../lib/graph/graph_private.h:18,
from ../lib/graph/node.c:15:
../lib/graph/rte_graph_worker_common.h:147:1: error: static assertion failed: "rte_node ctx must be aligned on a cache line"
147 | static_assert(offsetof(struct rte_node, ctx) % RTE_CACHE_LINE_SIZE == 0,
| ^~~~~~~~~~~~~
[488/3178] Generating lib/table.sym_chk with a custom command (wrapped by meson to capture output)
[489/3178] Compiling C object lib/librte_graph.a.p/graph_graph.c.o
FAILED: lib/librte_graph.a.p/graph_graph.c.o
ccache cc -Ilib/librte_graph.a.p -Ilib -I../lib -Ilib/graph -I../lib/graph -I. -I.. -Iconfig -I../config -Ilib/eal/include -I../lib/eal/include -Ilib/eal/linux/include -I../lib/eal/linux/include -Ilib/eal/arm/include -I../lib/eal/arm/include -Ilib/eal/common -I../lib/eal/common -Ilib/eal -I../lib/eal -Ilib/kvargs -I../lib/kvargs -Ilib/log -I../lib/log -Ilib/metrics -I../lib/metrics -Ilib/telemetry -I../lib/telemetry -Ilib/pcapng -I../lib/pcapng -Ilib/ethdev -I../lib/ethdev -Ilib/net -I../lib/net -Ilib/mbuf -I../lib/mbuf -Ilib/mempool -I../lib/mempool -Ilib/ring -I../lib/ring -Ilib/meter -I../lib/meter -fdiagnostics-color=always -D_FILE_OFFSET_BITS=64 -Wall -Winvalid-pch -Wextra -Werror -std=c11 -O3 -include rte_config.h -Wcast-qual -Wdeprecated -Wformat -Wformat-nonliteral -Wformat-security -Wmissing-declarations -Wmissing-prototypes -Wnested-externs -Wold-style-definition -Wpointer-arith -Wsign-compare -Wstrict-prototypes -Wundef -Wwrite-strings -Wno-address-of-packed-member -Wno-pa
 cked-not-aligned -Wno-missing-field-initializers -Wno-zero-length-bounds -D_GNU_SOURCE -march=armv8-a+crc+crypto -fPIC -march=armv8-a+crc -moutline-atomics -DALLOW_EXPERIMENTAL_API -DALLOW_INTERNAL_API -Wno-format-truncation -DRTE_LOG_DEFAULT_LOGTYPE=lib.graph -MD -MQ lib/librte_graph.a.p/graph_graph.c.o -MF lib/librte_graph.a.p/graph_graph.c.o.d -o lib/librte_graph.a.p/graph_graph.c.o -c ../lib/graph/graph.c
In file included from ../lib/graph/rte_graph_worker_common.h:15,
from ../lib/graph/rte_graph_model_rtc.h:6,
from ../lib/graph/rte_graph_worker.h:13,
from ../lib/graph/graph_private.h:18,
from ../lib/graph/graph.c:17:
../lib/graph/rte_graph_worker_common.h:147:1: error: static assertion failed: "rte_node ctx must be aligned on a cache line"
147 | static_assert(offsetof(struct rte_node, ctx) % RTE_CACHE_LINE_SIZE == 0,
| ^~~~~~~~~~~~~
[490/3178] Generating lib/pipeline.sym_chk with a custom command (wrapped by meson to capture output)
ninja: build stopped: subcommand failed.
==== End log output ====

Debian 11 (Buster) (ARM)
	Kernel: Container Host Kernel
	Compiler: gcc 10.2.1

Debian 12 (arm)
	Kernel: Container Host Kernel
	Compiler: gcc 12.2.0

CentOS Stream 9 (ARM)
	Kernel: Container Host Kernel
	Compiler: gcc 11.4.1

Fedora 37 (ARM)
	Kernel: Depends on container host
	Compiler: gcc 12.3.1

Fedora 38 (ARM)
	Kernel: Depends on container host
	Compiler: gcc 13.2.1

To view detailed results, visit:
https://lab.dpdk.org/results/dashboard/patchsets/29647/

UNH-IOL DPDK Community Lab

To manage your email subscriptions, visit: 
https://lab.dpdk.org/results/dashboard/preferences/subscriptions/