From mboxrd@z Thu Jan  1 00:00:00 1970
Return-Path: <test-report-bounces@dpdk.org>
Received: from mails.dpdk.org (mails.dpdk.org [217.70.189.124])
	by inbox.dpdk.org (Postfix) with ESMTP id 40BA143D4C
	for <public@inbox.dpdk.org>; Mon, 25 Mar 2024 22:44:43 +0100 (CET)
Received: from mails.dpdk.org (localhost [127.0.0.1])
	by mails.dpdk.org (Postfix) with ESMTP id 3B48940270;
	Mon, 25 Mar 2024 22:44:43 +0100 (CET)
Received: from mail-yw1-f226.google.com (mail-yw1-f226.google.com
 [209.85.128.226])
 by mails.dpdk.org (Postfix) with ESMTP id 85DB44026C
 for <test-report@dpdk.org>; Mon, 25 Mar 2024 22:43:32 +0100 (CET)
Received: by mail-yw1-f226.google.com with SMTP id
 00721157ae682-60a15449303so47709257b3.0
 for <test-report@dpdk.org>; Mon, 25 Mar 2024 14:43:32 -0700 (PDT)
DKIM-Signature: v=1; a=rsa-sha256; c=relaxed/relaxed;
 d=iol.unh.edu; s=unh-iol; t=1711403012; x=1712007812; darn=dpdk.org;
 h=references:in-reply-to:cc:to:from:subject:message-id:date:from:to
 :cc:subject:date:message-id:reply-to;
 bh=Mvc8IaVzN3JkqPTSe5ozHfRBAllDD9P5jsmwMpTW1Ws=;
 b=JpmGbGDb+TJI269Auf8q4lmoCQ71i9AOdMiVgRCzZRz04esOhQUeMBhxAKGUGI0pUl
 67xIx4GokSlSYSXAsFLX3RO8ASByqlC0XFqyuqIiTfT7375nfoY0zaL/HDeoCb7O9QAf
 /bvt9u4v8iL2yDZahrsdQKm3OUs8rNjh0Xyqw=
X-Google-DKIM-Signature: v=1; a=rsa-sha256; c=relaxed/relaxed;
 d=1e100.net; s=20230601; t=1711403012; x=1712007812;
 h=references:in-reply-to:cc:to:from:subject:message-id:date
 :x-gm-message-state:from:to:cc:subject:date:message-id:reply-to;
 bh=Mvc8IaVzN3JkqPTSe5ozHfRBAllDD9P5jsmwMpTW1Ws=;
 b=CnKNNSHwpGQD3qgRtrbAFflXwQ1tIkp7uRagBu0C1+mgHiLwEDoNPS3egI1mPWPzfP
 RxjI3plaP6cL6tmolGzKaGGOloJVNJ77BiVTBUBRlGva0+JsTbcwN4XVNgqIi51u8oyO
 ywKOxox3XRySTX0kYGhz+2H3cSCVum7kEN3iokeO2XQhrlpM3oY/4mx5fo03FfbOIrkw
 EmzrSXjlutNnRC0zK5thzoA39z2eq2/GoIealAJY0v8iVkF/HdYJuinq5PvbInTE6VuD
 tBA9nGeWeCvwlV6qi6I+bBGMdTq4uZefjzhxxpOiHr8NYN7olOYKZbQwXJeYQuNheyti
 ladw==
X-Gm-Message-State: AOJu0Yyf1Q88kZ4erZQj4VGhtagE4iq5KBlvRHRQmxz/u5bxsssXBZD3
 cBi3B0HTwo4E/zVxLlymE9UJYHrIDA0Y3PbYBo2ztzG/8i9A0lNnromlEqikvhpu6IXGK9x0s64
 CIRQQxQycpXAS2swi0Uwn+Y9wkymjLsm2B0UbTIeX
X-Google-Smtp-Source: AGHT+IGa2pKJFA9P9sAM6G3qVUJvSkq+7WjI2qUkg9iwLAhWRs8GZYFjv6aSb7bqEYOzG93ASlZFco8+yPUL
X-Received: by 2002:a81:6ec3:0:b0:60c:1a1a:656f with SMTP id
 j186-20020a816ec3000000b0060c1a1a656fmr5890078ywc.2.1711403011972; 
 Mon, 25 Mar 2024 14:43:31 -0700 (PDT)
Received: from postal.iol.unh.edu (postal.iol.unh.edu. [132.177.123.84])
 by smtp-relay.gmail.com with ESMTPS id
 q66-20020a815c45000000b0060a13ededb2sm403415ywb.35.2024.03.25.14.43.31
 (version=TLS1_2 cipher=ECDHE-ECDSA-AES128-GCM-SHA256 bits=128/128);
 Mon, 25 Mar 2024 14:43:31 -0700 (PDT)
X-Relaying-Domain: iol.unh.edu
Date: Mon, 25 Mar 2024 14:43:31 -0700 (PDT)
Message-ID: <6601f003.810a0220.118be.bd2fSMTPIN_ADDED_MISSING@mx.google.com>
Received: from [172.17.0.8] (unknown [172.18.0.217])
 by postal.iol.unh.edu (Postfix) with ESMTP id 961FD6052471;
 Mon, 25 Mar 2024 17:43:31 -0400 (EDT)
Subject: |FAILURE| pw138771-138784 [PATCH] [v12,14/14] maintainers: add for l
From: dpdklab@iol.unh.edu
To: Test Report <test-report@dpdk.org>
Cc: dpdk-test-reports@iol.unh.edu,
 Stephen Hemminger <stephen@networkplumber.org>
In-Reply-To: <20240325205405.669897-15-stephen@networkplumber.org>
References: <20240325205405.669897-15-stephen@networkplumber.org>
Content-Type: text/plain
X-BeenThere: test-report@dpdk.org
X-Mailman-Version: 2.1.29
Precedence: list
List-Id: automatic DPDK test reports <test-report.dpdk.org>
List-Unsubscribe: <https://mails.dpdk.org/options/test-report>,
 <mailto:test-report-request@dpdk.org?subject=unsubscribe>
List-Archive: <http://mails.dpdk.org/archives/test-report/>
List-Post: <mailto:test-report@dpdk.org>
List-Help: <mailto:test-report-request@dpdk.org?subject=help>
List-Subscribe: <https://mails.dpdk.org/listinfo/test-report>,
 <mailto:test-report-request@dpdk.org?subject=subscribe>
Errors-To: test-report-bounces@dpdk.org

Test-Label: iol-compile-arm64-testing
Test-Status: FAILURE
http://dpdk.org/patch/138784

_Testing issues_

Submitter: Stephen Hemminger <stephen@networkplumber.org>
Date: Monday, March 25 2024 20:47:11 
DPDK git baseline: Repo:dpdk
  Branch: master
  CommitID:0b82b5139fefe6eb5ec1a0b489fd193e8a99ab73

138771-138784 --> testing fail

Test environment and result as below:

+----------------------------------------+--------------------+
|              Environment               | dpdk_meson_compile |
+========================================+====================+
| Ubuntu 20.04 ARM SVE                   | FAIL               |
+----------------------------------------+--------------------+
| Ubuntu 20.04 (ARM)                     | FAIL               |
+----------------------------------------+--------------------+
| Debian 12 with MUSDK                   | PASS               |
+----------------------------------------+--------------------+
| Debian 11 (Buster) (ARM)               | PASS               |
+----------------------------------------+--------------------+
| Fedora 38 (ARM)                        | PASS               |
+----------------------------------------+--------------------+
| Fedora 37 (ARM)                        | PASS               |
+----------------------------------------+--------------------+
| Ubuntu 20.04 ARM GCC Cross Compile     | FAIL               |
+----------------------------------------+--------------------+
| Ubuntu 20.04 aarch32 GCC Cross Compile | FAIL               |
+----------------------------------------+--------------------+
| Debian 12 (arm)                        | PASS               |
+----------------------------------------+--------------------+
| Ubuntu 20.04 ARM Clang Cross Compile   | PASS               |
+----------------------------------------+--------------------+
| CentOS Stream 9 (ARM)                  | PASS               |
+----------------------------------------+--------------------+

==== 20 line log output for Ubuntu 20.04 aarch32 GCC Cross Compile (dpdk_meson_compile): ====
[16/2271] Compiling C object 'lib/76b5a35@@rte_telemetry@sta/telemetry_telemetry.c.o'.
[17/2271] Compiling C object 'lib/76b5a35@@rte_telemetry@sta/telemetry_telemetry_data.c.o'.
[18/2271] Compiling C object 'lib/76b5a35@@rte_telemetry@sta/telemetry_telemetry_legacy.c.o'.
[19/2271] Linking static target lib/librte_telemetry.a.
[20/2271] Generating telemetry.sym_chk with a meson_exe.py custom command.
[21/2271] Linking target lib/librte_telemetry.so.24.1.
[22/2271] Generating symbol file 'lib/76b5a35@@rte_telemetry@sha/librte_telemetry.so.24.1.symbols'.
[23/2271] Compiling C object 'lib/76b5a35@@rte_eal@sta/eal_common_eal_common_bus.c.o'.
[24/2271] Compiling C object 'lib/76b5a35@@rte_eal@sta/eal_common_eal_common_lcore.c.o'.
[25/2271] Compiling C object 'lib/76b5a35@@rte_eal@sta/eal_common_eal_common_class.c.o'.
[26/2271] Compiling C object 'lib/76b5a35@@rte_eal@sta/eal_common_eal_common_config.c.o'.
[27/2271] Compiling C object 'lib/76b5a35@@rte_eal@sta/eal_common_eal_common_debug.c.o'.
FAILED: lib/76b5a35@@rte_eal@sta/eal_common_eal_common_debug.c.o
ccache arm-linux-gnueabihf-gcc -Ilib/76b5a35@@rte_eal@sta -Ilib -I../lib -I. -I../ -Iconfig -I../config -Ilib/eal/include -I../lib/eal/include -Ilib/eal/linux/include -I../lib/eal/linux/include -Ilib/eal/arm/include -I../lib/eal/arm/include -Ilib/eal/common -I../lib/eal/common -Ilib/eal -I../lib/eal -Ilib/kvargs -I../lib/kvargs -Ilib/log -I../lib/log -Ilib/telemetry/../metrics -I../lib/telemetry/../metrics -Ilib/telemetry -I../lib/telemetry -fdiagnostics-color=always -pipe -D_FILE_OFFSET_BITS=64 -Wall -Winvalid-pch -Wextra -Werror -std=c11 -O3 -include rte_config.h -Wcast-qual -Wdeprecated -Wformat -Wformat-nonliteral -Wformat-security -Wmissing-declarations -Wmissing-prototypes -Wnested-externs -Wold-style-definition -Wpointer-arith -Wsign-compare -Wstrict-prototypes -Wundef -Wwrite-strings -Wno-address-of-packed-member -Wno-packed-not-aligned -Wno-missing-field-initializers -Wno-pointer-to-int-cast -D_GNU_SOURCE -fPIC -march=armv8-a+simd -mfpu=auto -DALLOW_EXPERIMENTAL_API -DALLOW_
 INTERNAL_API -Wno-format-truncation '-DABI_VERSION="24.1"' -DRTE_LOG_DEFAULT_LOGTYPE=lib.eal -MD -MQ 'lib/76b5a35@@rte_eal@sta/eal_common_eal_common_debug.c.o' -MF 'lib/76b5a35@@rte_eal@sta/eal_common_eal_common_debug.c.o.d' -o 'lib/76b5a35@@rte_eal@sta/eal_common_eal_common_debug.c.o' -c ../lib/eal/common/eal_common_debug.c
../lib/eal/common/eal_common_debug.c: In function 'rte_exit':
../lib/eal/common/eal_common_debug.c:43:2: error: ignoring return value of 'vasprintf', declared with attribute warn_unused_result [-Werror=unused-result]
43 |  vasprintf(&msg, format, ap);
|  ^~~~~~~~~~~~~~~~~~~~~~~~~~~
cc1: all warnings being treated as errors
ninja: build stopped: subcommand failed.
==== End log output ====

Ubuntu 20.04 ARM SVE
	Kernel: 5.4.0-167-generic
	Compiler: gcc (Ubuntu 10.5.0-1ubuntu1~20.04) 10.5.0

Ubuntu 20.04 (ARM)
	Kernel: Container Host Kernel
	Compiler: gcc 9.4.0

Debian 12 with MUSDK
	Kernel: Container Host Kernel
	Compiler: gcc 12.2.0

Debian 11 (Buster) (ARM)
	Kernel: Container Host Kernel
	Compiler: gcc 10.2.1

Fedora 38 (ARM)
	Kernel: Depends on container host
	Compiler: gcc 13.2.1

Fedora 37 (ARM)
	Kernel: Depends on container host
	Compiler: gcc 12.3.1

Ubuntu 20.04 ARM GCC Cross Compile
	Kernel: 5.4.0-167-generic
	Compiler: aarch64-linux-gnu-gcc (Ubuntu 9.4.0-1ubuntu1~20.04.2) 9.4.0

Ubuntu 20.04 aarch32 GCC Cross Compile
	Kernel: 5.4.0-167-generic
	Compiler: gcc 9.4.0

Debian 12 (arm)
	Kernel: Container Host Kernel
	Compiler: gcc 12.2.0

Ubuntu 20.04 ARM Clang Cross Compile
	Kernel: 5.4.0-72-generic
	Compiler: clang 10.0.0-4ubuntu1

CentOS Stream 9 (ARM)
	Kernel: Container Host Kernel
	Compiler: gcc 11.4.1

To view detailed results, visit:
https://lab.dpdk.org/results/dashboard/patchsets/29653/

UNH-IOL DPDK Community Lab

To manage your email subscriptions, visit: 
https://lab.dpdk.org/results/dashboard/preferences/subscriptions/