From mboxrd@z Thu Jan  1 00:00:00 1970
Return-Path: <test-report-bounces@dpdk.org>
Received: from mails.dpdk.org (mails.dpdk.org [217.70.189.124])
	by inbox.dpdk.org (Postfix) with ESMTP id 3D31F43D4C
	for <public@inbox.dpdk.org>; Mon, 25 Mar 2024 23:07:48 +0100 (CET)
Received: from mails.dpdk.org (localhost [127.0.0.1])
	by mails.dpdk.org (Postfix) with ESMTP id 1B2C040270;
	Mon, 25 Mar 2024 23:07:48 +0100 (CET)
Received: from mail-pg1-f226.google.com (mail-pg1-f226.google.com
 [209.85.215.226])
 by mails.dpdk.org (Postfix) with ESMTP id C91E54026C
 for <test-report@dpdk.org>; Mon, 25 Mar 2024 23:07:46 +0100 (CET)
Received: by mail-pg1-f226.google.com with SMTP id
 41be03b00d2f7-517ab9a4a13so3467090a12.1
 for <test-report@dpdk.org>; Mon, 25 Mar 2024 15:07:46 -0700 (PDT)
DKIM-Signature: v=1; a=rsa-sha256; c=relaxed/relaxed;
 d=iol.unh.edu; s=unh-iol; t=1711404466; x=1712009266; darn=dpdk.org;
 h=references:in-reply-to:cc:to:from:subject:message-id:date:from:to
 :cc:subject:date:message-id:reply-to;
 bh=4wVr+A2ukdeveJddvc/7sEFwejkQDRhXjmw2iExfWB8=;
 b=PyAIKJJTPzl5O3c4KMFTLH5dgdOP7sqvt72GxRlHOtIDhfsCkow0i7jOYnaUb4tU5d
 ERMLF7vXzYYsOWQdbbW3TRAv/hQSvz4ZwFB56zbFtCRQMUdiargaFZZdbC3cZeC9OzdO
 urQs2vJVLU32lTM7a/9160Hzlu3zS+YRivmm4=
X-Google-DKIM-Signature: v=1; a=rsa-sha256; c=relaxed/relaxed;
 d=1e100.net; s=20230601; t=1711404466; x=1712009266;
 h=references:in-reply-to:cc:to:from:subject:message-id:date
 :x-gm-message-state:from:to:cc:subject:date:message-id:reply-to;
 bh=4wVr+A2ukdeveJddvc/7sEFwejkQDRhXjmw2iExfWB8=;
 b=qTIhRPVBmi0b5Reme679opqzKarZItBpJXU5Bqmg79fdLvF+GMs3KAS8gMK+7b9t7O
 X4CUjM/DMogDkd/6CydWok1ggembQsYOzw1KndBkBP/IWwix/GlHxvi+DxKpne5cgG6b
 pUZt19MzlWNfyasOx6QOzoORkzOckrhlY6dQSwNFiRBs3jt42tNeKA2vMamKJ3DwBKLa
 garZQnPHk5Lv3qfaKXwM8NNlkP48jXxno+xEXSusrMnjnYf0T0NlD43wRrLlK5arMUcZ
 e2oPOD5SGJ7pOb3IIBPm/gGwTCOg/IXqow7aspm4lRMZSTXUgihwKKuQyG66/KDqmSkC
 6rHQ==
X-Gm-Message-State: AOJu0YwOE0S2icAdAfCyGKioV/jl1jr2aGqyATwN6l9MC54FxJ93K1+s
 o8duz3pcm7P+exCEO/G0dvKRPKJnhbYx0cuN4UGm3IbXoxnVNq/EQrJoTMSiBeMgFMvyh8t43gZ
 5ycul63kTKiRAKnMvoDPFETIIiYCIFjMQ9YMlXmK2G4hA7omoxiss+MGK
X-Google-Smtp-Source: AGHT+IHSBWkdKlPe0RBDN4/84QDchfW7sRuc3rcrqOmCVl3GfOMvRggzT1vne8a+mdyH4UMC0Ox+TmHKkF4g
X-Received: by 2002:a17:90a:6441:b0:2a0:66b8:607d with SMTP id
 y1-20020a17090a644100b002a066b8607dmr4665215pjm.38.1711404465926; 
 Mon, 25 Mar 2024 15:07:45 -0700 (PDT)
Received: from postal.iol.unh.edu (postal.iol.unh.edu.
 [2606:4100:3880:1234::84]) by smtp-relay.gmail.com with ESMTPS id
 bv4-20020a17090af18400b0029ddbff32c2sm618945pjb.7.2024.03.25.15.07.45
 (version=TLS1_2 cipher=ECDHE-ECDSA-AES128-GCM-SHA256 bits=128/128);
 Mon, 25 Mar 2024 15:07:45 -0700 (PDT)
X-Relaying-Domain: iol.unh.edu
Date: Mon, 25 Mar 2024 15:07:45 -0700 (PDT)
Message-ID: <6601f5b1.170a0220.fc1d0.6a9aSMTPIN_ADDED_MISSING@mx.google.com>
Received: from [172.17.0.6] (unknown [172.18.0.217])
 by postal.iol.unh.edu (Postfix) with ESMTP id 13B3B6052471;
 Mon, 25 Mar 2024 18:07:45 -0400 (EDT)
Subject: |FAILURE| pw138771-138784 [PATCH] [v12,14/14] maintainers: add for l
From: dpdklab@iol.unh.edu
To: Test Report <test-report@dpdk.org>
Cc: dpdk-test-reports@iol.unh.edu,
 Stephen Hemminger <stephen@networkplumber.org>
In-Reply-To: <20240325205405.669897-15-stephen@networkplumber.org>
References: <20240325205405.669897-15-stephen@networkplumber.org>
Content-Type: text/plain
X-BeenThere: test-report@dpdk.org
X-Mailman-Version: 2.1.29
Precedence: list
List-Id: automatic DPDK test reports <test-report.dpdk.org>
List-Unsubscribe: <https://mails.dpdk.org/options/test-report>,
 <mailto:test-report-request@dpdk.org?subject=unsubscribe>
List-Archive: <http://mails.dpdk.org/archives/test-report/>
List-Post: <mailto:test-report@dpdk.org>
List-Help: <mailto:test-report-request@dpdk.org?subject=help>
List-Subscribe: <https://mails.dpdk.org/listinfo/test-report>,
 <mailto:test-report-request@dpdk.org?subject=subscribe>
Errors-To: test-report-bounces@dpdk.org

Test-Label: iol-unit-arm64-testing
Test-Status: FAILURE
http://dpdk.org/patch/138784

_Testing issues_

Submitter: Stephen Hemminger <stephen@networkplumber.org>
Date: Monday, March 25 2024 20:47:11 
DPDK git baseline: Repo:dpdk
  Branch: master
  CommitID:0b82b5139fefe6eb5ec1a0b489fd193e8a99ab73

138771-138784 --> testing fail

Test environment and result as below:

+--------------------------+------------------------------+---------------------------+--------------+----------------+
|       Environment        | cryptodev_sw_snow3g_autotest | cryptodev_sw_zuc_autotest | lpm_autotest | dpdk_unit_test |
+==========================+==============================+===========================+==============+================+
| Debian 12 (arm)          | PASS                         | PASS                      | SKIPPED      | FAIL           |
+--------------------------+------------------------------+---------------------------+--------------+----------------+
| Ubuntu 20.04 ARM SVE     | SKIPPED                      | SKIPPED                   | FAIL         | SKIPPED        |
+--------------------------+------------------------------+---------------------------+--------------+----------------+
| CentOS Stream 9 (ARM)    | SKIPPED                      | SKIPPED                   | SKIPPED      | FAIL           |
+--------------------------+------------------------------+---------------------------+--------------+----------------+
| Fedora 37 (ARM)          | SKIPPED                      | SKIPPED                   | SKIPPED      | FAIL           |
+--------------------------+------------------------------+---------------------------+--------------+----------------+
| Debian 11 (Buster) (ARM) | SKIPPED                      | SKIPPED                   | SKIPPED      | FAIL           |
+--------------------------+------------------------------+---------------------------+--------------+----------------+
| Ubuntu 20.04 (ARM)       | SKIPPED                      | SKIPPED                   | SKIPPED      | FAIL           |
+--------------------------+------------------------------+---------------------------+--------------+----------------+
| Fedora 38 (ARM)          | SKIPPED                      | SKIPPED                   | SKIPPED      | FAIL           |
+--------------------------+------------------------------+---------------------------+--------------+----------------+
| Fedora 38 (ARM Clang)    | SKIPPED                      | SKIPPED                   | SKIPPED      | FAIL           |
+--------------------------+------------------------------+---------------------------+--------------+----------------+

==== 20 line log output for Fedora 38 (ARM Clang) (dpdk_unit_test): ====
101/111 DPDK:fast-tests / telemetry_data_autotest  OK       0.17 s
102/111 DPDK:fast-tests / telemetry_json_autotest  OK       0.17 s
103/111 DPDK:fast-tests / thash_autotest        OK       0.17 s
104/111 DPDK:fast-tests / threads_autotest      OK       0.32 s
105/111 DPDK:fast-tests / ticketlock_autotest   OK       0.17 s
106/111 DPDK:fast-tests / timer_autotest        OK       2.82 s
107/111 DPDK:fast-tests / trace_autotest        OK       0.17 s
108/111 DPDK:fast-tests / trace_autotest_with_traces  OK       0.17 s
109/111 DPDK:fast-tests / vdev_autotest         OK       0.17 s
110/111 DPDK:fast-tests / version_autotest      OK       0.17 s
111/111 DPDK:fast-tests / telemetry_all         SKIP     0.01 s

Ok:                  103
Expected Fail:         0
Fail:                  1
Unexpected Pass:       0
Skipped:               7
Timeout:               0

Full log written to /home-local/jenkins-local/jenkins-agent/workspace/Generic-Unit-Test-DPDK/dpdk/build/meson-logs/testlog.txt
==== End log output ====

Debian 12 (arm)
	Kernel: Container Host Kernel
	Compiler: gcc 12.2.0

Ubuntu 20.04 ARM SVE
	Kernel: 5.4.0-167-generic
	Compiler: gcc (Ubuntu 10.5.0-1ubuntu1~20.04) 10.5.0

CentOS Stream 9 (ARM)
	Kernel: Container Host Kernel
	Compiler: gcc 11.4.1

Fedora 37 (ARM)
	Kernel: Depends on container host
	Compiler: gcc 12.3.1

Debian 11 (Buster) (ARM)
	Kernel: Container Host Kernel
	Compiler: gcc 10.2.1

Ubuntu 20.04 (ARM)
	Kernel: Container Host Kernel
	Compiler: gcc 9.4.0

Fedora 38 (ARM)
	Kernel: Depends on container host
	Compiler: gcc 13.2.1

Fedora 38 (ARM Clang)
	Kernel: Depends on container host
	Compiler: clang 16.0.6

To view detailed results, visit:
https://lab.dpdk.org/results/dashboard/patchsets/29653/

UNH-IOL DPDK Community Lab

To manage your email subscriptions, visit: 
https://lab.dpdk.org/results/dashboard/preferences/subscriptions/