From mboxrd@z Thu Jan  1 00:00:00 1970
Return-Path: <test-report-bounces@dpdk.org>
Received: from mails.dpdk.org (mails.dpdk.org [217.70.189.124])
	by inbox.dpdk.org (Postfix) with ESMTP id 52A4F43D4F
	for <public@inbox.dpdk.org>; Tue, 26 Mar 2024 03:39:22 +0100 (CET)
Received: from mails.dpdk.org (localhost [127.0.0.1])
	by mails.dpdk.org (Postfix) with ESMTP id 45EE540A73;
	Tue, 26 Mar 2024 03:39:22 +0100 (CET)
Received: from mail-pl1-f226.google.com (mail-pl1-f226.google.com
 [209.85.214.226])
 by mails.dpdk.org (Postfix) with ESMTP id 3F69D402B5
 for <test-report@dpdk.org>; Tue, 26 Mar 2024 03:39:11 +0100 (CET)
Received: by mail-pl1-f226.google.com with SMTP id
 d9443c01a7336-1e0f3052145so505225ad.2
 for <test-report@dpdk.org>; Mon, 25 Mar 2024 19:39:11 -0700 (PDT)
DKIM-Signature: v=1; a=rsa-sha256; c=relaxed/relaxed;
 d=iol.unh.edu; s=unh-iol; t=1711420750; x=1712025550; darn=dpdk.org;
 h=references:in-reply-to:cc:to:from:subject:message-id:date:from:to
 :cc:subject:date:message-id:reply-to;
 bh=cRLyijmOXFPkuPs54ntPUYchq+DJaHTSCyrpWdwdeco=;
 b=SJwN230g+FbbJEfS52wUlSdKfJ3VmdMWKxio0lFdLZv4JxzUeJ9Gv/jWxWJkKLKFtJ
 wNxK1zQEd5u3cyNLFgtbTgCt8PcxGlXW+jq5AFUYZjB7lHxS07B0WFWT9lx2gXdfxhVt
 rrMxf6oS0R7OqMXKyI+oAkdAjFMzMJQgyu6x8=
X-Google-DKIM-Signature: v=1; a=rsa-sha256; c=relaxed/relaxed;
 d=1e100.net; s=20230601; t=1711420750; x=1712025550;
 h=references:in-reply-to:cc:to:from:subject:message-id:date
 :x-gm-message-state:from:to:cc:subject:date:message-id:reply-to;
 bh=cRLyijmOXFPkuPs54ntPUYchq+DJaHTSCyrpWdwdeco=;
 b=TWiNj7l85M6p9DhPwyVF4dxUqj1cl8ZlVvg/3EUyyrjgIOozF70inX0maVo/JSOcb3
 T7smrMQFN+1lEMdtvX0tyt3u2TtFyFAd3m7KN87lmo7ydVtdDUCJfmX7GQY/HRcytI9v
 yLsSjxRj2HTLQZfHn4z8YDf+zS5mb4eStejApYCsk4tL1IueNalDGuz4L0Eisrx8Hx+z
 fS3V/w76FrZO+aunlKstIf3WhYXAgWd5ZoodBpQnyFIEjUTe/t9517gb7Yzq/STbE5vy
 cIWcf7dmdEAVGyCGWxfNF+T7U3Y0v1vbeCXXonUhfSi/ikW8AnjnK2/jXUGtdhErxZEp
 b8NQ==
X-Gm-Message-State: AOJu0YxVycXCegrUevt4pf/AD+iom7+f1haR/5wZ43pf1T7uQvsIDCBQ
 Kn8UXYyK/i6qFM6g/SN5YL+nn5+0tDwDamgtkHbYrBqhoTx1P0DXTIWq2X+ak2c01UFTEkwi1vC
 ev/JHUFO/MXNhaY/cN8+b59XjVeolYCN6iwuHIYiT
X-Google-Smtp-Source: AGHT+IGeoPtJO4cJn/3NsoYxa1zZx31Y+mKwKex3pjVrQmOE+FLi9dr1KlhCgT+ndwPoPEqLCRrxAKyxKRhZ
X-Received: by 2002:a17:90a:e2cc:b0:29b:db64:bcaa with SMTP id
 fr12-20020a17090ae2cc00b0029bdb64bcaamr7063846pjb.27.1711420750422; 
 Mon, 25 Mar 2024 19:39:10 -0700 (PDT)
Received: from postal.iol.unh.edu (postal.iol.unh.edu. [132.177.123.84])
 by smtp-relay.gmail.com with ESMTPS id
 p7-20020a17090ab90700b0029c74185669sm635992pjr.2.2024.03.25.19.39.10
 (version=TLS1_2 cipher=ECDHE-ECDSA-AES128-GCM-SHA256 bits=128/128);
 Mon, 25 Mar 2024 19:39:10 -0700 (PDT)
X-Relaying-Domain: iol.unh.edu
Date: Mon, 25 Mar 2024 19:39:10 -0700 (PDT)
Message-ID: <6602354e.170a0220.ec3fe.9886SMTPIN_ADDED_MISSING@mx.google.com>
Received: from [172.21.0.6] (unknown [172.18.0.240])
 by postal.iol.unh.edu (Postfix) with ESMTP id 7EEDC6052471;
 Mon, 25 Mar 2024 22:39:09 -0400 (EDT)
Subject: |FAILURE| pw138785-138795 [PATCH] [v13,11/11] log: add optional supp
From: dpdklab@iol.unh.edu
To: Test Report <test-report@dpdk.org>
Cc: dpdk-test-reports@iol.unh.edu,
 Stephen Hemminger <stephen@networkplumber.org>
In-Reply-To: <20240326015827.825648-12-stephen@networkplumber.org>
References: <20240326015827.825648-12-stephen@networkplumber.org>
Content-Type: text/plain
X-BeenThere: test-report@dpdk.org
X-Mailman-Version: 2.1.29
Precedence: list
List-Id: automatic DPDK test reports <test-report.dpdk.org>
List-Unsubscribe: <https://mails.dpdk.org/options/test-report>,
 <mailto:test-report-request@dpdk.org?subject=unsubscribe>
List-Archive: <http://mails.dpdk.org/archives/test-report/>
List-Post: <mailto:test-report@dpdk.org>
List-Help: <mailto:test-report-request@dpdk.org?subject=help>
List-Subscribe: <https://mails.dpdk.org/listinfo/test-report>,
 <mailto:test-report-request@dpdk.org?subject=subscribe>
Errors-To: test-report-bounces@dpdk.org

Test-Label: iol-unit-amd64-testing
Test-Status: FAILURE
http://dpdk.org/patch/138795

_Testing issues_

Submitter: Stephen Hemminger <stephen@networkplumber.org>
Date: Tuesday, March 26 2024 01:57:06 
DPDK git baseline: Repo:dpdk
  Branch: master
  CommitID:0b82b5139fefe6eb5ec1a0b489fd193e8a99ab73

138785-138795 --> testing fail

Test environment and result as below:

+---------------------+----------------+
|     Environment     | dpdk_unit_test |
+=====================+================+
| Windows Server 2019 | FAIL           |
+---------------------+----------------+
| CentOS Stream 8     | PASS           |
+---------------------+----------------+
| CentOS Stream 9     | PASS           |
+---------------------+----------------+
| Debian Bullseye     | PASS           |
+---------------------+----------------+
| Debian 11 (arm)     | FAIL           |
+---------------------+----------------+
| Fedora 37           | PASS           |
+---------------------+----------------+
| Windows Server 2022 | FAIL           |
+---------------------+----------------+
| Fedora 38           | PASS           |
+---------------------+----------------+

==== 20 line log output for Windows Server 2022 (dpdk_unit_test): ====
� � � � � � � � � � � � �^�
�
�.�.�/�l�i�b�/�e�a�l�/�c�o�m�m�o�n�/�e�a�l�_�c�o�m�m�o�n�_�d�e�b�u�g�.�c�:�4�3�:�6�:� �n�o�t�e�:� �d�i�d� �y�o�u� �m�e�a�n� �'�v�s�p�r�i�n�t�f�'�?�
�
�C�:�\�P�r�o�g�r�a�m� �F�i�l�e�s� �(�x�8�6�)�\�W�i�n�d�o�w�s� �K�i�t�s�\�1�0�\�I�n�c�l�u�d�e�\�1�0�.�0�.�2�2�6�2�1�.�0�\�u�c�r�t�\�s�t�d�i�o�.�h�:�1�7�8�5�:�7�4�:� �n�o�t�e�:� �'�v�s�p�r�i�n�t�f�'� �d�e�c�l�a�r�e�d� �h�e�r�e�
�
� � � � � � � � �i�n�t�,� �_�_�R�E�T�U�R�N�_�P�O�L�I�C�Y�_�S�A�M�E�,� �_�_�E�M�P�T�Y�_�D�E�C�L�S�P�E�C�,� �_�_�C�R�T�D�E�C�L�,� �s�p�r�i�n�t�f�,� �v�s�p�r�i�n�t�f�,�
�
� � � � � � � � � � � � � � � � � � � � � � � � � � � � � � � � � � � � � � � � � � � � � � � � � � � � � � � � � � � � � � � � � � � � � � � � � �^�
�
�C�:�\�P�r�o�g�r�a�m� �F�i�l�e�s� �(�x�8�6�)�\�W�i�n�d�o�w�s� �K�i�t�s�\�1�0�\�I�n�c�l�u�d�e�\�1�0�.�0�.�2�2�6�2�1�.�0�\�u�c�r�t�\�c�o�r�e�c�r�t�.�h�:�8�5�3�:�1�2�6�:� �n�o�t�e�:� �e�x�p�a�n�d�e�d� �f�r�o�m� �m�a�c�r�o� �'�_�_�D�E�F�I�N�E�_�C�P�P�_�O�V�E�R�L�O�A�D�_�S�T�A�N�D�A�R�D�_�F�U�N�C�_�0�_�1�_�A�R�G�L�I�S�T�'�
�
� � � � �_�_�D�E�F�I�N�E�_�C�P�P�_�O�V�E�R�L�O�A�D�_�S�T�A�N�D�A�R�D�_�F�U�N�C�_�0�_�1�_�A�R�G�L�I�S�T�_�E�X�(�_�R�e�t�u�r�n�T�y�p�e�,� �_�R�e�t�u�r�n�P�o�l�i�c�y�,� �_�D�e�c�l�S�p�e�c�,� �_�C�C�,� �_�F�u�n�c�N�a�m�e�,� �_�F�u�n�c�N�a�m�e�#�#�_�s�,� �_�V�F�u�n�c�N�a�m�e�,� �_�V�F�u�n�c�N�a�m�e�#�#�_�s�,� �_�S�a�l�A�t�t�r�i�b�u�t�e�D�s�t�,� �_�D�s�t�T�y�p�e�,� �_�D�s�t�,� �_�T�T�y�p�e�1�,� �_�T�A�r�g�1�)�
�
� � � � � � � � � � � � � � � � � � � � � � � � � � � � � � � � � � � � � � � � � � � � � � � � � � � � � � � � � � � � � � � � � � � � � � � � � � � � � � � � � � � � � � � � � � � � � � � � � � � � � � � � � � � � � � � � � � � � � � � � � � � � � �^�
�
�C�:�\�P�r�o�g�r�a�m� �F�i�l�e�s� �(�x�8�6�)�\�W�i�n�d�o�w�s� �K�i�t�s�\�1�0�\�I�n�c�l�u�d�e�\�1�0�.�0�.�2�2�6�2�1�.�0�\�u�c�r�t�\�c�o�r�e�c�r�t�.�h�:�1�9�1�3�:�8�5�:� �n�o�t�e�:� �e�x�p�a�n�d�e�d� �f�r�o�m� �m�a�c�r�o� �'�_�_�D�E�F�I�N�E�_�C�P�P�_�O�V�E�R�L�O�A�D�_�S�T�A�N�D�A�R�D�_�F�U�N�C�_�0�_�1�_�A�R�G�L�I�S�T�_�E�X�'�
�
� � � � � � � � � � � � � � � � �_�C�R�T�_�I�N�S�E�C�U�R�E�_�D�E�P�R�E�C�A�T�E�(�_�S�e�c�u�r�e�V�F�u�n�c�N�a�m�e�)� �_�D�e�c�l�S�p�e�c� �_�R�e�t�u�r�n�T�y�p�e� �_�C�C� �_�V�F�u�n�c�N�a�m�e�(�_�S�a�l�A�t�t�r�i�b�u�t�e�D�s�t� �_�D�s�t�T�y�p�e� �*�_�D�s�t�,� �_�T�T�y�p�e�1� �_�T�A�r�g�1�,� �v�a�_�l�i�s�t� �_�A�r�g�s�)�;�
�
� � � � � � � � � � � � � � � � � � � � � � � � � � � � � � � � � � � � � � � � � � � � � � � � � � � � � � � � � � � � � � � � � � � � � � � � � � � � � � � � � � � � �^�
�
�1� �e�r�r�o�r� �g�e�n�e�r�a�t�e�d�.�
�
�[�5�/�3�2�3�]� �C�o�m�p�i�l�i�n�g� �C� �o�b�j�e�c�t� �l�i�b�/�l�i�b�r�t�e�_�e�a�l�.�a�.�p�/�e�a�l�_�c�o�m�m�o�n�_�e�a�l�_�c�o�m�m�o�n�_�e�r�r�n�o�.�c�.�o�b�j�
�
�[�6�/�3�2�3�]� �C�o�m�p�i�l�i�n�g� �C� �o�b�j�e�c�t� �l�i�b�/�l�i�b�r�t�e�_�e�a�l�.�a�.�p�/�e�a�l�_�c�o�m�m�o�n�_�e�a�l�_�c�o�m�m�o�n�_�c�l�a�s�s�.�c�.�o�b�j�
�
�[�7�/�3�2�3�]� �C�o�m�p�i�l�i�n�g� �C� �o�b�j�e�c�t� �l�i�b�/�l�i�b�r�t�e�_�e�a�l�.�a�.�p�/�e�a�l�_�c�o�m�m�o�n�_�e�a�l�_�c�o�m�m�o�n�_�i�n�t�e�r�r�u�p�t�s�.�c�.�o�b�j�
�
�[�8�/�3�2�3�]� �C�o�m�p�i�l�i�n�g� �C� �o�b�j�e�c�t� �l�i�b�/�l�i�b�r�t�e�_�e�a�l�.�a�.�p�/�e�a�l�_�c�o�m�m�o�n�_�e�a�l�_�c�o�m�m�o�n�_�f�b�a�r�r�a�y�.�c�.�o�b�j�
�
�[�9�/�3�2�3�]� �C�o�m�p�i�l�i�n�g� �C� �o�b�j�e�c�t� �l�i�b�/�l�i�b�r�t�e�_�e�a�l�.�a�.�p�/�e�a�l�_�c�o�m�m�o�n�_�e�a�l�_�c�o�m�m�o�n�_�l�a�u�n�c�h�.�c�.�o�b�j�
�
�n�i�n�j�a�:� �b�u�i�l�d� �s�t�o�p�p�e�d�:� �s�u�b�c�o�m�m�a�n�d� �f�a�i�l�e�d�.�
�
�C�o�u�l�d� �n�o�t� �r�e�b�u�i�l�d� �C�:�\�U�s�e�r�s�\�b�u�i�l�d�e�r�\�j�e�n�k�i�n�s�\�w�o�r�k�s�p�a�c�e�\�G�e�n�e�r�i�c�-�V�M�-�U�n�i�t�-�T�e�s�t�-�D�P�D�K�\�d�p�d�k�\�b�u�i�l�d�
�
�
==== End log output ====

Windows Server 2019
	Kernel: 10.0.17763
	Compiler: clang 14.0 and gcc 8.1.0 (MinGW)

CentOS Stream 8
	Kernel: 5.4.0-167-generic
	Compiler: gcc 8.5.0 20210514

CentOS Stream 9
	Kernel: 5.4.0-167-generic
	Compiler: gcc 11.4.1 20230605

Debian Bullseye
	Kernel: 5.4.0-167-generic
	Compiler: gcc 10.2.1-6

Debian 11 (arm)
	Kernel: Container Host Kernel
	Compiler: gcc 10.2.1

Fedora 37
	Kernel: Depends on container host system
	Compiler: gcc 12.3.1

Windows Server 2022
	Kernel: 10.0.20348.2031
	Compiler: clang 15.0.7, gcc 8.1.0 (MinGW), and MSVC VS 17.9

Fedora 38
	Kernel: Depends on container host
	Compiler: gcc 13.2.1

To view detailed results, visit:
https://lab.dpdk.org/results/dashboard/patchsets/29654/

UNH-IOL DPDK Community Lab

To manage your email subscriptions, visit: 
https://lab.dpdk.org/results/dashboard/preferences/subscriptions/