From mboxrd@z Thu Jan  1 00:00:00 1970
Return-Path: <test-report-bounces@dpdk.org>
Received: from mails.dpdk.org (mails.dpdk.org [217.70.189.124])
	by inbox.dpdk.org (Postfix) with ESMTP id 9221343D57
	for <public@inbox.dpdk.org>; Tue, 26 Mar 2024 19:35:02 +0100 (CET)
Received: from mails.dpdk.org (localhost [127.0.0.1])
	by mails.dpdk.org (Postfix) with ESMTP id 8BFC240E8A;
	Tue, 26 Mar 2024 19:35:02 +0100 (CET)
Received: from mail-pl1-f227.google.com (mail-pl1-f227.google.com
 [209.85.214.227])
 by mails.dpdk.org (Postfix) with ESMTP id BDBDF40E72
 for <test-report@dpdk.org>; Tue, 26 Mar 2024 19:35:00 +0100 (CET)
Received: by mail-pl1-f227.google.com with SMTP id
 d9443c01a7336-1e0d82d441bso15093215ad.3
 for <test-report@dpdk.org>; Tue, 26 Mar 2024 11:35:00 -0700 (PDT)
DKIM-Signature: v=1; a=rsa-sha256; c=relaxed/relaxed;
 d=iol.unh.edu; s=unh-iol; t=1711478100; x=1712082900; darn=dpdk.org;
 h=references:in-reply-to:cc:to:from:subject:message-id:date:from:to
 :cc:subject:date:message-id:reply-to;
 bh=Dy6oabaXQ8AmbSBDiIRduKfD1Bc9c6UvB7tDa6pEPKo=;
 b=LYUYCc9npbn5SIquwPGF1NbSdhr4+pYsPVf0ymtPzcJ38AbZu87kRuEAk3zPHSl5kV
 72pO1DNu6yCYSDnpvVaxusV+B4SakKhRdpkH52MgQQ3IW3gf5zXyha1gFvQ25C7U+ReJ
 58j0Si768Tqj8wc8ivut8gYduKj+LN7KYjU2I=
X-Google-DKIM-Signature: v=1; a=rsa-sha256; c=relaxed/relaxed;
 d=1e100.net; s=20230601; t=1711478100; x=1712082900;
 h=references:in-reply-to:cc:to:from:subject:message-id:date
 :x-gm-message-state:from:to:cc:subject:date:message-id:reply-to;
 bh=Dy6oabaXQ8AmbSBDiIRduKfD1Bc9c6UvB7tDa6pEPKo=;
 b=W+HHH8nSCWii4XSTEA9dr6YhvyOIWYsJoREK3BEohq0EWp8gXb8fcmtaJAy76SzMlr
 /Zcmlw/XOB6sfHRnbVuoOaq8DNKunfRsvA0TiIYzAPiR6LrIDTbNm/AlbrAv6ll6fjtS
 CTSGqj9M9Pp9YOcj3wt/65W84+6ZK7EI6xA5DDX1lijm3LLg3TEzyWwxUkHPWT5BHDkg
 ENFPDbE3dFzics7eMD8p6HeywE2DLwLOi2BUcC5NRUHpi0UGNFhsjDOORsXtqdwCs1lG
 Z+LB+c4vAPxkE8uL/fgPzTCNzaH3dtzVQokzzmoRFhy8e0Me9NHFya/0K1LgDlHvcVfB
 uKNg==
X-Gm-Message-State: AOJu0Yxa+21zfFmc22eZ3O3sjNelp/beImGw/fReaC1poLJVdBxFBesY
 qmbAvw4wZXEUf8DUASZGADk8O3LituaBil6MzbD00FGWT6QSYohmRt6Vg8Iv9anR8NsoP/HyxUb
 sRHosDed35+wG4TbXtV91NkAmOnt8cH+uLnhdCdOi8doUpx5DgJmkuioa
X-Google-Smtp-Source: AGHT+IEU3SMzt1fvuio9AyNnk+OnQhJ2daxqWO9P+b865hQj5IwAYOeX8V2fSq1QmRqOnmusSNigy6bnljyz
X-Received: by 2002:a17:902:c94f:b0:1dd:6263:62d4 with SMTP id
 i15-20020a170902c94f00b001dd626362d4mr2378741pla.3.1711478099837; 
 Tue, 26 Mar 2024 11:34:59 -0700 (PDT)
Received: from postal.iol.unh.edu (postal.iol.unh.edu.
 [2606:4100:3880:1234::84]) by smtp-relay.gmail.com with ESMTPS id
 kf8-20020a17090305c800b001d8e78811a2sm251898plb.17.2024.03.26.11.34.59
 (version=TLS1_2 cipher=ECDHE-ECDSA-AES128-GCM-SHA256 bits=128/128);
 Tue, 26 Mar 2024 11:34:59 -0700 (PDT)
X-Relaying-Domain: iol.unh.edu
Date: Tue, 26 Mar 2024 11:34:59 -0700 (PDT)
Message-ID: <66031553.170a0220.7bec2.5519SMTPIN_ADDED_MISSING@mx.google.com>
Received: from [172.21.0.6] (unknown [172.18.0.240])
 by postal.iol.unh.edu (Postfix) with ESMTP id 4E5F76052471;
 Tue, 26 Mar 2024 14:34:59 -0400 (EDT)
Subject: |FAILURE| pw138812-138826 [PATCH] [v14,15/15] log: colorize log outp
From: dpdklab@iol.unh.edu
To: Test Report <test-report@dpdk.org>
Cc: dpdk-test-reports@iol.unh.edu,
 Stephen Hemminger <stephen@networkplumber.org>
In-Reply-To: <20240326173552.97249-16-stephen@networkplumber.org>
References: <20240326173552.97249-16-stephen@networkplumber.org>
Content-Type: text/plain
X-BeenThere: test-report@dpdk.org
X-Mailman-Version: 2.1.29
Precedence: list
List-Id: automatic DPDK test reports <test-report.dpdk.org>
List-Unsubscribe: <https://mails.dpdk.org/options/test-report>,
 <mailto:test-report-request@dpdk.org?subject=unsubscribe>
List-Archive: <http://mails.dpdk.org/archives/test-report/>
List-Post: <mailto:test-report@dpdk.org>
List-Help: <mailto:test-report-request@dpdk.org?subject=help>
List-Subscribe: <https://mails.dpdk.org/listinfo/test-report>,
 <mailto:test-report-request@dpdk.org?subject=subscribe>
Errors-To: test-report-bounces@dpdk.org

Test-Label: iol-compile-amd64-testing
Test-Status: FAILURE
http://dpdk.org/patch/138826

_Testing issues_

Submitter: Stephen Hemminger <stephen@networkplumber.org>
Date: Tuesday, March 26 2024 17:34:35 
DPDK git baseline: Repo:dpdk
  Branch: master
  CommitID:ded4d4765171b88470e59307f10625e942f22fca

138812-138826 --> testing fail

Test environment and result as below:

+---------------------+----------------------+--------------------+-------------------+
|     Environment     | dpdk_mingw64_compile | dpdk_meson_compile | dpdk_msvc_compile |
+=====================+======================+====================+===================+
| Windows Server 2019 | PASS                 | FAIL               | SKIPPED           |
+---------------------+----------------------+--------------------+-------------------+
| Windows Server 2022 | PASS                 | FAIL               | FAIL              |
+---------------------+----------------------+--------------------+-------------------+
| FreeBSD 13.2        | SKIPPED              | PASS               | SKIPPED           |
+---------------------+----------------------+--------------------+-------------------+
| CentOS Stream 9     | SKIPPED              | PASS               | SKIPPED           |
+---------------------+----------------------+--------------------+-------------------+
| Debian Bullseye     | SKIPPED              | PASS               | SKIPPED           |
+---------------------+----------------------+--------------------+-------------------+
| Debian 11 (arm)     | SKIPPED              | PASS               | SKIPPED           |
+---------------------+----------------------+--------------------+-------------------+
| CentOS Stream 8     | SKIPPED              | PASS               | SKIPPED           |
+---------------------+----------------------+--------------------+-------------------+
| Fedora 37           | SKIPPED              | PASS               | SKIPPED           |
+---------------------+----------------------+--------------------+-------------------+
| Fedora 38           | SKIPPED              | PASS               | SKIPPED           |
+---------------------+----------------------+--------------------+-------------------+
| openSUSE Leap 15    | SKIPPED              | PASS               | SKIPPED           |
+---------------------+----------------------+--------------------+-------------------+

==== 20 line log output for Windows Server 2022 (dpdk_msvc_compile): ====

Windows Server 2019
	Kernel: 10.0.17763
	Compiler: clang 14.0 and gcc 8.1.0 (MinGW)

Windows Server 2022
	Kernel: 10.0.20348.2031
	Compiler: clang 15.0.7, gcc 8.1.0 (MinGW), and MSVC VS 17.9

FreeBSD 13.2
	Kernel: 13.2
	Compiler: clang 14.0.5

CentOS Stream 9
	Kernel: 5.4.0-167-generic
	Compiler: gcc 11.4.1 20230605

Debian Bullseye
	Kernel: 5.4.0-167-generic
	Compiler: gcc 10.2.1-6

Debian 11 (arm)
	Kernel: Container Host Kernel
	Compiler: gcc 10.2.1

CentOS Stream 8
	Kernel: 5.4.0-167-generic
	Compiler: gcc 8.5.0 20210514

Fedora 37
	Kernel: Depends on container host system
	Compiler: gcc 12.3.1

Fedora 38
	Kernel: Depends on container host
	Compiler: gcc 13.2.1

openSUSE Leap 15
	Kernel: 5.4.0-167-generic
	Compiler: gcc 7.5.0

To view detailed results, visit:
https://lab.dpdk.org/results/dashboard/patchsets/29658/

UNH-IOL DPDK Community Lab

To manage your email subscriptions, visit: 
https://lab.dpdk.org/results/dashboard/preferences/subscriptions/