From mboxrd@z Thu Jan  1 00:00:00 1970
Return-Path: <test-report-bounces@dpdk.org>
Received: from mails.dpdk.org (mails.dpdk.org [217.70.189.124])
	by inbox.dpdk.org (Postfix) with ESMTP id 67B5343D64
	for <public@inbox.dpdk.org>; Wed, 27 Mar 2024 02:18:54 +0100 (CET)
Received: from mails.dpdk.org (localhost [127.0.0.1])
	by mails.dpdk.org (Postfix) with ESMTP id 634D340E6E;
	Wed, 27 Mar 2024 02:18:54 +0100 (CET)
Received: from mail-pj1-f98.google.com (mail-pj1-f98.google.com
 [209.85.216.98]) by mails.dpdk.org (Postfix) with ESMTP id 36B83402A3
 for <test-report@dpdk.org>; Wed, 27 Mar 2024 02:18:29 +0100 (CET)
Received: by mail-pj1-f98.google.com with SMTP id
 98e67ed59e1d1-29fb7e52731so4465064a91.2
 for <test-report@dpdk.org>; Tue, 26 Mar 2024 18:18:29 -0700 (PDT)
DKIM-Signature: v=1; a=rsa-sha256; c=relaxed/relaxed;
 d=iol.unh.edu; s=unh-iol; t=1711502308; x=1712107108; darn=dpdk.org;
 h=references:in-reply-to:cc:to:from:subject:message-id:date:from:to
 :cc:subject:date:message-id:reply-to;
 bh=2hbdyqVgAvpq87TxvD6CsNVSpVNf7/XOizzz2CS6RvY=;
 b=Z52seKIxUrSZQfbCn37EfFblgKqnq9iEpEXU7drVoAtrcgaMcdSgMHRwMUCMjiP+ID
 H5GxeVAMu8nqW5+VSZivHRkTD+GUuphtggLcYwfEv/MZ6J8LWYG/RoQvTIN6K/ueiYf6
 2e1xP3aKei2tfnp10EIWnIRFIPPJGbV0WPqf8=
X-Google-DKIM-Signature: v=1; a=rsa-sha256; c=relaxed/relaxed;
 d=1e100.net; s=20230601; t=1711502308; x=1712107108;
 h=references:in-reply-to:cc:to:from:subject:message-id:date
 :x-gm-message-state:from:to:cc:subject:date:message-id:reply-to;
 bh=2hbdyqVgAvpq87TxvD6CsNVSpVNf7/XOizzz2CS6RvY=;
 b=MVHsYTr2S+jrT/93qZwfP0TX3ksL3tYz3NO3FwcsaXdId9TVEM2WT88lZnRYWEv209
 MoeGZuET3MCHD024qCzFuvAG7mOgM6fQSOT+NRyO0XmOJVEEAA2eyyKB+bfl7QJdhdV1
 ufqOn8T+VSDUouba3DrQhAq32RlCsiwIVgpuzUYPFL1/LIP7IqmnPt+w85Ok8eP097Lb
 NOqkNm3yIFtL9yF6fhsdyQxqfaaXbsZR7QRZFEO1Jt6X4rybxJykagcEFOwS/YUzinuK
 RtOXOcUmwAfDs+dJ0uIr2yCWG2cgEn2owB+TllGgOPg72m6YsuGAPh1YU67ddzvDedAw
 7tVA==
X-Gm-Message-State: AOJu0YzUYpvqhgmj5jBulDDiJ/y/WQUnU3CmBser7CtgLfNbm2jAMAlM
 Hqz7FjCocbos6YGXEYe99EOdi6IZFcgAKC8YnI1BpkiEmRv4xVMUwGL0d1An41uBlDPL7uIMXA6
 yIV1t7rdwflEQvsaPP7cpDO+x5bipycVjxfZzCf1R
X-Google-Smtp-Source: AGHT+IE5iVJQ6bPxnMbg8zjH6BUm6tWp0QIYBKZzVBZER8eRCreohtjsc1wgJiey3fjswUhbb9hi8fWiuIHS
X-Received: by 2002:a17:90b:298:b0:29b:aea0:1883 with SMTP id
 az24-20020a17090b029800b0029baea01883mr10073145pjb.2.1711502308389; 
 Tue, 26 Mar 2024 18:18:28 -0700 (PDT)
Received: from postal.iol.unh.edu (postal.iol.unh.edu. [132.177.123.84])
 by smtp-relay.gmail.com with ESMTPS id
 v4-20020a17090a898400b002a040f60d7bsm30795pjn.4.2024.03.26.18.18.28
 (version=TLS1_2 cipher=ECDHE-ECDSA-AES128-GCM-SHA256 bits=128/128);
 Tue, 26 Mar 2024 18:18:28 -0700 (PDT)
X-Relaying-Domain: iol.unh.edu
Date: Tue, 26 Mar 2024 18:18:28 -0700 (PDT)
Message-ID: <660373e4.170a0220.f95bd.18a2SMTPIN_ADDED_MISSING@mx.google.com>
Received: from [172.21.0.9] (unknown [172.18.0.240])
 by postal.iol.unh.edu (Postfix) with ESMTP id 752A16052471;
 Tue, 26 Mar 2024 21:18:27 -0400 (EDT)
Subject: |FAILURE| pw138833-138847 [PATCH] [v15,15/15] log: colorize log outp
From: dpdklab@iol.unh.edu
To: Test Report <test-report@dpdk.org>
Cc: dpdk-test-reports@iol.unh.edu,
 Stephen Hemminger <stephen@networkplumber.org>
In-Reply-To: <20240327002859.203006-16-stephen@networkplumber.org>
References: <20240327002859.203006-16-stephen@networkplumber.org>
Content-Type: text/plain
X-BeenThere: test-report@dpdk.org
X-Mailman-Version: 2.1.29
Precedence: list
List-Id: automatic DPDK test reports <test-report.dpdk.org>
List-Unsubscribe: <https://mails.dpdk.org/options/test-report>,
 <mailto:test-report-request@dpdk.org?subject=unsubscribe>
List-Archive: <http://mails.dpdk.org/archives/test-report/>
List-Post: <mailto:test-report@dpdk.org>
List-Help: <mailto:test-report-request@dpdk.org?subject=help>
List-Subscribe: <https://mails.dpdk.org/listinfo/test-report>,
 <mailto:test-report-request@dpdk.org?subject=subscribe>
Errors-To: test-report-bounces@dpdk.org

Test-Label: iol-compile-amd64-testing
Test-Status: FAILURE
http://dpdk.org/patch/138847

_Testing issues_

Submitter: Stephen Hemminger <stephen@networkplumber.org>
Date: Wednesday, March 27 2024 00:27:14 
DPDK git baseline: Repo:dpdk
  Branch: master
  CommitID:ded4d4765171b88470e59307f10625e942f22fca

138833-138847 --> testing fail

Test environment and result as below:

+---------------------+--------------------+----------------------+-------------------+
|     Environment     | dpdk_meson_compile | dpdk_mingw64_compile | dpdk_msvc_compile |
+=====================+====================+======================+===================+
| Windows Server 2022 | FAIL               | PASS                 | FAIL              |
+---------------------+--------------------+----------------------+-------------------+
| Windows Server 2019 | FAIL               | PASS                 | SKIPPED           |
+---------------------+--------------------+----------------------+-------------------+
| FreeBSD 13.2        | PASS               | SKIPPED              | SKIPPED           |
+---------------------+--------------------+----------------------+-------------------+
| Debian 11 (arm)     | PASS               | SKIPPED              | SKIPPED           |
+---------------------+--------------------+----------------------+-------------------+
| CentOS Stream 8     | PASS               | SKIPPED              | SKIPPED           |
+---------------------+--------------------+----------------------+-------------------+
| CentOS Stream 9     | PASS               | SKIPPED              | SKIPPED           |
+---------------------+--------------------+----------------------+-------------------+
| Fedora 37           | PASS               | SKIPPED              | SKIPPED           |
+---------------------+--------------------+----------------------+-------------------+
| Fedora 38           | PASS               | SKIPPED              | SKIPPED           |
+---------------------+--------------------+----------------------+-------------------+
| RHEL8               | PASS               | SKIPPED              | SKIPPED           |
+---------------------+--------------------+----------------------+-------------------+
| Fedora 39           | PASS               | SKIPPED              | SKIPPED           |
+---------------------+--------------------+----------------------+-------------------+
| Ubuntu 20.04        | PASS               | SKIPPED              | SKIPPED           |
+---------------------+--------------------+----------------------+-------------------+
| Ubuntu 22.04        | PASS               | SKIPPED              | SKIPPED           |
+---------------------+--------------------+----------------------+-------------------+
| openSUSE Leap 15    | PASS               | SKIPPED              | SKIPPED           |
+---------------------+--------------------+----------------------+-------------------+
| Alpine              | PASS               | SKIPPED              | SKIPPED           |
+---------------------+--------------------+----------------------+-------------------+
| Debian Bullseye     | PASS               | SKIPPED              | SKIPPED           |
+---------------------+--------------------+----------------------+-------------------+

==== 20 line log output for Windows Server 2019 (dpdk_meson_compile): ====
"clang" "-Ilib\librte_ethdev.a.p" "-Ilib" "-I..\lib" "-Ilib\ethdev" "-I..\lib\ethdev" "-I." "-I.." "-Iconfig" "-I..\config" "-Ilib\eal\include" "-I..\lib\eal\include" "-Ilib\eal\windows\include" "-I..\lib\eal\windows\include" "-Ilib\eal\x86\include" "-I..\lib\eal\x86\include" "-Ilib\eal\common" "-I..\lib\eal\common" "-Ilib\eal" "-I..\lib\eal" "-Ilib\log" "-I..\lib\log" "-Ilib\kvargs" "-I..\lib\kvargs" "-Ilib\net" "-I..\lib\net" "-Ilib\mbuf" "-I..\lib\mbuf" "-Ilib\mempool" "-I..\lib\mempool" "-Ilib\ring" "-I..\lib\ring" "-Ilib\metrics" "-I..\lib\metrics" "-Ilib\telemetry" "-I..\lib\telemetry" "-Ilib\meter" "-I..\lib\meter" "-IC:\Program Files\Mellanox\MLNX_WinOF2_DevX_SDK\inc" "-Xclang" "-fcolor-diagnostics" "-pipe" "-D_FILE_OFFSET_BITS=64" "-Wall" "-Winvalid-pch" "-Wextra" "-Werror" "-std=c11" "-O3" "-include" "rte_config.h" "-Wcast-qual" "-Wdeprecated" "-Wformat" "-Wformat-nonliteral" "-Wformat-security" "-Wmissing-declarations" "-Wmissing-prototypes" "-Wnested-externs" "-Wold-style
 -definition" "-Wpointer-arith" "-Wsign-compare" "-Wstrict-prototypes" "-Wundef" "-Wwrite-strings" "-Wno-address-of-packed-member" "-Wno-missing-field-initializers" "-D_GNU_SOURCE" "-D_WIN32_WINNT=0x0A00" "-D_CRT_SECURE_NO_WARNINGS" "-march=native" "-mrtm" "-DALLOW_EXPERIMENTAL_API" "-DALLOW_INTERNAL_API" "-DRTE_LOG_DEFAULT_LOGTYPE=lib.ethdev" "-DRTE_ANNOTATE_LOCKS" "-Wthread-safety" -MD -MQ lib/librte_ethdev.a.p/ethdev_rte_ethdev.c.obj -MF "lib\librte_ethdev.a.p\ethdev_rte_ethdev.c.obj.d" -o lib/librte_ethdev.a.p/ethdev_rte_ethdev.c.obj "-c" ../lib/ethdev/rte_ethdev.c
In file included from ../lib/ethdev/rte_ethdev.c:35:
In file included from ..\lib\ethdev/ethdev_private.h:12:
..\lib\eal\windows\include\rte_os_shim.h:143:28: error: format string is not a string literal [-Werror,-Wformat-nonliteral]
ret = vsnprintf(str, len, fmt, ap);
^~~
1 error generated.
[7/826] Compiling C object lib/librte_ethdev.a.p/ethdev_rte_mtr.c.obj
[8/826] Compiling C object lib/librte_ethdev.a.p/ethdev_sff_telemetry.c.obj
[9/826] Compiling C object lib/librte_ethdev.a.p/ethdev_rte_class_eth.c.obj
FAILED: lib/librte_ethdev.a.p/ethdev_rte_class_eth.c.obj
"clang" "-Ilib\librte_ethdev.a.p" "-Ilib" "-I..\lib" "-Ilib\ethdev" "-I..\lib\ethdev" "-I." "-I.." "-Iconfig" "-I..\config" "-Ilib\eal\include" "-I..\lib\eal\include" "-Ilib\eal\windows\include" "-I..\lib\eal\windows\include" "-Ilib\eal\x86\include" "-I..\lib\eal\x86\include" "-Ilib\eal\common" "-I..\lib\eal\common" "-Ilib\eal" "-I..\lib\eal" "-Ilib\log" "-I..\lib\log" "-Ilib\kvargs" "-I..\lib\kvargs" "-Ilib\net" "-I..\lib\net" "-Ilib\mbuf" "-I..\lib\mbuf" "-Ilib\mempool" "-I..\lib\mempool" "-Ilib\ring" "-I..\lib\ring" "-Ilib\metrics" "-I..\lib\metrics" "-Ilib\telemetry" "-I..\lib\telemetry" "-Ilib\meter" "-I..\lib\meter" "-IC:\Program Files\Mellanox\MLNX_WinOF2_DevX_SDK\inc" "-Xclang" "-fcolor-diagnostics" "-pipe" "-D_FILE_OFFSET_BITS=64" "-Wall" "-Winvalid-pch" "-Wextra" "-Werror" "-std=c11" "-O3" "-include" "rte_config.h" "-Wcast-qual" "-Wdeprecated" "-Wformat" "-Wformat-nonliteral" "-Wformat-security" "-Wmissing-declarations" "-Wmissing-prototypes" "-Wnested-externs" "-Wold-style
 -definition" "-Wpointer-arith" "-Wsign-compare" "-Wstrict-prototypes" "-Wundef" "-Wwrite-strings" "-Wno-address-of-packed-member" "-Wno-missing-field-initializers" "-D_GNU_SOURCE" "-D_WIN32_WINNT=0x0A00" "-D_CRT_SECURE_NO_WARNINGS" "-march=native" "-mrtm" "-DALLOW_EXPERIMENTAL_API" "-DALLOW_INTERNAL_API" "-DRTE_LOG_DEFAULT_LOGTYPE=lib.ethdev" "-DRTE_ANNOTATE_LOCKS" "-Wthread-safety" -MD -MQ lib/librte_ethdev.a.p/ethdev_rte_class_eth.c.obj -MF "lib\librte_ethdev.a.p\ethdev_rte_class_eth.c.obj.d" -o lib/librte_ethdev.a.p/ethdev_rte_class_eth.c.obj "-c" ../lib/ethdev/rte_class_eth.c
In file included from ../lib/ethdev/rte_class_eth.c:15:
In file included from ..\lib\ethdev/ethdev_private.h:12:
..\lib\eal\windows\include\rte_os_shim.h:143:28: error: format string is not a string literal [-Werror,-Wformat-nonliteral]
ret = vsnprintf(str, len, fmt, ap);
^~~
1 error generated.
[10/826] Compiling C object lib/librte_ethdev.a.p/ethdev_rte_tm.c.obj
ninja: build stopped: subcommand failed.
==== End log output ====

Windows Server 2022
	Kernel: 10.0.20348.2031
	Compiler: clang 15.0.7, gcc 8.1.0 (MinGW), and MSVC VS 17.9

Windows Server 2019
	Kernel: 10.0.17763
	Compiler: clang 14.0 and gcc 8.1.0 (MinGW)

FreeBSD 13.2
	Kernel: 13.2
	Compiler: clang 14.0.5

Debian 11 (arm)
	Kernel: Container Host Kernel
	Compiler: gcc 10.2.1

CentOS Stream 8
	Kernel: 5.4.0-167-generic
	Compiler: gcc 8.5.0 20210514

CentOS Stream 9
	Kernel: 5.4.0-167-generic
	Compiler: gcc 11.4.1 20230605

Fedora 37
	Kernel: Depends on container host system
	Compiler: gcc 12.3.1

Fedora 38
	Kernel: Depends on container host
	Compiler: gcc 13.2.1

RHEL8
	Kernel: 5.4.0-167-generic
	Compiler: gcc 8.5.0 20210514 (Red Hat 8.5.0-20)

Fedora 39
	Kernel: Depends on container host
	Compiler: gcc 13.2.1

Ubuntu 20.04
	Kernel: 5.4.0-167-generic
	Compiler: gcc 9.4.0-1ubuntu1~20.04.1

Ubuntu 22.04
	Kernel: 5.4.0-167-generic
	Compiler: gcc 11.4.0

openSUSE Leap 15
	Kernel: 5.4.0-167-generic
	Compiler: gcc 7.5.0

Alpine
	Kernel: 5.4.0-167-generic
	Compiler: gcc (Alpine 12.2.1_git20220924-r10) 12.2.1 20220924

Debian Bullseye
	Kernel: 5.4.0-167-generic
	Compiler: gcc 10.2.1-6

To view detailed results, visit:
https://lab.dpdk.org/results/dashboard/patchsets/29660/

UNH-IOL DPDK Community Lab

To manage your email subscriptions, visit: 
https://lab.dpdk.org/results/dashboard/preferences/subscriptions/