From mboxrd@z Thu Jan  1 00:00:00 1970
Return-Path: <test-report-bounces@dpdk.org>
Received: from mails.dpdk.org (mails.dpdk.org [217.70.189.124])
	by inbox.dpdk.org (Postfix) with ESMTP id CA41243D5B
	for <public@inbox.dpdk.org>; Wed, 27 Mar 2024 14:03:28 +0100 (CET)
Received: from mails.dpdk.org (localhost [127.0.0.1])
	by mails.dpdk.org (Postfix) with ESMTP id C4E16402B2;
	Wed, 27 Mar 2024 14:03:28 +0100 (CET)
Received: from mail-il1-f227.google.com (mail-il1-f227.google.com
 [209.85.166.227])
 by mails.dpdk.org (Postfix) with ESMTP id 67F03402A3
 for <test-report@dpdk.org>; Wed, 27 Mar 2024 14:03:27 +0100 (CET)
Received: by mail-il1-f227.google.com with SMTP id
 e9e14a558f8ab-3688ff3ca52so12404855ab.0
 for <test-report@dpdk.org>; Wed, 27 Mar 2024 06:03:27 -0700 (PDT)
DKIM-Signature: v=1; a=rsa-sha256; c=relaxed/relaxed;
 d=iol.unh.edu; s=unh-iol; t=1711544606; x=1712149406; darn=dpdk.org;
 h=references:in-reply-to:cc:to:from:subject:message-id:date:from:to
 :cc:subject:date:message-id:reply-to;
 bh=p9qwyJG2tt6458BmZDlAfF8ifIWui0hAcdxRa/s6P/o=;
 b=Y2qer6E5GpOFWWAakrGOx6FZGXUv5CRSyMvQEc//2HYyI+bTOAMjBSaIh/lFnHgWf1
 eqhhwCwL08Rixlg7uHkMSJ/QAoVF0ug5F8BdVFtcAAtbbqksLoaUcpHa3Yq1sHzT1hGX
 SuW2KA1Tg2GC7b7Ai0um5mRJQ+XXhgFKuIHL4=
X-Google-DKIM-Signature: v=1; a=rsa-sha256; c=relaxed/relaxed;
 d=1e100.net; s=20230601; t=1711544606; x=1712149406;
 h=references:in-reply-to:cc:to:from:subject:message-id:date
 :x-gm-message-state:from:to:cc:subject:date:message-id:reply-to;
 bh=p9qwyJG2tt6458BmZDlAfF8ifIWui0hAcdxRa/s6P/o=;
 b=GMwT06ZsQl4Ie46dryYhoXRCBt5ncG8tPPgSlb19pXr+CDwRgD5DMfNGynavyO8+rv
 zQx0GP0kS3JZmW/6wHAEekwdtLlWpC72Vntec8vUrYwlWQGktTJXB5FwxeSLI5Ov3b3B
 na64HEmClmb3tnBzBfeXM9p4R4g7J+9nXApCjAZ7FwpuDeLwMc6BftqISchdAm0O22GG
 4s1wlUwZo32xDrLqjir6R0jhHZxCvbr5dANt8DWN2y/AOLojHjDNBvocEzsyW1tSZsTZ
 oEv/epORXxG1cMklXDZ3xje+SWL8bm16X/PJ/2lTNZsL552EAW6IOoPtqZDC0iLrxLJC
 JUZg==
X-Gm-Message-State: AOJu0Ywh4Y3kq+MDrPr4Zi7QF27yVrIZVicy1Xt/Wbfk5ORfGLhh4tpf
 NOWeJk3imFUPoxgxjsxbfCvaoivKThwVgf8hb8/Aet8AAwVHzr/M5K0OVXAZW/1bn6bUe5qWDDe
 LDzHRDVpmC9MdkDkHVF2C+tW8ADxvDy0U
X-Google-Smtp-Source: AGHT+IGtJjvB198THZ8cyGpnu9XNSS/C8vWmr2Wm563xvTE3VXpCL7YN1vIvYX7HxbGDhL/VOJqP2wlev/i4
X-Received: by 2002:a92:c910:0:b0:365:245c:6c9b with SMTP id
 t16-20020a92c910000000b00365245c6c9bmr1142427ilp.13.1711544606133; 
 Wed, 27 Mar 2024 06:03:26 -0700 (PDT)
Received: from postal.iol.unh.edu (postal.iol.unh.edu. [132.177.123.84])
 by smtp-relay.gmail.com with ESMTPS id
 i3-20020a63e443000000b005dc4b34446csm508321pgk.31.2024.03.27.06.03.25
 (version=TLS1_2 cipher=ECDHE-ECDSA-AES128-GCM-SHA256 bits=128/128);
 Wed, 27 Mar 2024 06:03:26 -0700 (PDT)
X-Relaying-Domain: iol.unh.edu
Date: Wed, 27 Mar 2024 06:03:26 -0700 (PDT)
Message-ID: <6604191e.630a0220.1db93.bdb1SMTPIN_ADDED_MISSING@mx.google.com>
Received: from [172.21.0.7] (unknown [172.18.0.240])
 by postal.iol.unh.edu (Postfix) with ESMTP id 2B1E96052471;
 Wed, 27 Mar 2024 09:03:25 -0400 (EDT)
Subject: |WARNING| pw138855 [PATCH] igc/ixgbe: add get/set link settings inte
From: dpdklab@iol.unh.edu
To: Test Report <test-report@dpdk.org>
Cc: dpdk-test-reports@iol.unh.edu, Marek Pazdan <mpazdan@arista.com>
In-Reply-To: <20240326235909.25276-1-mpazdan@arista.com>
References: <20240326235909.25276-1-mpazdan@arista.com>
Content-Type: text/plain
X-BeenThere: test-report@dpdk.org
X-Mailman-Version: 2.1.29
Precedence: list
List-Id: automatic DPDK test reports <test-report.dpdk.org>
List-Unsubscribe: <https://mails.dpdk.org/options/test-report>,
 <mailto:test-report-request@dpdk.org?subject=unsubscribe>
List-Archive: <http://mails.dpdk.org/archives/test-report/>
List-Post: <mailto:test-report@dpdk.org>
List-Help: <mailto:test-report-request@dpdk.org?subject=help>
List-Subscribe: <https://mails.dpdk.org/listinfo/test-report>,
 <mailto:test-report-request@dpdk.org?subject=subscribe>
Errors-To: test-report-bounces@dpdk.org

Test-Label: iol-abi-testing
Test-Status: WARNING
http://dpdk.org/patch/138855

_Testing issues_

Submitter: Marek Pazdan <mpazdan@arista.com>
Date: Tuesday, March 26 2024 23:59:07 
DPDK git baseline: Repo:dpdk
  Branch: master
  CommitID:ded4d4765171b88470e59307f10625e942f22fca

138855 --> testing fail

Test environment and result as below:

+-----------------+----------+
|   Environment   | abi_test |
+=================+==========+
| Debian Bullseye | FAIL     |
+-----------------+----------+
| Fedora 39       | FAIL     |
+-----------------+----------+
| Fedora 38       | FAIL     |
+-----------------+----------+
| CentOS Stream 9 | FAIL     |
+-----------------+----------+
| CentOS Stream 8 | FAIL     |
+-----------------+----------+
| Fedora 37       | FAIL     |
+-----------------+----------+
| Debian 11 (arm) | FAIL     |
+-----------------+----------+

==== 20 line log output for Debian 11 (arm) (abi_test): ====
Variables changes summary: 0 Removed, 0 Changed, 0 Added variable

Functions changes summary: 0 Removed, 0 Changed, 0 Added (1 filtered out) function
Variables changes summary: 0 Removed, 0 Changed, 0 Added variable

Functions changes summary: 0 Removed, 0 Changed (11 filtered out), 0 Added (1 filtered out) functions
Variables changes summary: 0 Removed, 0 Changed, 0 Added variable

Functions changes summary: 0 Removed, 0 Changed, 0 Added function
Variables changes summary: 0 Removed, 0 Changed, 0 Added (1 filtered out) variable

Functions changes summary: 0 Removed, 0 Changed (3 filtered out), 0 Added functions
Variables changes summary: 0 Removed, 0 Changed, 0 Added variable

Functions changes summary: 0 Removed, 0 Changed (1 filtered out), 0 Added function
Variables changes summary: 0 Removed, 0 Changed, 0 Added variable

Functions changes summary: 0 Removed, 0 Changed, 0 Added (2 filtered out) functions
Variables changes summary: 0 Removed, 0 Changed, 0 Added variable

==== End log output ====

Debian Bullseye
	Kernel: 5.4.0-167-generic
	Compiler: gcc 10.2.1-6

Fedora 39
	Kernel: Depends on container host
	Compiler: clang 17.0.6

Fedora 38
	Kernel: Depends on container host
	Compiler: clang 16.0.6

CentOS Stream 9
	Kernel: 5.4.0-167-generic
	Compiler: gcc 11.4.1 20230605

CentOS Stream 8
	Kernel: 5.4.0-167-generic
	Compiler: gcc 8.5.0 20210514

Fedora 37
	Kernel: Depends on container host system
	Compiler: gcc 12.3.1

Debian 11 (arm)
	Kernel: Container Host Kernel
	Compiler: gcc 10.2.1

To view detailed results, visit:
https://lab.dpdk.org/results/dashboard/patchsets/29665/

UNH-IOL DPDK Community Lab

To manage your email subscriptions, visit: 
https://lab.dpdk.org/results/dashboard/preferences/subscriptions/