From mboxrd@z Thu Jan  1 00:00:00 1970
Return-Path: <test-report-bounces@dpdk.org>
Received: from mails.dpdk.org (mails.dpdk.org [217.70.189.124])
	by inbox.dpdk.org (Postfix) with ESMTP id CB96143CF0
	for <public@inbox.dpdk.org>; Wed, 27 Mar 2024 18:31:57 +0100 (CET)
Received: from mails.dpdk.org (localhost [127.0.0.1])
	by mails.dpdk.org (Postfix) with ESMTP id C7D3C410EE;
	Wed, 27 Mar 2024 18:31:57 +0100 (CET)
Received: from mail-oi1-f228.google.com (mail-oi1-f228.google.com
 [209.85.167.228])
 by mails.dpdk.org (Postfix) with ESMTP id F3B0B402B2
 for <test-report@dpdk.org>; Wed, 27 Mar 2024 18:31:43 +0100 (CET)
Received: by mail-oi1-f228.google.com with SMTP id
 5614622812f47-3c3ceeb2d04so72064b6e.1
 for <test-report@dpdk.org>; Wed, 27 Mar 2024 10:31:43 -0700 (PDT)
DKIM-Signature: v=1; a=rsa-sha256; c=relaxed/relaxed;
 d=iol.unh.edu; s=unh-iol; t=1711560703; x=1712165503; darn=dpdk.org;
 h=references:in-reply-to:cc:to:from:subject:message-id:date:from:to
 :cc:subject:date:message-id:reply-to;
 bh=yNSAIXfZypcNxB+HuIGWa00ehqZRT8dzUT1O0Zz9HUA=;
 b=IR4sX2wzsllm/y0M6YJ3s0uPVO80CmoRuwPoQ/sJL7m1/yuE1j4dWj+mJs/ulhVSEz
 qNDPnQZxAsr9gX2/2D0LtY7F/OWzC0oASQJsdq6zMKY1xsTEFKseSzctMzZvEhO3kMb6
 uVE1V1arCX0zhx/E6/2lUPEjQ6Vdu/ZE75T6o=
X-Google-DKIM-Signature: v=1; a=rsa-sha256; c=relaxed/relaxed;
 d=1e100.net; s=20230601; t=1711560703; x=1712165503;
 h=references:in-reply-to:cc:to:from:subject:message-id:date
 :x-gm-message-state:from:to:cc:subject:date:message-id:reply-to;
 bh=yNSAIXfZypcNxB+HuIGWa00ehqZRT8dzUT1O0Zz9HUA=;
 b=v/xiXZhl/k2R6O7D2cmbIHyhWM0cdrazS0RrzSm0FKF/QuVguoZr4mynPzbhDKdXhS
 vgj8nqK/ymMeKAEMB62oemofnfs9JD8xQBwy7UFGqNdKBinSGfiCXeNar0lwM+kH3mxQ
 mQz93X9XSkI9QKbAgyds/LoQKHHqCGmz2yvUw7Kib6bxKDI9r3lMXjf4ML1Cj9Ytp1/R
 LVpkrLxMZuYEzCXUVwLZH+y0huSl5ySzDctggaOJbVVExNu3BSX3SA6yjmbI3rThs5EL
 yrYZu6lXA6VMswnhM8Q3ivrhl96C9mrmYBMaTLRKnk+VA2XPQxSXNGMEcBmk7l9mOW25
 3/eg==
X-Gm-Message-State: AOJu0Yweye0FVh/tXHSZzGFh0pvHZ+r7FYAiFBZI8HVjzMUKEYD3uTx2
 ZT9oYCW1/o5SJRukZrryKCov/9Hnn/qXAV+eleWo/i/EKusQXjGBb1LGYfXpEGkbIloSJqgnhoB
 PMB3Z0sIWhSklZNWBc2PgOUB/3vCGtHSVnI6cGDF9+IrNBRvjZ5ERngHk
X-Google-Smtp-Source: AGHT+IHyp+HcwZ/09WHnoj89e+Ofkr/k4XiiVNcTlKOFs2PUqLQbL4KPYNOBqiakECAT668BmDJfVju5dEtt
X-Received: by 2002:a05:6808:228d:b0:3c3:8b50:a3f1 with SMTP id
 bo13-20020a056808228d00b003c38b50a3f1mr507582oib.52.1711560703346; 
 Wed, 27 Mar 2024 10:31:43 -0700 (PDT)
Received: from postal.iol.unh.edu (postal.iol.unh.edu.
 [2606:4100:3880:1234::84]) by smtp-relay.gmail.com with ESMTPS id
 gd19-20020a05622a5c1300b004311ec03154sm1128055qtb.9.2024.03.27.10.31.43
 (version=TLS1_2 cipher=ECDHE-ECDSA-AES128-GCM-SHA256 bits=128/128);
 Wed, 27 Mar 2024 10:31:43 -0700 (PDT)
X-Relaying-Domain: iol.unh.edu
Date: Wed, 27 Mar 2024 10:31:43 -0700 (PDT)
Message-ID: <660457ff.050a0220.9750c.5236SMTPIN_ADDED_MISSING@mx.google.com>
Received: from [172.21.0.7] (unknown [172.18.0.240])
 by postal.iol.unh.edu (Postfix) with ESMTP id 0B1B26052471;
 Wed, 27 Mar 2024 13:31:43 -0400 (EDT)
Subject: |FAILURE| pw138857-138871 [PATCH] [v16,15/15] log: colorize log outp
From: dpdklab@iol.unh.edu
To: Test Report <test-report@dpdk.org>
Cc: dpdk-test-reports@iol.unh.edu,
 Stephen Hemminger <stephen@networkplumber.org>
In-Reply-To: <20240327164726.68732-16-stephen@networkplumber.org>
References: <20240327164726.68732-16-stephen@networkplumber.org>
Content-Type: text/plain
X-BeenThere: test-report@dpdk.org
X-Mailman-Version: 2.1.29
Precedence: list
List-Id: automatic DPDK test reports <test-report.dpdk.org>
List-Unsubscribe: <https://mails.dpdk.org/options/test-report>,
 <mailto:test-report-request@dpdk.org?subject=unsubscribe>
List-Archive: <http://mails.dpdk.org/archives/test-report/>
List-Post: <mailto:test-report@dpdk.org>
List-Help: <mailto:test-report-request@dpdk.org?subject=help>
List-Subscribe: <https://mails.dpdk.org/listinfo/test-report>,
 <mailto:test-report-request@dpdk.org?subject=subscribe>
Errors-To: test-report-bounces@dpdk.org

Test-Label: iol-compile-amd64-testing
Test-Status: FAILURE
http://dpdk.org/patch/138871

_Testing issues_

Submitter: Stephen Hemminger <stephen@networkplumber.org>
Date: Wednesday, March 27 2024 16:45:33 
DPDK git baseline: Repo:dpdk
  Branch: master
  CommitID:ded4d4765171b88470e59307f10625e942f22fca

138857-138871 --> testing fail

Test environment and result as below:

+---------------------+--------------------+----------------------+-------------------+
|     Environment     | dpdk_meson_compile | dpdk_mingw64_compile | dpdk_msvc_compile |
+=====================+====================+======================+===================+
| Windows Server 2022 | FAIL               | PASS                 | FAIL              |
+---------------------+--------------------+----------------------+-------------------+
| Windows Server 2019 | FAIL               | PASS                 | SKIPPED           |
+---------------------+--------------------+----------------------+-------------------+
| FreeBSD 13.2        | PASS               | SKIPPED              | SKIPPED           |
+---------------------+--------------------+----------------------+-------------------+
| Debian Bullseye     | PASS               | SKIPPED              | SKIPPED           |
+---------------------+--------------------+----------------------+-------------------+
| CentOS Stream 8     | PASS               | SKIPPED              | SKIPPED           |
+---------------------+--------------------+----------------------+-------------------+
| CentOS Stream 9     | PASS               | SKIPPED              | SKIPPED           |
+---------------------+--------------------+----------------------+-------------------+
| Fedora 37           | PASS               | SKIPPED              | SKIPPED           |
+---------------------+--------------------+----------------------+-------------------+
| Debian 11 (arm)     | PASS               | SKIPPED              | SKIPPED           |
+---------------------+--------------------+----------------------+-------------------+
| Fedora 38           | PASS               | SKIPPED              | SKIPPED           |
+---------------------+--------------------+----------------------+-------------------+

==== 20 line log output for Windows Server 2019 (dpdk_meson_compile): ====
^
../lib/log/log.c:1083:21: error: 'isatty' is deprecated: The POSIX name for this item is deprecated. Instead, use the ISO C and C++ conformant name: _isatty. See online help for details. [-Werror,-Wdeprecated-declarations]
bool is_terminal = isatty(STDERR_FILENO);
^
C:\Program Files (x86)\Windows Kits\10\Include\10.0.18362.0\ucrt\corecrt_io.h:490:24: note: 'isatty' has been explicitly marked deprecated here
_Check_return_ _CRT_NONSTDC_DEPRECATE(_isatty)
^
C:\Program Files (x86)\Windows Kits\10\Include\10.0.18362.0\ucrt\corecrt.h:335:50: note: expanded from macro '_CRT_NONSTDC_DEPRECATE'
#define _CRT_NONSTDC_DEPRECATE(_NewName) _CRT_DEPRECATE_TEXT(             \
^
C:\Program Files (x86)\Microsoft Visual Studio\2019\BuildTools\VC\Tools\MSVC\14.29.30133\include\vcruntime.h:310:47: note: expanded from macro '_CRT_DEPRECATE_TEXT'
#define _CRT_DEPRECATE_TEXT(_Text) __declspec(deprecated(_Text))
^
2 errors generated.
[192/826] Generating rte_telemetry_def with a custom command
[193/826] Compiling C object lib/librte_kvargs.a.p/kvargs_rte_kvargs.c.obj
[194/826] Generating rte_net_ixgbe.pmd.c with a custom command (wrapped by meson to set PATH)
[195/826] Compiling C object drivers/libtmp_rte_net_ice.a.p/net_ice_ice_hash.c.obj
[196/826] Compiling C object drivers/libtmp_rte_net_ice.a.p/net_ice_ice_dcf_vf_representor.c.obj
ninja: build stopped: subcommand failed.
==== End log output ====

Windows Server 2022
	Kernel: 10.0.20348.2031
	Compiler: clang 15.0.7, gcc 8.1.0 (MinGW), and MSVC VS 17.9

Windows Server 2019
	Kernel: 10.0.17763
	Compiler: clang 14.0 and gcc 8.1.0 (MinGW)

FreeBSD 13.2
	Kernel: 13.2
	Compiler: clang 14.0.5

Debian Bullseye
	Kernel: 5.4.0-167-generic
	Compiler: gcc 10.2.1-6

CentOS Stream 8
	Kernel: 5.4.0-167-generic
	Compiler: gcc 8.5.0 20210514

CentOS Stream 9
	Kernel: 5.4.0-167-generic
	Compiler: gcc 11.4.1 20230605

Fedora 37
	Kernel: Depends on container host system
	Compiler: gcc 12.3.1

Debian 11 (arm)
	Kernel: Container Host Kernel
	Compiler: gcc 10.2.1

Fedora 38
	Kernel: Depends on container host
	Compiler: gcc 13.2.1

To view detailed results, visit:
https://lab.dpdk.org/results/dashboard/patchsets/29667/

UNH-IOL DPDK Community Lab

To manage your email subscriptions, visit: 
https://lab.dpdk.org/results/dashboard/preferences/subscriptions/