From mboxrd@z Thu Jan  1 00:00:00 1970
Return-Path: <test-report-bounces@dpdk.org>
Received: from mails.dpdk.org (mails.dpdk.org [217.70.189.124])
	by inbox.dpdk.org (Postfix) with ESMTP id B075243D0E
	for <public@inbox.dpdk.org>; Wed, 27 Mar 2024 21:44:50 +0100 (CET)
Received: from mails.dpdk.org (localhost [127.0.0.1])
	by mails.dpdk.org (Postfix) with ESMTP id AB5CD402C0;
	Wed, 27 Mar 2024 21:44:50 +0100 (CET)
Received: from mail-il1-f225.google.com (mail-il1-f225.google.com
 [209.85.166.225])
 by mails.dpdk.org (Postfix) with ESMTP id C49F7402B2
 for <test-report@dpdk.org>; Wed, 27 Mar 2024 21:44:45 +0100 (CET)
Received: by mail-il1-f225.google.com with SMTP id
 e9e14a558f8ab-368a663344eso589165ab.2
 for <test-report@dpdk.org>; Wed, 27 Mar 2024 13:44:45 -0700 (PDT)
DKIM-Signature: v=1; a=rsa-sha256; c=relaxed/relaxed;
 d=iol.unh.edu; s=unh-iol; t=1711572285; x=1712177085; darn=dpdk.org;
 h=references:in-reply-to:cc:to:from:subject:message-id:date:from:to
 :cc:subject:date:message-id:reply-to;
 bh=+5SoxTLKf35igJZSY1atcaXeE43G0hZQyoQlhkrR+uw=;
 b=QELuAcILdcopl3TNk3mtYp7ZsnZglTSw1HwPkiZjMa9r+Kl0sGVWiBYNSB0VV14oNV
 9MfuyJQsz+5/puKRn26+D6iG7850S4mPBL4N1rwD73HOhIY7sNPVIPMrXHTYnq6M1bGG
 axUL4H1nJ+2TLjXcALhMeW7I514DweSOy0lsc=
X-Google-DKIM-Signature: v=1; a=rsa-sha256; c=relaxed/relaxed;
 d=1e100.net; s=20230601; t=1711572285; x=1712177085;
 h=references:in-reply-to:cc:to:from:subject:message-id:date
 :x-gm-message-state:from:to:cc:subject:date:message-id:reply-to;
 bh=+5SoxTLKf35igJZSY1atcaXeE43G0hZQyoQlhkrR+uw=;
 b=d0DE4lim2sKKaHCu5YWm858K3ajdfK7vmGQVkk60Q2hTlMR2vDbe/VT4ZV/61ede6r
 17JEV5MR5FdcxhzTUZlVzVtE4A7yvA+JAAQgrQYTEfVTXM903AdkYrFh8soptd6FquV2
 vF1d33anWIgPP0LbuuEAJ4CaBWIXVMAQcLJeqpYV59GMbixbXGuVojibbVNk4/agtfda
 KatcLVoSmodHrc3y7ztcpyinosHkQQ75AZ4FZC1kFKrDTp2hkoFFHtp3xMG+kLDbRUf+
 dWlHlMIRbocTZVrPldxamaKeRG3i9m6M/s9Xx+ZW/ZGNQLYvKdUD2lKcEEo32ZGglo/R
 kfGA==
X-Gm-Message-State: AOJu0YyC4w+tHBdAFBmRIr/jYXkKW1RlnW3dDPKGwawOzcTu8lQBxUWj
 Q4Dr53ibwf0kikmwuPta4deJF/DoGmvjy54yZfjBEx8nvY4nRb/yoV1DhgRXbiTG9ksvvg2uihd
 Zu+Pd1zTi1BOJgysN2MVEiWfccUj6/542qvrYeva7SGfROb5XzYwAstm5
X-Google-Smtp-Source: AGHT+IE3qsAauWhWcmF93mIqNCS0fYj+QwbGnEfq7LV4vTuqszSKk6CjQyBc02bTTdcZDr+7/f559kkxhmoI
X-Received: by 2002:a92:d310:0:b0:368:a267:8f09 with SMTP id
 x16-20020a92d310000000b00368a2678f09mr631499ila.7.1711572285131; 
 Wed, 27 Mar 2024 13:44:45 -0700 (PDT)
Received: from postal.iol.unh.edu (postal.iol.unh.edu.
 [2606:4100:3880:1234::84]) by smtp-relay.gmail.com with ESMTPS id
 s6-20020a056e02216600b00368a8371a80sm287096ilv.2.2024.03.27.13.44.45
 (version=TLS1_2 cipher=ECDHE-ECDSA-AES128-GCM-SHA256 bits=128/128);
 Wed, 27 Mar 2024 13:44:45 -0700 (PDT)
X-Relaying-Domain: iol.unh.edu
Date: Wed, 27 Mar 2024 13:44:45 -0700 (PDT)
Message-ID: <6604853d.050a0220.7fc2c.e17eSMTPIN_ADDED_MISSING@mx.google.com>
Received: from [172.21.0.6] (unknown [172.18.0.240])
 by postal.iol.unh.edu (Postfix) with ESMTP id 977A86052471;
 Wed, 27 Mar 2024 16:44:44 -0400 (EDT)
Subject: |WARNING| pw138873-138875 [PATCH] [v8,4/4] cryptodev: remove rte mar
From: dpdklab@iol.unh.edu
To: Test Report <test-report@dpdk.org>
Cc: Tyler Retzlaff <roretzla@linux.microsoft.com>,
 dpdk-test-reports@iol.unh.edu, Tyler Retzlaff <roretzla@linux.microsoft.com>
In-Reply-To: <1711569406-7750-5-git-send-email-roretzla@linux.microsoft.com>
References: <1711569406-7750-5-git-send-email-roretzla@linux.microsoft.com>
Content-Type: text/plain
X-BeenThere: test-report@dpdk.org
X-Mailman-Version: 2.1.29
Precedence: list
List-Id: automatic DPDK test reports <test-report.dpdk.org>
List-Unsubscribe: <https://mails.dpdk.org/options/test-report>,
 <mailto:test-report-request@dpdk.org?subject=unsubscribe>
List-Archive: <http://mails.dpdk.org/archives/test-report/>
List-Post: <mailto:test-report@dpdk.org>
List-Help: <mailto:test-report-request@dpdk.org?subject=help>
List-Subscribe: <https://mails.dpdk.org/listinfo/test-report>,
 <mailto:test-report-request@dpdk.org?subject=subscribe>
Errors-To: test-report-bounces@dpdk.org

Test-Label: iol-abi-testing
Test-Status: WARNING
http://dpdk.org/patch/138875

_Testing issues_

Submitter: Tyler Retzlaff <roretzla@linux.microsoft.com>
Date: Wednesday, March 27 2024 19:56:46 
DPDK git baseline: Repo:dpdk
  Branch: master
  CommitID:ded4d4765171b88470e59307f10625e942f22fca

138873-138875 --> testing fail

Test environment and result as below:

+------------------+----------+
|   Environment    | abi_test |
+==================+==========+
| openSUSE Leap 15 | FAIL     |
+------------------+----------+
| Fedora 38        | FAIL     |
+------------------+----------+
| CentOS Stream 9  | FAIL     |
+------------------+----------+
| Ubuntu 22.04     | FAIL     |
+------------------+----------+
| Fedora 37        | FAIL     |
+------------------+----------+
| Debian Bullseye  | FAIL     |
+------------------+----------+

==== 20 line log output for Debian Bullseye (abi_test): ====
type size hasn't changed
4 data member deletions:
'RTE_MARKER cacheline0', at offset 0 (in bits) at rte_mbuf_core.h:467:1
'union {uint32_t packet_type; struct {uint8_t l2_type; uint8_t l3_type; uint8_t l4_type; uint8_t tun_type; union {uint8_t inner_esp_next_proto; struct {uint8_t inner_l2_type; uint8_t inner_l3_type;};}; uint8_t inner_l4_type;};}', at offset 256 (in bits)
'union {union {uint32_t rss; struct {union {struct {uint16_t hash; uint16_t id;}; uint32_t lo;}; uint32_t hi;} fdir; rte_mbuf_sched sched; struct {uint32_t reserved1; uint16_t reserved2; uint16_t txq;} txadapter; uint32_t usr;} hash;}', at offset 352 (in bits)
'RTE_MARKER cacheline1', at offset 512 (in bits) at rte_mbuf_core.h:598:1
no data member change (1 filtered);
type size hasn't changed

Error: ABI issue reported for abidiff --suppr /home-local/jenkins-local/jenkins-agent/workspace/Generic-DPDK-Compile-ABI/dpdk/devtools/libabigail.abignore --no-added-syms --headers-dir1 reference/usr/local/include --headers-dir2 build_install/usr/local/include reference/usr/local/lib/x86_64-linux-gnu/librte_cryptodev.so.24.0 build_install/usr/local/lib/x86_64-linux-gnu/librte_cryptodev.so.24.1
ABIDIFF_ABI_CHANGE, this change requires a review (abidiff flagged this as a potential issue).
Functions changes summary: 0 Removed, 0 Changed (12 filtered out), 0 Added (1 filtered out) functions
Variables changes summary: 0 Removed, 0 Changed, 0 Added variable

Functions changes summary: 0 Removed, 0 Changed (29 filtered out), 0 Added functions
Variables changes summary: 0 Removed, 0 Changed, 0 Added variable

Functions changes summary: 0 Removed, 0 Changed, 0 Added (2 filtered out) functions
Variables changes summary: 0 Removed, 0 Changed, 0 Added variable

==== End log output ====

openSUSE Leap 15
	Kernel: 5.4.0-167-generic
	Compiler: gcc 7.5.0

Fedora 38
	Kernel: Depends on container host
	Compiler: clang 16.0.6

CentOS Stream 9
	Kernel: 5.4.0-167-generic
	Compiler: gcc 11.4.1 20230605

Ubuntu 22.04
	Kernel: 5.4.0-167-generic
	Compiler: gcc 11.4.0

Fedora 37
	Kernel: Depends on container host system
	Compiler: gcc 12.3.1

Debian Bullseye
	Kernel: 5.4.0-167-generic
	Compiler: gcc 10.2.1-6

To view detailed results, visit:
https://lab.dpdk.org/results/dashboard/patchsets/29669/

UNH-IOL DPDK Community Lab

To manage your email subscriptions, visit: 
https://lab.dpdk.org/results/dashboard/preferences/subscriptions/