From mboxrd@z Thu Jan  1 00:00:00 1970
Return-Path: <test-report-bounces@dpdk.org>
Received: from mails.dpdk.org (mails.dpdk.org [217.70.189.124])
	by inbox.dpdk.org (Postfix) with ESMTP id 876A843D6C
	for <public@inbox.dpdk.org>; Thu, 28 Mar 2024 14:21:13 +0100 (CET)
Received: from mails.dpdk.org (localhost [127.0.0.1])
	by mails.dpdk.org (Postfix) with ESMTP id 802A6402DF;
	Thu, 28 Mar 2024 14:21:13 +0100 (CET)
Received: from mail-qv1-f97.google.com (mail-qv1-f97.google.com
 [209.85.219.97]) by mails.dpdk.org (Postfix) with ESMTP id B918C402D8
 for <test-report@dpdk.org>; Thu, 28 Mar 2024 14:21:06 +0100 (CET)
Received: by mail-qv1-f97.google.com with SMTP id
 6a1803df08f44-695df25699fso6742786d6.2
 for <test-report@dpdk.org>; Thu, 28 Mar 2024 06:21:06 -0700 (PDT)
DKIM-Signature: v=1; a=rsa-sha256; c=relaxed/relaxed;
 d=iol.unh.edu; s=unh-iol; t=1711632066; x=1712236866; darn=dpdk.org;
 h=references:in-reply-to:cc:to:from:subject:message-id:date:from:to
 :cc:subject:date:message-id:reply-to;
 bh=sja9yNxDj9OgAG702BSkaE4TPGwOXAcR1tpWoGfRNXQ=;
 b=bd79eTA/2s0J6B1lwqe2zwkz3nczvA03xNJbmef3aJMAMScr3ZxeNgVsOGXgOQPIKn
 LqUo40DNAw1eyQtv9bX2M4yM2ibEJorxTLvTRO0DPnpXZCoL+mSJ+/3e9N/UCz7Cf2mB
 rk3rt8KYSi0bJl+VGW2xYSr/2Xu1QL2HdW9D4=
X-Google-DKIM-Signature: v=1; a=rsa-sha256; c=relaxed/relaxed;
 d=1e100.net; s=20230601; t=1711632066; x=1712236866;
 h=references:in-reply-to:cc:to:from:subject:message-id:date
 :x-gm-message-state:from:to:cc:subject:date:message-id:reply-to;
 bh=sja9yNxDj9OgAG702BSkaE4TPGwOXAcR1tpWoGfRNXQ=;
 b=r+xMSh7dWmAeOG7RmC3hBdcY6ubdLpwoJ4tVwPm26oqW0dxD6/RVoBPUb+UV6XW/FA
 ET9nT7Lesx/oubqG7//PwHbwHOmjW1wAuLYdVQDizc6tYKBRUzG3Tcs6NFqW9cf14a06
 eOVKIlZEPIv81YWe1ewz1mmy0Sg5J2p70ZPXdYSuQCnwP6lEP2NWXEECDp2k/1uJSNVA
 Vi4KokPmG9lleeaggkEeJ4XBDZMX3Ne1w2lFSebw//f69beyKo87TGLk9BmsBiv58t9M
 T5xqnq0pLLXu1MBZSzG+yoYlICwPytdeMBuJmKKURXhfguxpuui1aKtk1KmIFD3Ij77m
 uncw==
X-Gm-Message-State: AOJu0YzC88uSoWpnMBiZCxNp8adkIq57seF6Et/qOt5JvNwtaIlG4/cm
 djipwE/YgqupxJdvvO1akUR/MUSKUlggnYuAEQ414ODXiDnkcvqsMk5cJaUuDzGzGP/q1DSfH73
 pupg2Bd4wUjCm0YStvNH3yiZs6ad8kwyjwr2BOeEK
X-Google-Smtp-Source: AGHT+IFMKanr70PuMBI60nOEmireXaPkInGL6geJ8h8Gr5SOKuInRUFrN2hTrux45+GqoFOtsC6omXf64nPp
X-Received: by 2002:a0c:c484:0:b0:696:78db:97bb with SMTP id
 u4-20020a0cc484000000b0069678db97bbmr2355020qvi.60.1711632066225; 
 Thu, 28 Mar 2024 06:21:06 -0700 (PDT)
Received: from postal.iol.unh.edu (postal.iol.unh.edu. [132.177.123.84])
 by smtp-relay.gmail.com with ESMTPS id
 gs12-20020a056214226c00b00691001a4e23sm91746qvb.76.2024.03.28.06.21.06
 (version=TLS1_2 cipher=ECDHE-ECDSA-AES128-GCM-SHA256 bits=128/128);
 Thu, 28 Mar 2024 06:21:06 -0700 (PDT)
X-Relaying-Domain: iol.unh.edu
Date: Thu, 28 Mar 2024 06:21:06 -0700 (PDT)
Message-ID: <66056ec2.050a0220.f4ddd.67cfSMTPIN_ADDED_MISSING@mx.google.com>
Received: from [172.21.0.6] (unknown [172.18.0.240])
 by postal.iol.unh.edu (Postfix) with ESMTP id ED9C06052471;
 Thu, 28 Mar 2024 09:21:05 -0400 (EDT)
Subject: |FAILURE| pw138937-138951 [PATCH] [v17,15/15] log: colorize log outp
From: dpdklab@iol.unh.edu
To: Test Report <test-report@dpdk.org>
Cc: dpdk-test-reports@iol.unh.edu,
 Stephen Hemminger <stephen@networkplumber.org>
In-Reply-To: <20240327233001.83505-16-stephen@networkplumber.org>
References: <20240327233001.83505-16-stephen@networkplumber.org>
Content-Type: text/plain
X-BeenThere: test-report@dpdk.org
X-Mailman-Version: 2.1.29
Precedence: list
List-Id: automatic DPDK test reports <test-report.dpdk.org>
List-Unsubscribe: <https://mails.dpdk.org/options/test-report>,
 <mailto:test-report-request@dpdk.org?subject=unsubscribe>
List-Archive: <http://mails.dpdk.org/archives/test-report/>
List-Post: <mailto:test-report@dpdk.org>
List-Help: <mailto:test-report-request@dpdk.org?subject=help>
List-Subscribe: <https://mails.dpdk.org/listinfo/test-report>,
 <mailto:test-report-request@dpdk.org?subject=subscribe>
Errors-To: test-report-bounces@dpdk.org

Test-Label: iol-compile-amd64-testing
Test-Status: FAILURE
http://dpdk.org/patch/138951

_Testing issues_

Submitter: Stephen Hemminger <stephen@networkplumber.org>
Date: Wednesday, March 27 2024 23:28:38 
DPDK git baseline: Repo:dpdk
  Branch: master
  CommitID:c29202f2f70abd22e3d74e0671ec9f6cb9e387ee

138937-138951 --> testing fail

Test environment and result as below:

+---------------------+--------------------+----------------------+-------------------+
|     Environment     | dpdk_meson_compile | dpdk_mingw64_compile | dpdk_msvc_compile |
+=====================+====================+======================+===================+
| Windows Server 2022 | FAIL               | PASS                 | FAIL              |
+---------------------+--------------------+----------------------+-------------------+
| Windows Server 2019 | FAIL               | PASS                 | SKIPPED           |
+---------------------+--------------------+----------------------+-------------------+
| FreeBSD 13.2        | PASS               | SKIPPED              | SKIPPED           |
+---------------------+--------------------+----------------------+-------------------+

==== 20 line log output for Windows Server 2019 (dpdk_meson_compile): ====
"clang" "-Ilib\librte_log.a.p" "-Ilib" "-I..\lib" "-I." "-I.." "-Iconfig" "-I..\config" "-Ilib\eal\include" "-I..\lib\eal\include" "-Ilib\eal\windows\include" "-I..\lib\eal\windows\include" "-Ilib\eal\x86\include" "-I..\lib\eal\x86\include" "-Ilib\log" "-I..\lib\log" "-IC:\Program Files\Mellanox\MLNX_WinOF2_DevX_SDK\inc" "-Xclang" "-fcolor-diagnostics" "-pipe" "-D_FILE_OFFSET_BITS=64" "-Wall" "-Winvalid-pch" "-Wextra" "-Werror" "-std=c11" "-O3" "-include" "rte_config.h" "-Wcast-qual" "-Wdeprecated" "-Wformat" "-Wformat-nonliteral" "-Wformat-security" "-Wmissing-declarations" "-Wmissing-prototypes" "-Wnested-externs" "-Wold-style-definition" "-Wpointer-arith" "-Wsign-compare" "-Wstrict-prototypes" "-Wundef" "-Wwrite-strings" "-Wno-address-of-packed-member" "-Wno-missing-field-initializers" "-D_GNU_SOURCE" "-D_WIN32_WINNT=0x0A00" "-D_CRT_SECURE_NO_WARNINGS" "-march=native" "-mrtm" "-DALLOW_EXPERIMENTAL_API" "-DALLOW_INTERNAL_API" "-DRTE_LOG_DEFAULT_LOGTYPE=lib.log" "-DRTE_ANNOTATE_LOCK
 S" "-Wthread-safety" -MD -MQ lib/librte_log.a.p/log_log.c.obj -MF "lib\librte_log.a.p\log_log.c.obj.d" -o lib/librte_log.a.p/log_log.c.obj "-c" ../lib/log/log.c
../lib/log/log.c:1088:24: error: 'fileno' is deprecated: The POSIX name for this item is deprecated. Instead, use the ISO C and C++ conformant name: _fileno. See online help for details. [-Werror,-Wdeprecated-declarations]
is_terminal = _isatty(fileno(stderr));
^
C:\Program Files (x86)\Windows Kits\10\Include\10.0.18362.0\ucrt\stdio.h:2459:28: note: 'fileno' has been explicitly marked deprecated here
_Check_return_     _CRT_NONSTDC_DEPRECATE(_fileno)    _ACRTIMP int   __cdecl fileno(_In_ FILE* _Stream);
^
C:\Program Files (x86)\Windows Kits\10\Include\10.0.18362.0\ucrt\corecrt.h:335:50: note: expanded from macro '_CRT_NONSTDC_DEPRECATE'
#define _CRT_NONSTDC_DEPRECATE(_NewName) _CRT_DEPRECATE_TEXT(             \
^
C:\Program Files (x86)\Microsoft Visual Studio\2019\BuildTools\VC\Tools\MSVC\14.29.30133\include\vcruntime.h:310:47: note: expanded from macro '_CRT_DEPRECATE_TEXT'
#define _CRT_DEPRECATE_TEXT(_Text) __declspec(deprecated(_Text))
^
1 error generated.
[6/826] Compiling C object lib/librte_kvargs.a.p/kvargs_rte_kvargs.c.obj
[7/826] Compiling C object lib/librte_eal.a.p/eal_common_eal_common_debug.c.obj
[8/826] Compiling C object lib/librte_eal.a.p/eal_common_eal_common_config.c.obj
[9/826] Compiling C object lib/librte_eal.a.p/eal_common_eal_common_dev.c.obj
[10/826] Compiling C object lib/librte_eal.a.p/eal_common_eal_common_devargs.c.obj
ninja: build stopped: subcommand failed.
==== End log output ====

Windows Server 2022
	Kernel: 10.0.20348.2031
	Compiler: clang 15.0.7, gcc 8.1.0 (MinGW), and MSVC VS 17.9

Windows Server 2019
	Kernel: 10.0.17763
	Compiler: clang 14.0 and gcc 8.1.0 (MinGW)

FreeBSD 13.2
	Kernel: 13.2
	Compiler: clang 14.0.5

To view detailed results, visit:
https://lab.dpdk.org/results/dashboard/patchsets/29672/

UNH-IOL DPDK Community Lab

To manage your email subscriptions, visit: 
https://lab.dpdk.org/results/dashboard/preferences/subscriptions/