From mboxrd@z Thu Jan  1 00:00:00 1970
Return-Path: <test-report-bounces@dpdk.org>
Received: from mails.dpdk.org (mails.dpdk.org [217.70.189.124])
	by inbox.dpdk.org (Postfix) with ESMTP id 113A543D6C
	for <public@inbox.dpdk.org>; Thu, 28 Mar 2024 14:21:44 +0100 (CET)
Received: from mails.dpdk.org (localhost [127.0.0.1])
	by mails.dpdk.org (Postfix) with ESMTP id 0379840FDE;
	Thu, 28 Mar 2024 14:21:44 +0100 (CET)
Received: from mail-oo1-f100.google.com (mail-oo1-f100.google.com
 [209.85.161.100])
 by mails.dpdk.org (Postfix) with ESMTP id D8EBD402D8
 for <test-report@dpdk.org>; Thu, 28 Mar 2024 14:21:36 +0100 (CET)
Received: by mail-oo1-f100.google.com with SMTP id
 006d021491bc7-5a492093073so426153eaf.0
 for <test-report@dpdk.org>; Thu, 28 Mar 2024 06:21:36 -0700 (PDT)
DKIM-Signature: v=1; a=rsa-sha256; c=relaxed/relaxed;
 d=iol.unh.edu; s=unh-iol; t=1711632096; x=1712236896; darn=dpdk.org;
 h=references:in-reply-to:cc:to:from:subject:message-id:date:from:to
 :cc:subject:date:message-id:reply-to;
 bh=sja9yNxDj9OgAG702BSkaE4TPGwOXAcR1tpWoGfRNXQ=;
 b=g5rGBkXKAn+ynE6xqPnjN0l7tjd8DAo/DI1dgoA2d7/AdUtUi7yKGB3fab3/p3H6Hf
 mywwv+A3g4HqedOZN5h5wr1nsnpDk6fMFgMZEw1qdPw5zXrTz2WmCo76abnJHC2uYmxS
 56Pl9I0wC3JELeLGtvQZVcFMgmyZvPMqi1CQo=
X-Google-DKIM-Signature: v=1; a=rsa-sha256; c=relaxed/relaxed;
 d=1e100.net; s=20230601; t=1711632096; x=1712236896;
 h=references:in-reply-to:cc:to:from:subject:message-id:date
 :x-gm-message-state:from:to:cc:subject:date:message-id:reply-to;
 bh=sja9yNxDj9OgAG702BSkaE4TPGwOXAcR1tpWoGfRNXQ=;
 b=N0PytGS/oSDVzyAzhouRwCEkPTRQrg1QZx7SpHsKb8tVaoeWD4AvgBRFnIJa3+mmWg
 ToqtaRFfIdLA6/2QDDOZ374EBQ/IJFVIy1XmbpoBTW5CcLmFDG85xzHt1alPCCW4zSh1
 irbamLkjD5ACiBZ41cobIBEqFwPrL72eFJBGDka4mZhuUdqlPV9tvvgf7yQeIl3qJuB+
 J+dkGpW0gOoa+PZDJCNWMocYxbI1pY2b5BQwxkAVL15sDA+oaK2VFdsSyULGOa3Pg963
 QA8lSdu57hAn0qkn4y2rfUBrbQc/6c8+YHNXj4gkgGoT/74AsA6KP09Yvc0sd7giJq8x
 sdTg==
X-Gm-Message-State: AOJu0Yxj7HWkt40MKm/4WAKMxeLfms8K2gJKFCwwZ13cNTafDWYXBTFD
 jHdQj7hR7H/MuSbH4GD9x+GmAXUeEMh+zkBXSJAibiPJzWvDYdP9QjAOY7zbVP5C4L8gibJGgnK
 rMj0j3BEw74nSnMDvMYhv64/JTrnyWzXXb5u7/59/h6QtzO0CJ7PJ5OUu
X-Google-Smtp-Source: AGHT+IEpWygWM7i+UPh0UqQpTblNL3w5tnSklQ8+8Ai2XahFhSyAdlNarGQwiBf1s8Bs8aip86oD+4sK1RgM
X-Received: by 2002:a4a:c615:0:b0:5a4:9b0f:3652 with SMTP id
 l21-20020a4ac615000000b005a49b0f3652mr658919ooq.3.1711632096198; 
 Thu, 28 Mar 2024 06:21:36 -0700 (PDT)
Received: from postal.iol.unh.edu (postal.iol.unh.edu.
 [2606:4100:3880:1234::84]) by smtp-relay.gmail.com with ESMTPS id
 v190-20020a4a5ac7000000b005a0577977casm92255ooa.28.2024.03.28.06.21.36
 (version=TLS1_2 cipher=ECDHE-ECDSA-AES128-GCM-SHA256 bits=128/128);
 Thu, 28 Mar 2024 06:21:36 -0700 (PDT)
X-Relaying-Domain: iol.unh.edu
Date: Thu, 28 Mar 2024 06:21:36 -0700 (PDT)
Message-ID: <66056ee0.4a0a0220.5e850.6297SMTPIN_ADDED_MISSING@mx.google.com>
Received: from [172.21.0.7] (unknown [172.18.0.240])
 by postal.iol.unh.edu (Postfix) with ESMTP id C77DE6052471;
 Thu, 28 Mar 2024 09:21:35 -0400 (EDT)
Subject: |FAILURE| pw138937-138951 [PATCH] [v17,15/15] log: colorize log outp
From: dpdklab@iol.unh.edu
To: Test Report <test-report@dpdk.org>
Cc: dpdk-test-reports@iol.unh.edu,
 Stephen Hemminger <stephen@networkplumber.org>
In-Reply-To: <20240327233001.83505-16-stephen@networkplumber.org>
References: <20240327233001.83505-16-stephen@networkplumber.org>
Content-Type: text/plain
X-BeenThere: test-report@dpdk.org
X-Mailman-Version: 2.1.29
Precedence: list
List-Id: automatic DPDK test reports <test-report.dpdk.org>
List-Unsubscribe: <https://mails.dpdk.org/options/test-report>,
 <mailto:test-report-request@dpdk.org?subject=unsubscribe>
List-Archive: <http://mails.dpdk.org/archives/test-report/>
List-Post: <mailto:test-report@dpdk.org>
List-Help: <mailto:test-report-request@dpdk.org?subject=help>
List-Subscribe: <https://mails.dpdk.org/listinfo/test-report>,
 <mailto:test-report-request@dpdk.org?subject=subscribe>
Errors-To: test-report-bounces@dpdk.org

Test-Label: iol-compile-amd64-testing
Test-Status: FAILURE
http://dpdk.org/patch/138951

_Testing issues_

Submitter: Stephen Hemminger <stephen@networkplumber.org>
Date: Wednesday, March 27 2024 23:28:38 
DPDK git baseline: Repo:dpdk
  Branch: master
  CommitID:c29202f2f70abd22e3d74e0671ec9f6cb9e387ee

138937-138951 --> testing fail

Test environment and result as below:

+---------------------+--------------------+----------------------+-------------------+
|     Environment     | dpdk_meson_compile | dpdk_mingw64_compile | dpdk_msvc_compile |
+=====================+====================+======================+===================+
| Windows Server 2022 | FAIL               | PASS                 | FAIL              |
+---------------------+--------------------+----------------------+-------------------+
| Windows Server 2019 | FAIL               | PASS                 | SKIPPED           |
+---------------------+--------------------+----------------------+-------------------+
| FreeBSD 13.2        | PASS               | SKIPPED              | SKIPPED           |
+---------------------+--------------------+----------------------+-------------------+

==== 20 line log output for Windows Server 2019 (dpdk_meson_compile): ====
"clang" "-Ilib\librte_log.a.p" "-Ilib" "-I..\lib" "-I." "-I.." "-Iconfig" "-I..\config" "-Ilib\eal\include" "-I..\lib\eal\include" "-Ilib\eal\windows\include" "-I..\lib\eal\windows\include" "-Ilib\eal\x86\include" "-I..\lib\eal\x86\include" "-Ilib\log" "-I..\lib\log" "-IC:\Program Files\Mellanox\MLNX_WinOF2_DevX_SDK\inc" "-Xclang" "-fcolor-diagnostics" "-pipe" "-D_FILE_OFFSET_BITS=64" "-Wall" "-Winvalid-pch" "-Wextra" "-Werror" "-std=c11" "-O3" "-include" "rte_config.h" "-Wcast-qual" "-Wdeprecated" "-Wformat" "-Wformat-nonliteral" "-Wformat-security" "-Wmissing-declarations" "-Wmissing-prototypes" "-Wnested-externs" "-Wold-style-definition" "-Wpointer-arith" "-Wsign-compare" "-Wstrict-prototypes" "-Wundef" "-Wwrite-strings" "-Wno-address-of-packed-member" "-Wno-missing-field-initializers" "-D_GNU_SOURCE" "-D_WIN32_WINNT=0x0A00" "-D_CRT_SECURE_NO_WARNINGS" "-march=native" "-mrtm" "-DALLOW_EXPERIMENTAL_API" "-DALLOW_INTERNAL_API" "-DRTE_LOG_DEFAULT_LOGTYPE=lib.log" "-DRTE_ANNOTATE_LOCK
 S" "-Wthread-safety" -MD -MQ lib/librte_log.a.p/log_log.c.obj -MF "lib\librte_log.a.p\log_log.c.obj.d" -o lib/librte_log.a.p/log_log.c.obj "-c" ../lib/log/log.c
../lib/log/log.c:1088:24: error: 'fileno' is deprecated: The POSIX name for this item is deprecated. Instead, use the ISO C and C++ conformant name: _fileno. See online help for details. [-Werror,-Wdeprecated-declarations]
is_terminal = _isatty(fileno(stderr));
^
C:\Program Files (x86)\Windows Kits\10\Include\10.0.18362.0\ucrt\stdio.h:2459:28: note: 'fileno' has been explicitly marked deprecated here
_Check_return_     _CRT_NONSTDC_DEPRECATE(_fileno)    _ACRTIMP int   __cdecl fileno(_In_ FILE* _Stream);
^
C:\Program Files (x86)\Windows Kits\10\Include\10.0.18362.0\ucrt\corecrt.h:335:50: note: expanded from macro '_CRT_NONSTDC_DEPRECATE'
#define _CRT_NONSTDC_DEPRECATE(_NewName) _CRT_DEPRECATE_TEXT(             \
^
C:\Program Files (x86)\Microsoft Visual Studio\2019\BuildTools\VC\Tools\MSVC\14.29.30133\include\vcruntime.h:310:47: note: expanded from macro '_CRT_DEPRECATE_TEXT'
#define _CRT_DEPRECATE_TEXT(_Text) __declspec(deprecated(_Text))
^
1 error generated.
[6/826] Compiling C object lib/librte_kvargs.a.p/kvargs_rte_kvargs.c.obj
[7/826] Compiling C object lib/librte_eal.a.p/eal_common_eal_common_debug.c.obj
[8/826] Compiling C object lib/librte_eal.a.p/eal_common_eal_common_config.c.obj
[9/826] Compiling C object lib/librte_eal.a.p/eal_common_eal_common_dev.c.obj
[10/826] Compiling C object lib/librte_eal.a.p/eal_common_eal_common_devargs.c.obj
ninja: build stopped: subcommand failed.
==== End log output ====

Windows Server 2022
	Kernel: 10.0.20348.2031
	Compiler: clang 15.0.7, gcc 8.1.0 (MinGW), and MSVC VS 17.9

Windows Server 2019
	Kernel: 10.0.17763
	Compiler: clang 14.0 and gcc 8.1.0 (MinGW)

FreeBSD 13.2
	Kernel: 13.2
	Compiler: clang 14.0.5

To view detailed results, visit:
https://lab.dpdk.org/results/dashboard/patchsets/29672/

UNH-IOL DPDK Community Lab

To manage your email subscriptions, visit: 
https://lab.dpdk.org/results/dashboard/preferences/subscriptions/