From mboxrd@z Thu Jan  1 00:00:00 1970
Return-Path: <test-report-bounces@dpdk.org>
Received: from mails.dpdk.org (mails.dpdk.org [217.70.189.124])
	by inbox.dpdk.org (Postfix) with ESMTP id 3406F43D6C
	for <public@inbox.dpdk.org>; Thu, 28 Mar 2024 14:58:07 +0100 (CET)
Received: from mails.dpdk.org (localhost [127.0.0.1])
	by mails.dpdk.org (Postfix) with ESMTP id 305FD410D5;
	Thu, 28 Mar 2024 14:58:07 +0100 (CET)
Received: from mail-pg1-f228.google.com (mail-pg1-f228.google.com
 [209.85.215.228])
 by mails.dpdk.org (Postfix) with ESMTP id EC962402D8
 for <test-report@dpdk.org>; Thu, 28 Mar 2024 14:57:40 +0100 (CET)
Received: by mail-pg1-f228.google.com with SMTP id
 41be03b00d2f7-5d4d15ec7c5so692549a12.1
 for <test-report@dpdk.org>; Thu, 28 Mar 2024 06:57:40 -0700 (PDT)
DKIM-Signature: v=1; a=rsa-sha256; c=relaxed/relaxed;
 d=iol.unh.edu; s=unh-iol; t=1711634260; x=1712239060; darn=dpdk.org;
 h=references:in-reply-to:cc:to:from:subject:message-id:date:from:to
 :cc:subject:date:message-id:reply-to;
 bh=avg2dV10KVtr8Vjefg8xZADf3ZfSz6vRb1Q/oHtDgnA=;
 b=aunrXQxZpRX2J0LBBDa/A5LKIWNUC2t6n1JkDYCRARCR//1E33D11ImDpAbh2qBVar
 /3SOtqCjmhpbujmYgotSx0cI6zdBLmmp8fgFv1q+TIMKgjKcVKQsJL9VL1JJZcIVPfrU
 Fu0b/7cuozhTWaqhPnohSDdaJhxr5aCSFIwxM=
X-Google-DKIM-Signature: v=1; a=rsa-sha256; c=relaxed/relaxed;
 d=1e100.net; s=20230601; t=1711634260; x=1712239060;
 h=references:in-reply-to:cc:to:from:subject:message-id:date
 :x-gm-message-state:from:to:cc:subject:date:message-id:reply-to;
 bh=avg2dV10KVtr8Vjefg8xZADf3ZfSz6vRb1Q/oHtDgnA=;
 b=Z7p8X1RPjPNN0+NnI1o3HJLF3NeC61B/ZhaGrJO3ldSEDrYrhm76zo018PILSy5g2Y
 d9+vd3n8DaUGOOxINsn3uloZW+vCth6vuKUtgxzidiiTSwm/x3v4RG8eUo9vkF+WkISz
 DwEr6vVEbuQw6NKVAnw82OZPNxNb4sCb6DKF8Abs4g3DwBvpnIAJgvxcQCWPceOZyN0N
 YmNLGNh/1CFi5HLnYm3hTdfhzw1EsP9WNkJbuBZs2lmQ9lLY9cdmhsdL9TOruL3UIXrG
 YAsBjjpQyLkGiI2V1SgC38q7NrrM30QY5XJwmGFRHxI36M+1iMO4n70SfNWt8YOyd5sY
 AzjQ==
X-Gm-Message-State: AOJu0Yx6poKA0pMaMzBUNpYfsCb8zvCvVZaSNk2YfzBP0q+bmCBHFtFJ
 eYHEcTb6hVL1eL8nCk+Y0uze5GgagOlJehTpkPnrSBStzS9NAombDp8tEFyEPWuG7LRiebVujyk
 pUm7kSPBsUz+u4loCdfgauiPj4MsuQMKW1ds1/Zvz
X-Google-Smtp-Source: AGHT+IHEOni/QeSX2CKh4CrO2FzC1yYI/mxPvDSY41VyRJQ1kQpPDEttIIO00JDeIemT58WBOkKWQA+ITIqt
X-Received: by 2002:a05:6a20:7f9b:b0:1a3:bdd6:efef with SMTP id
 d27-20020a056a207f9b00b001a3bdd6efefmr3544122pzj.50.1711634260102; 
 Thu, 28 Mar 2024 06:57:40 -0700 (PDT)
Received: from postal.iol.unh.edu (postal.iol.unh.edu. [132.177.123.84])
 by smtp-relay.gmail.com with ESMTPS id
 z4-20020a626504000000b006eab82d6163sm152957pfb.19.2024.03.28.06.57.39
 (version=TLS1_2 cipher=ECDHE-ECDSA-AES128-GCM-SHA256 bits=128/128);
 Thu, 28 Mar 2024 06:57:40 -0700 (PDT)
X-Relaying-Domain: iol.unh.edu
Date: Thu, 28 Mar 2024 06:57:40 -0700 (PDT)
Message-ID: <66057754.620a0220.82aed.a687SMTPIN_ADDED_MISSING@mx.google.com>
Received: from [172.21.0.7] (unknown [172.18.0.240])
 by postal.iol.unh.edu (Postfix) with ESMTP id 596F56052471;
 Thu, 28 Mar 2024 09:57:39 -0400 (EDT)
Subject: |FAILURE| pw138937-138951 [PATCH] [v17,15/15] log: colorize log outp
From: dpdklab@iol.unh.edu
To: Test Report <test-report@dpdk.org>
Cc: Stephen Hemminger <stephen@networkplumber.org>,
 dpdk-test-reports@iol.unh.edu, Stephen Hemminger <stephen@networkplumber.org>
In-Reply-To: <20240327233001.83505-16-stephen@networkplumber.org>
References: <20240327233001.83505-16-stephen@networkplumber.org>
Content-Type: text/plain
X-BeenThere: test-report@dpdk.org
X-Mailman-Version: 2.1.29
Precedence: list
List-Id: automatic DPDK test reports <test-report.dpdk.org>
List-Unsubscribe: <https://mails.dpdk.org/options/test-report>,
 <mailto:test-report-request@dpdk.org?subject=unsubscribe>
List-Archive: <http://mails.dpdk.org/archives/test-report/>
List-Post: <mailto:test-report@dpdk.org>
List-Help: <mailto:test-report-request@dpdk.org?subject=help>
List-Subscribe: <https://mails.dpdk.org/listinfo/test-report>,
 <mailto:test-report-request@dpdk.org?subject=subscribe>
Errors-To: test-report-bounces@dpdk.org

Test-Label: iol-unit-amd64-testing
Test-Status: FAILURE
http://dpdk.org/patch/138951

_Testing issues_

Submitter: Stephen Hemminger <stephen@networkplumber.org>
Date: Wednesday, March 27 2024 23:28:38 
DPDK git baseline: Repo:dpdk
  Branch: master
  CommitID:c29202f2f70abd22e3d74e0671ec9f6cb9e387ee

138937-138951 --> testing fail

Test environment and result as below:

+---------------------+----------------+
|     Environment     | dpdk_unit_test |
+=====================+================+
| Windows Server 2019 | FAIL           |
+---------------------+----------------+
| Windows Server 2022 | FAIL           |
+---------------------+----------------+
| CentOS Stream 8     | PASS           |
+---------------------+----------------+
| CentOS Stream 9     | PASS           |
+---------------------+----------------+
| Debian Bullseye     | PASS           |
+---------------------+----------------+

==== 20 line log output for Windows Server 2022 (dpdk_unit_test): ====
� � � � � � � � �i�s�_�t�e�r�m�i�n�a�l� �=� �_�i�s�a�t�t�y�(�f�i�l�e�n�o�(�s�t�d�e�r�r�)�)�;�
�
� � � � � � � � � � � � � � � � � � � � � � � � � � � � � � �^�
�
�C�:�\�P�r�o�g�r�a�m� �F�i�l�e�s� �(�x�8�6�)�\�W�i�n�d�o�w�s� �K�i�t�s�\�1�0�\�I�n�c�l�u�d�e�\�1�0�.�0�.�2�2�6�2�1�.�0�\�u�c�r�t�\�s�t�d�i�o�.�h�:�2�4�3�3�:�2�8�:� �n�o�t�e�:� �'�f�i�l�e�n�o�'� �h�a�s� �b�e�e�n� �e�x�p�l�i�c�i�t�l�y� �m�a�r�k�e�d� �d�e�p�r�e�c�a�t�e�d� �h�e�r�e�
�
� � � � � � � � �_�C�h�e�c�k�_�r�e�t�u�r�n�_� � � � � �_�C�R�T�_�N�O�N�S�T�D�C�_�D�E�P�R�E�C�A�T�E�(�_�f�i�l�e�n�o�)� � � � �_�A�C�R�T�I�M�P� �i�n�t� � � �_�_�c�d�e�c�l� �f�i�l�e�n�o�(�_�I�n�_� �F�I�L�E�*� �_�S�t�r�e�a�m�)�;�
�
� � � � � � � � � � � � � � � � � � � � � � � � � � � �^�
�
�C�:�\�P�r�o�g�r�a�m� �F�i�l�e�s� �(�x�8�6�)�\�W�i�n�d�o�w�s� �K�i�t�s�\�1�0�\�I�n�c�l�u�d�e�\�1�0�.�0�.�2�2�6�2�1�.�0�\�u�c�r�t�\�c�o�r�e�c�r�t�.�h�:�4�2�8�:�5�0�:� �n�o�t�e�:� �e�x�p�a�n�d�e�d� �f�r�o�m� �m�a�c�r�o� �'�_�C�R�T�_�N�O�N�S�T�D�C�_�D�E�P�R�E�C�A�T�E�'�
�
� � � � � � � � �#�d�e�f�i�n�e� �_�C�R�T�_�N�O�N�S�T�D�C�_�D�E�P�R�E�C�A�T�E�(�_�N�e�w�N�a�m�e�)� �_�C�R�T�_�D�E�P�R�E�C�A�T�E�_�T�E�X�T�(� � � � � � � � � � � � � �\�
�
� � � � � � � � � � � � � � � � � � � � � � � � � � � � � � � � � � � � � � � � � � � � � � � � � �^�
�
�C�:�\�P�r�o�g�r�a�m� �F�i�l�e�s�\�M�i�c�r�o�s�o�f�t� �V�i�s�u�a�l� �S�t�u�d�i�o�\�2�0�2�2�\�C�o�m�m�u�n�i�t�y�\�V�C�\�T�o�o�l�s�\�M�S�V�C�\�1�4�.�3�9�.�3�3�5�1�9�\�i�n�c�l�u�d�e�\�v�c�r�u�n�t�i�m�e�.�h�:�3�4�5�:�4�7�:� �n�o�t�e�:� �e�x�p�a�n�d�e�d� �f�r�o�m� �m�a�c�r�o� �'�_�C�R�T�_�D�E�P�R�E�C�A�T�E�_�T�E�X�T�'�
�
�#�d�e�f�i�n�e� �_�C�R�T�_�D�E�P�R�E�C�A�T�E�_�T�E�X�T�(�_�T�e�x�t�)� �_�_�d�e�c�l�s�p�e�c�(�d�e�p�r�e�c�a�t�e�d�(�_�T�e�x�t�)�)�
�
� � � � � � � � � � � � � � � � � � � � � � � � � � � � � � � � � � � � � � � � � � � � � � �^�
�
�1� �e�r�r�o�r� �g�e�n�e�r�a�t�e�d�.�
�
�[�2�2�5�/�5�6�0�]� �C�o�m�p�i�l�i�n�g� �C� �o�b�j�e�c�t� �a�p�p�/�d�p�d�k�-�t�e�s�t�.�e�x�e�.�p�/�t�e�s�t�_�t�e�s�t�_�t�r�a�c�e�_�p�e�r�f�.�c�.�o�b�j�
�
�[�2�2�6�/�5�6�0�]� �C�o�m�p�i�l�i�n�g� �C� �o�b�j�e�c�t� �l�i�b�/�l�i�b�r�t�e�_�a�r�g�p�a�r�s�e�.�a�.�p�/�a�r�g�p�a�r�s�e�_�r�t�e�_�a�r�g�p�a�r�s�e�.�c�.�o�b�j�
�
�[�2�2�7�/�5�6�0�]� �C�o�m�p�i�l�i�n�g� �C� �o�b�j�e�c�t� �l�i�b�/�l�i�b�r�t�e�_�t�e�l�e�m�e�t�r�y�.�a�.�p�/�t�e�l�e�m�e�t�r�y�_�t�e�l�e�m�e�t�r�y�_�d�a�t�a�.�c�.�o�b�j�
�
�[�2�2�8�/�5�6�0�]� �C�o�m�p�i�l�i�n�g� �C� �o�b�j�e�c�t� �l�i�b�/�l�i�b�r�t�e�_�k�v�a�r�g�s�.�a�.�p�/�k�v�a�r�g�s�_�r�t�e�_�k�v�a�r�g�s�.�c�.�o�b�j�
�
�[�2�2�9�/�5�6�0�]� �C�o�m�p�i�l�i�n�g� �C� �o�b�j�e�c�t� �a�p�p�/�d�p�d�k�-�t�e�s�t�.�e�x�e�.�p�/�t�e�s�t�_�v�i�r�t�u�a�l�_�p�m�d�.�c�.�o�b�j�
�
�n�i�n�j�a�:� �b�u�i�l�d� �s�t�o�p�p�e�d�:� �s�u�b�c�o�m�m�a�n�d� �f�a�i�l�e�d�.�
�
�C�o�u�l�d� �n�o�t� �r�e�b�u�i�l�d� �C�:�\�U�s�e�r�s�\�b�u�i�l�d�e�r�\�j�e�n�k�i�n�s�\�w�o�r�k�s�p�a�c�e�\�G�e�n�e�r�i�c�-�V�M�-�U�n�i�t�-�T�e�s�t�-�D�P�D�K�\�d�p�d�k�\�b�u�i�l�d�
�
�
==== End log output ====

Windows Server 2019
	Kernel: 10.0.17763
	Compiler: clang 14.0 and gcc 8.1.0 (MinGW)

Windows Server 2022
	Kernel: 10.0.20348.2031
	Compiler: clang 15.0.7, gcc 8.1.0 (MinGW), and MSVC VS 17.9

CentOS Stream 8
	Kernel: 5.4.0-167-generic
	Compiler: gcc 8.5.0 20210514

CentOS Stream 9
	Kernel: 5.4.0-167-generic
	Compiler: gcc 11.4.1 20230605

Debian Bullseye
	Kernel: 5.4.0-167-generic
	Compiler: gcc 10.2.1-6

To view detailed results, visit:
https://lab.dpdk.org/results/dashboard/patchsets/29672/

UNH-IOL DPDK Community Lab

To manage your email subscriptions, visit: 
https://lab.dpdk.org/results/dashboard/preferences/subscriptions/