From mboxrd@z Thu Jan  1 00:00:00 1970
Return-Path: <test-report-bounces@dpdk.org>
Received: from mails.dpdk.org (mails.dpdk.org [217.70.189.124])
	by inbox.dpdk.org (Postfix) with ESMTP id 8515743D6C
	for <public@inbox.dpdk.org>; Thu, 28 Mar 2024 15:13:06 +0100 (CET)
Received: from mails.dpdk.org (localhost [127.0.0.1])
	by mails.dpdk.org (Postfix) with ESMTP id 8005B402E7;
	Thu, 28 Mar 2024 15:13:06 +0100 (CET)
Received: from mail-io1-f99.google.com (mail-io1-f99.google.com
 [209.85.166.99]) by mails.dpdk.org (Postfix) with ESMTP id 20E77402D8
 for <test-report@dpdk.org>; Thu, 28 Mar 2024 15:13:05 +0100 (CET)
Received: by mail-io1-f99.google.com with SMTP id
 ca18e2360f4ac-7c8bb3c2494so58269739f.0
 for <test-report@dpdk.org>; Thu, 28 Mar 2024 07:13:05 -0700 (PDT)
DKIM-Signature: v=1; a=rsa-sha256; c=relaxed/relaxed;
 d=iol.unh.edu; s=unh-iol; t=1711635184; x=1712239984; darn=dpdk.org;
 h=references:in-reply-to:cc:to:from:subject:message-id:date:from:to
 :cc:subject:date:message-id:reply-to;
 bh=jX2GIXxW+2jS10GpFDPtgvB05z38SbXhxDc+P7g4H/4=;
 b=b1HD/4yo6HaUt+AhH48PgIrSMcMIK4jwzmOgZlhy6x6lB+4UcrkAtEqfu9F7FBKoTJ
 o8splMdHwl5FjGX33TShEgfbFwcl1HkIxk+HgspmriuzA4k3DVExciOLIuat1wFnOQx8
 iDF+A/7Wq+K+Q4/hSYJITa8l6M/RsKHdjeuBI=
X-Google-DKIM-Signature: v=1; a=rsa-sha256; c=relaxed/relaxed;
 d=1e100.net; s=20230601; t=1711635184; x=1712239984;
 h=references:in-reply-to:cc:to:from:subject:message-id:date
 :x-gm-message-state:from:to:cc:subject:date:message-id:reply-to;
 bh=jX2GIXxW+2jS10GpFDPtgvB05z38SbXhxDc+P7g4H/4=;
 b=ZsXFDPH8eKP/cNEbCZaUHLgDLqXzFw25Ho+U/4/IDh8dZNGIsmBlzbaIkR1Qmb0LwX
 eso4vk4vqFiaYsKNpWW81wIK3osvpYdlklqXNF/Lkzlci3wvcAzhstusWD/uprgVnom6
 amD5zYL6WMBRcKNxVH6MrbSfdfb0O7cDfuC1G1Qe4V2MpUt85UkpBbwLavi5Tcmx1fsP
 SCuoY7wmEEIXs9A6tEbAsESua5IY5haOKqXOhYGsmZaCijswwwGjydNwmkuuCNyh5zUD
 k5aVz8nvBymzVtRRF7YoMElddlhc8ra1OID9z9DkYV1TczG5jV+UPjcu5OzD9n09TSRa
 xRpg==
X-Gm-Message-State: AOJu0Ywkh2Wv85Q8qA461Oiv7FMucEnUkaPGwMt6JX6nMUwpd6JfiuKy
 jemvmBC8sgSc6M7Z23/a8VS8gPb4aPfYSjf9S1dA8cBz16kauMxkwob7rhVdTAPUOxJGKghcvfm
 jfGqRGppTMRdX50bH/mJaeKziJZoj/jTIzV29Lbfl
X-Google-Smtp-Source: AGHT+IFkiA5hMr9JAs61dh/AL4J21vLK9+DsHDlPfFNKKHObw5lTBuZn0RYFTUjG4VJNlrbTEOaEMQwj85im
X-Received: by 2002:a92:dd02:0:b0:365:185a:83ed with SMTP id
 n2-20020a92dd02000000b00365185a83edmr1969493ilm.10.1711635184364; 
 Thu, 28 Mar 2024 07:13:04 -0700 (PDT)
Received: from postal.iol.unh.edu (postal.iol.unh.edu. [132.177.123.84])
 by smtp-relay.gmail.com with ESMTPS id
 z3-20020a92cd03000000b00365409606f0sm65501iln.43.2024.03.28.07.13.04
 (version=TLS1_2 cipher=ECDHE-ECDSA-AES128-GCM-SHA256 bits=128/128);
 Thu, 28 Mar 2024 07:13:04 -0700 (PDT)
X-Relaying-Domain: iol.unh.edu
Date: Thu, 28 Mar 2024 07:13:04 -0700 (PDT)
Message-ID: <66057af0.920a0220.c32c.419dSMTPIN_ADDED_MISSING@mx.google.com>
Received: from [172.21.0.6] (unknown [172.18.0.240])
 by postal.iol.unh.edu (Postfix) with ESMTP id EC9336052471;
 Thu, 28 Mar 2024 10:13:03 -0400 (EDT)
Subject: |FAILURE| pw138937-138951 [PATCH] [v17,15/15] log: colorize log outp
From: dpdklab@iol.unh.edu
To: Test Report <test-report@dpdk.org>
Cc: dpdk-test-reports@iol.unh.edu,
 Stephen Hemminger <stephen@networkplumber.org>
In-Reply-To: <20240327233001.83505-16-stephen@networkplumber.org>
References: <20240327233001.83505-16-stephen@networkplumber.org>
Content-Type: text/plain
X-BeenThere: test-report@dpdk.org
X-Mailman-Version: 2.1.29
Precedence: list
List-Id: automatic DPDK test reports <test-report.dpdk.org>
List-Unsubscribe: <https://mails.dpdk.org/options/test-report>,
 <mailto:test-report-request@dpdk.org?subject=unsubscribe>
List-Archive: <http://mails.dpdk.org/archives/test-report/>
List-Post: <mailto:test-report@dpdk.org>
List-Help: <mailto:test-report-request@dpdk.org?subject=help>
List-Subscribe: <https://mails.dpdk.org/listinfo/test-report>,
 <mailto:test-report-request@dpdk.org?subject=subscribe>
Errors-To: test-report-bounces@dpdk.org

Test-Label: iol-compile-amd64-testing
Test-Status: FAILURE
http://dpdk.org/patch/138951

_Testing issues_

Submitter: Stephen Hemminger <stephen@networkplumber.org>
Date: Wednesday, March 27 2024 23:28:38 
DPDK git baseline: Repo:dpdk
  Branch: master
  CommitID:c29202f2f70abd22e3d74e0671ec9f6cb9e387ee

138937-138951 --> testing fail

Test environment and result as below:

+---------------------+--------------------+----------------------+-------------------+
|     Environment     | dpdk_meson_compile | dpdk_mingw64_compile | dpdk_msvc_compile |
+=====================+====================+======================+===================+
| Windows Server 2022 | FAIL               | PASS                 | FAIL              |
+---------------------+--------------------+----------------------+-------------------+
| Windows Server 2019 | FAIL               | PASS                 | SKIPPED           |
+---------------------+--------------------+----------------------+-------------------+
| FreeBSD 13.2        | PASS               | SKIPPED              | SKIPPED           |
+---------------------+--------------------+----------------------+-------------------+
| CentOS Stream 8     | PASS               | SKIPPED              | SKIPPED           |
+---------------------+--------------------+----------------------+-------------------+
| CentOS Stream 9     | PASS               | SKIPPED              | SKIPPED           |
+---------------------+--------------------+----------------------+-------------------+
| Debian Bullseye     | PASS               | SKIPPED              | SKIPPED           |
+---------------------+--------------------+----------------------+-------------------+
| Debian 11 (arm)     | PASS               | SKIPPED              | SKIPPED           |
+---------------------+--------------------+----------------------+-------------------+
| Fedora 37           | PASS               | SKIPPED              | SKIPPED           |
+---------------------+--------------------+----------------------+-------------------+
| openSUSE Leap 15    | PASS               | SKIPPED              | SKIPPED           |
+---------------------+--------------------+----------------------+-------------------+
| Fedora 38           | PASS               | SKIPPED              | SKIPPED           |
+---------------------+--------------------+----------------------+-------------------+
| Ubuntu 22.04        | PASS               | SKIPPED              | SKIPPED           |
+---------------------+--------------------+----------------------+-------------------+
| RHEL8               | PASS               | SKIPPED              | SKIPPED           |
+---------------------+--------------------+----------------------+-------------------+

==== 20 line log output for Windows Server 2019 (dpdk_meson_compile): ====
"clang" "-Ilib\librte_log.a.p" "-Ilib" "-I..\lib" "-I." "-I.." "-Iconfig" "-I..\config" "-Ilib\eal\include" "-I..\lib\eal\include" "-Ilib\eal\windows\include" "-I..\lib\eal\windows\include" "-Ilib\eal\x86\include" "-I..\lib\eal\x86\include" "-Ilib\log" "-I..\lib\log" "-IC:\Program Files\Mellanox\MLNX_WinOF2_DevX_SDK\inc" "-Xclang" "-fcolor-diagnostics" "-pipe" "-D_FILE_OFFSET_BITS=64" "-Wall" "-Winvalid-pch" "-Wextra" "-Werror" "-std=c11" "-O3" "-include" "rte_config.h" "-Wcast-qual" "-Wdeprecated" "-Wformat" "-Wformat-nonliteral" "-Wformat-security" "-Wmissing-declarations" "-Wmissing-prototypes" "-Wnested-externs" "-Wold-style-definition" "-Wpointer-arith" "-Wsign-compare" "-Wstrict-prototypes" "-Wundef" "-Wwrite-strings" "-Wno-address-of-packed-member" "-Wno-missing-field-initializers" "-D_GNU_SOURCE" "-D_WIN32_WINNT=0x0A00" "-D_CRT_SECURE_NO_WARNINGS" "-march=native" "-mrtm" "-DALLOW_EXPERIMENTAL_API" "-DALLOW_INTERNAL_API" "-DRTE_LOG_DEFAULT_LOGTYPE=lib.log" "-DRTE_ANNOTATE_LOCK
 S" "-Wthread-safety" -MD -MQ lib/librte_log.a.p/log_log.c.obj -MF "lib\librte_log.a.p\log_log.c.obj.d" -o lib/librte_log.a.p/log_log.c.obj "-c" ../lib/log/log.c
../lib/log/log.c:1088:24: error: 'fileno' is deprecated: The POSIX name for this item is deprecated. Instead, use the ISO C and C++ conformant name: _fileno. See online help for details. [-Werror,-Wdeprecated-declarations]
is_terminal = _isatty(fileno(stderr));
^
C:\Program Files (x86)\Windows Kits\10\Include\10.0.18362.0\ucrt\stdio.h:2459:28: note: 'fileno' has been explicitly marked deprecated here
_Check_return_     _CRT_NONSTDC_DEPRECATE(_fileno)    _ACRTIMP int   __cdecl fileno(_In_ FILE* _Stream);
^
C:\Program Files (x86)\Windows Kits\10\Include\10.0.18362.0\ucrt\corecrt.h:335:50: note: expanded from macro '_CRT_NONSTDC_DEPRECATE'
#define _CRT_NONSTDC_DEPRECATE(_NewName) _CRT_DEPRECATE_TEXT(             \
^
C:\Program Files (x86)\Microsoft Visual Studio\2019\BuildTools\VC\Tools\MSVC\14.29.30133\include\vcruntime.h:310:47: note: expanded from macro '_CRT_DEPRECATE_TEXT'
#define _CRT_DEPRECATE_TEXT(_Text) __declspec(deprecated(_Text))
^
1 error generated.
[6/826] Compiling C object lib/librte_kvargs.a.p/kvargs_rte_kvargs.c.obj
[7/826] Compiling C object lib/librte_eal.a.p/eal_common_eal_common_debug.c.obj
[8/826] Compiling C object lib/librte_eal.a.p/eal_common_eal_common_config.c.obj
[9/826] Compiling C object lib/librte_eal.a.p/eal_common_eal_common_dev.c.obj
[10/826] Compiling C object lib/librte_eal.a.p/eal_common_eal_common_devargs.c.obj
ninja: build stopped: subcommand failed.
==== End log output ====

Windows Server 2022
	Kernel: 10.0.20348.2031
	Compiler: clang 15.0.7, gcc 8.1.0 (MinGW), and MSVC VS 17.9

Windows Server 2019
	Kernel: 10.0.17763
	Compiler: clang 14.0 and gcc 8.1.0 (MinGW)

FreeBSD 13.2
	Kernel: 13.2
	Compiler: clang 14.0.5

CentOS Stream 8
	Kernel: 5.4.0-167-generic
	Compiler: gcc 8.5.0 20210514

CentOS Stream 9
	Kernel: 5.4.0-167-generic
	Compiler: gcc 11.4.1 20230605

Debian Bullseye
	Kernel: 5.4.0-167-generic
	Compiler: gcc 10.2.1-6

Debian 11 (arm)
	Kernel: Container Host Kernel
	Compiler: gcc 10.2.1

Fedora 37
	Kernel: Depends on container host system
	Compiler: gcc 12.3.1

openSUSE Leap 15
	Kernel: 5.4.0-167-generic
	Compiler: gcc 7.5.0

Fedora 38
	Kernel: Depends on container host
	Compiler: gcc 13.2.1

Ubuntu 22.04
	Kernel: 5.4.0-167-generic
	Compiler: gcc 11.4.0

RHEL8
	Kernel: 5.4.0-167-generic
	Compiler: gcc 8.5.0 20210514 (Red Hat 8.5.0-20)

To view detailed results, visit:
https://lab.dpdk.org/results/dashboard/patchsets/29672/

UNH-IOL DPDK Community Lab

To manage your email subscriptions, visit: 
https://lab.dpdk.org/results/dashboard/preferences/subscriptions/