From mboxrd@z Thu Jan  1 00:00:00 1970
Return-Path: <test-report-bounces@dpdk.org>
Received: from mails.dpdk.org (mails.dpdk.org [217.70.189.124])
	by inbox.dpdk.org (Postfix) with ESMTP id 22E4D43D6C
	for <public@inbox.dpdk.org>; Thu, 28 Mar 2024 15:35:31 +0100 (CET)
Received: from mails.dpdk.org (localhost [127.0.0.1])
	by mails.dpdk.org (Postfix) with ESMTP id 1DD92402E7;
	Thu, 28 Mar 2024 15:35:31 +0100 (CET)
Received: from mail-pl1-f226.google.com (mail-pl1-f226.google.com
 [209.85.214.226])
 by mails.dpdk.org (Postfix) with ESMTP id 3227C402D8
 for <test-report@dpdk.org>; Thu, 28 Mar 2024 15:35:30 +0100 (CET)
Received: by mail-pl1-f226.google.com with SMTP id
 d9443c01a7336-1e0b213efa3so9479465ad.0
 for <test-report@dpdk.org>; Thu, 28 Mar 2024 07:35:30 -0700 (PDT)
DKIM-Signature: v=1; a=rsa-sha256; c=relaxed/relaxed;
 d=iol.unh.edu; s=unh-iol; t=1711636529; x=1712241329; darn=dpdk.org;
 h=references:in-reply-to:cc:to:from:subject:message-id:date:from:to
 :cc:subject:date:message-id:reply-to;
 bh=pr0t6dqTKRPjgTAOVtB4iJSV7oVvHocR3Hn4kHvUsRs=;
 b=h4VqBwy0yZKNxniKEmq3dfbGGYE4c0MMi9HbqQ96w9Dn7IWbSGE3X7R+WRQR6FwooJ
 uJ6wwQjy/IbigPodGWf4/xyXqc8bTkNptU8VzNBLmbuEVkquEtG6f7xRDzCasyVF0Blo
 N4HvZ0y7J4VmCDueUszLCiTa2o/lO3Agfo4IY=
X-Google-DKIM-Signature: v=1; a=rsa-sha256; c=relaxed/relaxed;
 d=1e100.net; s=20230601; t=1711636529; x=1712241329;
 h=references:in-reply-to:cc:to:from:subject:message-id:date
 :x-gm-message-state:from:to:cc:subject:date:message-id:reply-to;
 bh=pr0t6dqTKRPjgTAOVtB4iJSV7oVvHocR3Hn4kHvUsRs=;
 b=meDmdvMGdUihNYLMgizRZT14zNVEBkIGdjdHLpJJ9piIRO94sPAzGUQPovBNv6sTl+
 tjzmYNPQLk4N3slyPfI2UUZCNivRq+76MRmfKHelThLXLLJ9AvPoN6KrPpbRN4ktIH3s
 QJFyC3xN/+NTHSdg7hkxFEjq17KmIaLbXvMPlHXU6X437fGuZEDiPFYhgpdB+tEM04Lu
 wEgccHEwgocGKFYpxMiIVd70jBkECEBYp0RzhBTi8xbEps6u82GJn0UG2NksvSb1NKwb
 9sEE/YemXNRD8iquK2m8dpvrMS1vsKzpHpam8rKnUmgP4iqnLGIrCOZ2IOKRE6maXYRY
 NLWg==
X-Gm-Message-State: AOJu0Yx8asCmQqZsATq35oYSbpKem2tfjI8Y/K24GjPsiwT+gA23e2tl
 OkPpfat5CCByzXhF945aQxrOXUW0LDdPU/xfOASCzG56TWjUOpOeyGbhx6ZAc+OeruezJKaRA+7
 2R6roU08YfVSzFNdjMQ+JAbpsWJzYO6f3wx+VEP7t
X-Google-Smtp-Source: AGHT+IH5gj7fycRPQO29pZWxRtnN0HMFj/xUtvvDWcqMmIPjbtv3f+NQ39X+HswK6hTMXB3m1pGjZ/fLvg/O
X-Received: by 2002:a17:903:2284:b0:1e0:c567:bb51 with SMTP id
 b4-20020a170903228400b001e0c567bb51mr3188506plh.26.1711636529372; 
 Thu, 28 Mar 2024 07:35:29 -0700 (PDT)
Received: from postal.iol.unh.edu (postal.iol.unh.edu. [132.177.123.84])
 by smtp-relay.gmail.com with ESMTPS id
 q1-20020a170902b10100b001de0f71c67csm41647plr.34.2024.03.28.07.35.29
 (version=TLS1_2 cipher=ECDHE-ECDSA-AES128-GCM-SHA256 bits=128/128);
 Thu, 28 Mar 2024 07:35:29 -0700 (PDT)
X-Relaying-Domain: iol.unh.edu
Date: Thu, 28 Mar 2024 07:35:29 -0700 (PDT)
Message-ID: <66058031.170a0220.fc068.2f8cSMTPIN_ADDED_MISSING@mx.google.com>
Received: from [172.21.0.7] (unknown [172.18.0.240])
 by postal.iol.unh.edu (Postfix) with ESMTP id 627416052471;
 Thu, 28 Mar 2024 10:35:28 -0400 (EDT)
Subject: |FAILURE| pw138937-138951 [PATCH] [v17,15/15] log: colorize log outp
From: dpdklab@iol.unh.edu
To: Test Report <test-report@dpdk.org>
Cc: dpdk-test-reports@iol.unh.edu,
 Stephen Hemminger <stephen@networkplumber.org>
In-Reply-To: <20240327233001.83505-16-stephen@networkplumber.org>
References: <20240327233001.83505-16-stephen@networkplumber.org>
Content-Type: text/plain
X-BeenThere: test-report@dpdk.org
X-Mailman-Version: 2.1.29
Precedence: list
List-Id: automatic DPDK test reports <test-report.dpdk.org>
List-Unsubscribe: <https://mails.dpdk.org/options/test-report>,
 <mailto:test-report-request@dpdk.org?subject=unsubscribe>
List-Archive: <http://mails.dpdk.org/archives/test-report/>
List-Post: <mailto:test-report@dpdk.org>
List-Help: <mailto:test-report-request@dpdk.org?subject=help>
List-Subscribe: <https://mails.dpdk.org/listinfo/test-report>,
 <mailto:test-report-request@dpdk.org?subject=subscribe>
Errors-To: test-report-bounces@dpdk.org

Test-Label: iol-unit-amd64-testing
Test-Status: FAILURE
http://dpdk.org/patch/138951

_Testing issues_

Submitter: Stephen Hemminger <stephen@networkplumber.org>
Date: Wednesday, March 27 2024 23:28:38 
DPDK git baseline: Repo:dpdk
  Branch: master
  CommitID:c29202f2f70abd22e3d74e0671ec9f6cb9e387ee

138937-138951 --> testing fail

Test environment and result as below:

+---------------------+----------------+
|     Environment     | dpdk_unit_test |
+=====================+================+
| Windows Server 2019 | FAIL           |
+---------------------+----------------+
| Windows Server 2022 | FAIL           |
+---------------------+----------------+
| CentOS Stream 8     | PASS           |
+---------------------+----------------+
| CentOS Stream 9     | PASS           |
+---------------------+----------------+
| Debian Bullseye     | PASS           |
+---------------------+----------------+
| Debian 11 (arm)     | PASS           |
+---------------------+----------------+
| Fedora 39           | PASS           |
+---------------------+----------------+
| Fedora 37           | PASS           |
+---------------------+----------------+
| RHEL8               | PASS           |
+---------------------+----------------+
| Fedora 38           | PASS           |
+---------------------+----------------+
| openSUSE Leap 15    | PASS           |
+---------------------+----------------+
| Ubuntu 20.04        | PASS           |
+---------------------+----------------+
| Ubuntu 22.04        | PASS           |
+---------------------+----------------+

==== 20 line log output for Windows Server 2022 (dpdk_unit_test): ====
� � � � � � � � �i�s�_�t�e�r�m�i�n�a�l� �=� �_�i�s�a�t�t�y�(�f�i�l�e�n�o�(�s�t�d�e�r�r�)�)�;�
�
� � � � � � � � � � � � � � � � � � � � � � � � � � � � � � �^�
�
�C�:�\�P�r�o�g�r�a�m� �F�i�l�e�s� �(�x�8�6�)�\�W�i�n�d�o�w�s� �K�i�t�s�\�1�0�\�I�n�c�l�u�d�e�\�1�0�.�0�.�2�2�6�2�1�.�0�\�u�c�r�t�\�s�t�d�i�o�.�h�:�2�4�3�3�:�2�8�:� �n�o�t�e�:� �'�f�i�l�e�n�o�'� �h�a�s� �b�e�e�n� �e�x�p�l�i�c�i�t�l�y� �m�a�r�k�e�d� �d�e�p�r�e�c�a�t�e�d� �h�e�r�e�
�
� � � � � � � � �_�C�h�e�c�k�_�r�e�t�u�r�n�_� � � � � �_�C�R�T�_�N�O�N�S�T�D�C�_�D�E�P�R�E�C�A�T�E�(�_�f�i�l�e�n�o�)� � � � �_�A�C�R�T�I�M�P� �i�n�t� � � �_�_�c�d�e�c�l� �f�i�l�e�n�o�(�_�I�n�_� �F�I�L�E�*� �_�S�t�r�e�a�m�)�;�
�
� � � � � � � � � � � � � � � � � � � � � � � � � � � �^�
�
�C�:�\�P�r�o�g�r�a�m� �F�i�l�e�s� �(�x�8�6�)�\�W�i�n�d�o�w�s� �K�i�t�s�\�1�0�\�I�n�c�l�u�d�e�\�1�0�.�0�.�2�2�6�2�1�.�0�\�u�c�r�t�\�c�o�r�e�c�r�t�.�h�:�4�2�8�:�5�0�:� �n�o�t�e�:� �e�x�p�a�n�d�e�d� �f�r�o�m� �m�a�c�r�o� �'�_�C�R�T�_�N�O�N�S�T�D�C�_�D�E�P�R�E�C�A�T�E�'�
�
� � � � � � � � �#�d�e�f�i�n�e� �_�C�R�T�_�N�O�N�S�T�D�C�_�D�E�P�R�E�C�A�T�E�(�_�N�e�w�N�a�m�e�)� �_�C�R�T�_�D�E�P�R�E�C�A�T�E�_�T�E�X�T�(� � � � � � � � � � � � � �\�
�
� � � � � � � � � � � � � � � � � � � � � � � � � � � � � � � � � � � � � � � � � � � � � � � � � �^�
�
�C�:�\�P�r�o�g�r�a�m� �F�i�l�e�s�\�M�i�c�r�o�s�o�f�t� �V�i�s�u�a�l� �S�t�u�d�i�o�\�2�0�2�2�\�C�o�m�m�u�n�i�t�y�\�V�C�\�T�o�o�l�s�\�M�S�V�C�\�1�4�.�3�9�.�3�3�5�1�9�\�i�n�c�l�u�d�e�\�v�c�r�u�n�t�i�m�e�.�h�:�3�4�5�:�4�7�:� �n�o�t�e�:� �e�x�p�a�n�d�e�d� �f�r�o�m� �m�a�c�r�o� �'�_�C�R�T�_�D�E�P�R�E�C�A�T�E�_�T�E�X�T�'�
�
�#�d�e�f�i�n�e� �_�C�R�T�_�D�E�P�R�E�C�A�T�E�_�T�E�X�T�(�_�T�e�x�t�)� �_�_�d�e�c�l�s�p�e�c�(�d�e�p�r�e�c�a�t�e�d�(�_�T�e�x�t�)�)�
�
� � � � � � � � � � � � � � � � � � � � � � � � � � � � � � � � � � � � � � � � � � � � � � �^�
�
�1� �e�r�r�o�r� �g�e�n�e�r�a�t�e�d�.�
�
�[�2�2�5�/�5�6�0�]� �C�o�m�p�i�l�i�n�g� �C� �o�b�j�e�c�t� �a�p�p�/�d�p�d�k�-�t�e�s�t�.�e�x�e�.�p�/�t�e�s�t�_�t�e�s�t�_�t�r�a�c�e�_�p�e�r�f�.�c�.�o�b�j�
�
�[�2�2�6�/�5�6�0�]� �C�o�m�p�i�l�i�n�g� �C� �o�b�j�e�c�t� �l�i�b�/�l�i�b�r�t�e�_�a�r�g�p�a�r�s�e�.�a�.�p�/�a�r�g�p�a�r�s�e�_�r�t�e�_�a�r�g�p�a�r�s�e�.�c�.�o�b�j�
�
�[�2�2�7�/�5�6�0�]� �C�o�m�p�i�l�i�n�g� �C� �o�b�j�e�c�t� �l�i�b�/�l�i�b�r�t�e�_�t�e�l�e�m�e�t�r�y�.�a�.�p�/�t�e�l�e�m�e�t�r�y�_�t�e�l�e�m�e�t�r�y�_�d�a�t�a�.�c�.�o�b�j�
�
�[�2�2�8�/�5�6�0�]� �C�o�m�p�i�l�i�n�g� �C� �o�b�j�e�c�t� �l�i�b�/�l�i�b�r�t�e�_�k�v�a�r�g�s�.�a�.�p�/�k�v�a�r�g�s�_�r�t�e�_�k�v�a�r�g�s�.�c�.�o�b�j�
�
�[�2�2�9�/�5�6�0�]� �C�o�m�p�i�l�i�n�g� �C� �o�b�j�e�c�t� �a�p�p�/�d�p�d�k�-�t�e�s�t�.�e�x�e�.�p�/�t�e�s�t�_�v�i�r�t�u�a�l�_�p�m�d�.�c�.�o�b�j�
�
�n�i�n�j�a�:� �b�u�i�l�d� �s�t�o�p�p�e�d�:� �s�u�b�c�o�m�m�a�n�d� �f�a�i�l�e�d�.�
�
�C�o�u�l�d� �n�o�t� �r�e�b�u�i�l�d� �C�:�\�U�s�e�r�s�\�b�u�i�l�d�e�r�\�j�e�n�k�i�n�s�\�w�o�r�k�s�p�a�c�e�\�G�e�n�e�r�i�c�-�V�M�-�U�n�i�t�-�T�e�s�t�-�D�P�D�K�\�d�p�d�k�\�b�u�i�l�d�
�
�
==== End log output ====

Windows Server 2019
	Kernel: 10.0.17763
	Compiler: clang 14.0 and gcc 8.1.0 (MinGW)

Windows Server 2022
	Kernel: 10.0.20348.2031
	Compiler: clang 15.0.7, gcc 8.1.0 (MinGW), and MSVC VS 17.9

CentOS Stream 8
	Kernel: 5.4.0-167-generic
	Compiler: gcc 8.5.0 20210514

CentOS Stream 9
	Kernel: 5.4.0-167-generic
	Compiler: gcc 11.4.1 20230605

Debian Bullseye
	Kernel: 5.4.0-167-generic
	Compiler: gcc 10.2.1-6

Debian 11 (arm)
	Kernel: Container Host Kernel
	Compiler: gcc 10.2.1

Fedora 39
	Kernel: Depends on container host
	Compiler: gcc 13.2.1

Fedora 37
	Kernel: Depends on container host system
	Compiler: gcc 12.3.1

RHEL8
	Kernel: 5.4.0-167-generic
	Compiler: gcc 8.5.0 20210514 (Red Hat 8.5.0-20)

Fedora 38
	Kernel: Depends on container host
	Compiler: gcc 13.2.1

openSUSE Leap 15
	Kernel: 5.4.0-167-generic
	Compiler: gcc 7.5.0

Ubuntu 20.04
	Kernel: 5.4.0-167-generic
	Compiler: gcc 9.4.0-1ubuntu1~20.04.1

Ubuntu 22.04
	Kernel: 5.4.0-167-generic
	Compiler: gcc 11.4.0

To view detailed results, visit:
https://lab.dpdk.org/results/dashboard/patchsets/29672/

UNH-IOL DPDK Community Lab

To manage your email subscriptions, visit: 
https://lab.dpdk.org/results/dashboard/preferences/subscriptions/