From mboxrd@z Thu Jan  1 00:00:00 1970
Return-Path: <test-report-bounces@dpdk.org>
Received: from mails.dpdk.org (mails.dpdk.org [217.70.189.124])
	by inbox.dpdk.org (Postfix) with ESMTP id 756BA43D6D
	for <public@inbox.dpdk.org>; Thu, 28 Mar 2024 17:59:08 +0100 (CET)
Received: from mails.dpdk.org (localhost [127.0.0.1])
	by mails.dpdk.org (Postfix) with ESMTP id 70C1F402E7;
	Thu, 28 Mar 2024 17:59:08 +0100 (CET)
Received: from mail-pf1-f228.google.com (mail-pf1-f228.google.com
 [209.85.210.228])
 by mails.dpdk.org (Postfix) with ESMTP id EDDF2402D8
 for <test-report@dpdk.org>; Thu, 28 Mar 2024 17:59:06 +0100 (CET)
Received: by mail-pf1-f228.google.com with SMTP id
 d2e1a72fcca58-6ea9a60f7f5so1053440b3a.3
 for <test-report@dpdk.org>; Thu, 28 Mar 2024 09:59:06 -0700 (PDT)
DKIM-Signature: v=1; a=rsa-sha256; c=relaxed/relaxed;
 d=iol.unh.edu; s=unh-iol; t=1711645146; x=1712249946; darn=dpdk.org;
 h=references:in-reply-to:cc:to:from:subject:message-id:date:from:to
 :cc:subject:date:message-id:reply-to;
 bh=QTPBePDspoe97cAV8OazfXt1LxIbBEMajrzHRiLfKPE=;
 b=OF3zUZcQJiDPJwSxxSKS9UqzyEP3/nc3L9/Qp2uUZ0/QwYKtgiKCpItYeJqBUXUjkl
 1JduMfTMOeasXVd+V2fyOjMvBgu0G/4sv/wgOpVsBJ0KtJ6+TCyQ4nRBq3883ZI2Fcsp
 8qcRe0d83L0aI+Uc0rJPiDh10fSo9fPzdhWu4=
X-Google-DKIM-Signature: v=1; a=rsa-sha256; c=relaxed/relaxed;
 d=1e100.net; s=20230601; t=1711645146; x=1712249946;
 h=references:in-reply-to:cc:to:from:subject:message-id:date
 :x-gm-message-state:from:to:cc:subject:date:message-id:reply-to;
 bh=QTPBePDspoe97cAV8OazfXt1LxIbBEMajrzHRiLfKPE=;
 b=Axn2GvWQBPIVH/vi5IfSi5WpmdziiWN1fWKH+MsfgcCanZECslXQCKlXKBpMgDcL+l
 qv/FQBXYg9DKHjrS1KOZChG8fMIHk6+/IYWoG6xsrRaB5RBpxxxhnQsoBhtXUm8a0sYX
 lIhFeBMsrhT+h36VMejvTOu6fLSAvaqTyiDgzFqIjQSMFOeYuk/wv1QkNTgFk9I1gWyf
 QyYtJN8N+KcRD7wMo9YCNQ5jAblhdB2PBDP87nKN4CmKwMZRB1JTxgKOglqmw5KRE0ZP
 E5BKmuEPy3QyLt3+2QMZiqS0/jD2Yuie/sBMqh7rTOp6iyMGNL12Fdd0JCPcy4tGdZAb
 dHfQ==
X-Gm-Message-State: AOJu0YzykOiMJpl+8dwqXGTu+RIKzsRP6fV5UTpqftBYzPyUb0UPHBbS
 DH0E7y2THJgDwOHULRlXzF5QlES9NiVlJZBNZhq7hctHeGsreaq7NMQSltMe8mOIYMILXNzbPDY
 o73XrJGZIuPnW6cgAUPIRHzF0QeSyTQ534M1RdfXzDeVoRH0Ulbs6w82n
X-Google-Smtp-Source: AGHT+IGARiyZDrnYvW/yEYqs93DA6kEfhbmh0bNLdSUeXU8qJAqkjgZtzZozPwm3bfyrwbJlNTeoKX4Ek9K6
X-Received: by 2002:a05:6a20:9f96:b0:1a3:f40:6d32 with SMTP id
 mm22-20020a056a209f9600b001a30f406d32mr3939811pzb.58.1711645146102; 
 Thu, 28 Mar 2024 09:59:06 -0700 (PDT)
Received: from postal.iol.unh.edu (postal.iol.unh.edu.
 [2606:4100:3880:1234::84]) by smtp-relay.gmail.com with ESMTPS id
 ki3-20020a170903068300b001dd55b2ad9bsm50935plb.112.2024.03.28.09.59.05
 (version=TLS1_2 cipher=ECDHE-ECDSA-AES128-GCM-SHA256 bits=128/128);
 Thu, 28 Mar 2024 09:59:06 -0700 (PDT)
X-Relaying-Domain: iol.unh.edu
Date: Thu, 28 Mar 2024 09:59:06 -0700 (PDT)
Message-ID: <6605a1da.170a0220.78a9b.2fd2SMTPIN_ADDED_MISSING@mx.google.com>
Received: from [172.21.0.7] (unknown [172.18.0.240])
 by postal.iol.unh.edu (Postfix) with ESMTP id 4D1DF6052471;
 Thu, 28 Mar 2024 12:59:05 -0400 (EDT)
Subject: |FAILURE| pw138955-138956 [PATCH] [v2,4/4] net/virtio-user: fix cont
From: dpdklab@iol.unh.edu
To: Test Report <test-report@dpdk.org>
Cc: dpdk-test-reports@iol.unh.edu, Maxime Coquelin <maxime.coquelin@redhat.com>
In-Reply-To: <20240328130813.3696005-5-maxime.coquelin@redhat.com>
References: <20240328130813.3696005-5-maxime.coquelin@redhat.com>
Content-Type: text/plain
X-BeenThere: test-report@dpdk.org
X-Mailman-Version: 2.1.29
Precedence: list
List-Id: automatic DPDK test reports <test-report.dpdk.org>
List-Unsubscribe: <https://mails.dpdk.org/options/test-report>,
 <mailto:test-report-request@dpdk.org?subject=unsubscribe>
List-Archive: <http://mails.dpdk.org/archives/test-report/>
List-Post: <mailto:test-report@dpdk.org>
List-Help: <mailto:test-report-request@dpdk.org?subject=help>
List-Subscribe: <https://mails.dpdk.org/listinfo/test-report>,
 <mailto:test-report-request@dpdk.org?subject=subscribe>
Errors-To: test-report-bounces@dpdk.org

Test-Label: iol-unit-amd64-testing
Test-Status: FAILURE
http://dpdk.org/patch/138956

_Testing issues_

Submitter: Maxime Coquelin <maxime.coquelin@redhat.com>
Date: Thursday, March 28 2024 13:08:13 
DPDK git baseline: Repo:dpdk
  Branch: master
  CommitID:a9778aad62470a38ccbb4e09a2a6bf0cc2e0e36d

138955-138956 --> testing fail

Test environment and result as below:

+---------------------+----------------+
|     Environment     | dpdk_unit_test |
+=====================+================+
| Windows Server 2019 | PASS           |
+---------------------+----------------+
| Windows Server 2022 | PASS           |
+---------------------+----------------+
| CentOS Stream 8     | PASS           |
+---------------------+----------------+
| CentOS Stream 9     | PASS           |
+---------------------+----------------+
| Fedora 37           | PASS           |
+---------------------+----------------+
| Debian Bullseye     | PASS           |
+---------------------+----------------+
| Fedora 38           | PASS           |
+---------------------+----------------+
| Debian 11 (arm)     | FAIL           |
+---------------------+----------------+
| Fedora 39           | PASS           |
+---------------------+----------------+
| Ubuntu 20.04        | PASS           |
+---------------------+----------------+
| openSUSE Leap 15    | PASS           |
+---------------------+----------------+
| RHEL8               | PASS           |
+---------------------+----------------+
| Ubuntu 22.04        | PASS           |
+---------------------+----------------+

==== 20 line log output for Debian 11 (arm) (dpdk_unit_test): ====
102/112 DPDK:fast-tests / telemetry_data_autotest        OK               0.18s
103/112 DPDK:fast-tests / telemetry_json_autotest        OK               0.17s
104/112 DPDK:fast-tests / thash_autotest                 OK               0.18s
105/112 DPDK:fast-tests / threads_autotest               OK               0.34s
106/112 DPDK:fast-tests / ticketlock_autotest            OK               0.19s
107/112 DPDK:fast-tests / timer_autotest                 OK               2.49s
108/112 DPDK:fast-tests / trace_autotest                 OK               0.18s
109/112 DPDK:fast-tests / trace_autotest_with_traces     OK               0.18s
110/112 DPDK:fast-tests / vdev_autotest                  OK               0.17s
111/112 DPDK:fast-tests / version_autotest               OK               0.17s
112/112 DPDK:fast-tests / telemetry_all                  SKIP             0.01s   exit status 77

Ok:                 101
Expected Fail:      0
Fail:               1
Unexpected Pass:    0
Skipped:            10
Timeout:            0

Full log written to /home-local/jenkins-local/jenkins-agent/workspace/Generic-Unit-Test-DPDK/dpdk/build/meson-logs/testlog.txt
==== End log output ====

Windows Server 2019
	Kernel: 10.0.17763
	Compiler: clang 14.0 and gcc 8.1.0 (MinGW)

Windows Server 2022
	Kernel: 10.0.20348.2031
	Compiler: clang 15.0.7, gcc 8.1.0 (MinGW), and MSVC VS 17.9

CentOS Stream 8
	Kernel: 5.4.0-167-generic
	Compiler: gcc 8.5.0 20210514

CentOS Stream 9
	Kernel: 5.4.0-167-generic
	Compiler: gcc 11.4.1 20230605

Fedora 37
	Kernel: Depends on container host system
	Compiler: gcc 12.3.1

Debian Bullseye
	Kernel: 5.4.0-167-generic
	Compiler: gcc 10.2.1-6

Fedora 38
	Kernel: Depends on container host
	Compiler: gcc 13.2.1

Debian 11 (arm)
	Kernel: Container Host Kernel
	Compiler: gcc 10.2.1

Fedora 39
	Kernel: Depends on container host
	Compiler: gcc 13.2.1

Ubuntu 20.04
	Kernel: 5.4.0-167-generic
	Compiler: gcc 9.4.0-1ubuntu1~20.04.1

openSUSE Leap 15
	Kernel: 5.4.0-167-generic
	Compiler: gcc 7.5.0

RHEL8
	Kernel: 5.4.0-167-generic
	Compiler: gcc 8.5.0 20210514 (Red Hat 8.5.0-20)

Ubuntu 22.04
	Kernel: 5.4.0-167-generic
	Compiler: gcc 11.4.0

To view detailed results, visit:
https://lab.dpdk.org/results/dashboard/patchsets/29674/

UNH-IOL DPDK Community Lab

To manage your email subscriptions, visit: 
https://lab.dpdk.org/results/dashboard/preferences/subscriptions/