From mboxrd@z Thu Jan  1 00:00:00 1970
Return-Path: <test-report-bounces@dpdk.org>
Received: from mails.dpdk.org (mails.dpdk.org [217.70.189.124])
	by inbox.dpdk.org (Postfix) with ESMTP id DD1AC43D74
	for <public@inbox.dpdk.org>; Fri, 29 Mar 2024 02:24:11 +0100 (CET)
Received: from mails.dpdk.org (localhost [127.0.0.1])
	by mails.dpdk.org (Postfix) with ESMTP id B65E240268;
	Fri, 29 Mar 2024 02:24:11 +0100 (CET)
Received: from mail-oi1-f225.google.com (mail-oi1-f225.google.com
 [209.85.167.225])
 by mails.dpdk.org (Postfix) with ESMTP id 15BDA40042
 for <test-report@dpdk.org>; Fri, 29 Mar 2024 02:24:10 +0100 (CET)
Received: by mail-oi1-f225.google.com with SMTP id
 5614622812f47-3c397193878so989878b6e.3
 for <test-report@dpdk.org>; Thu, 28 Mar 2024 18:24:10 -0700 (PDT)
DKIM-Signature: v=1; a=rsa-sha256; c=relaxed/relaxed;
 d=iol.unh.edu; s=unh-iol; t=1711675449; x=1712280249; darn=dpdk.org;
 h=references:in-reply-to:cc:to:from:subject:message-id:date:from:to
 :cc:subject:date:message-id:reply-to;
 bh=TBgSTqzfxtQ8JFJwAcsRCqhF+Q+9qVazKnp8jrg9kes=;
 b=EsIxyLKEQ1R07ww8b2pWnctOgBNQeK1UY9yIeONqg0NHXyo2f5ST+5Zp4sXFBx28dI
 DS9aHtsQQFGzMqwXu8T0vy0jOT3i92iLuNmEHr5vHDVQLIt8VOC/B1/5YdiZt0HYhKaD
 l4n0H791SU9X3CoCGdIHolMIVWlWIv3g7Hi1U=
X-Google-DKIM-Signature: v=1; a=rsa-sha256; c=relaxed/relaxed;
 d=1e100.net; s=20230601; t=1711675449; x=1712280249;
 h=references:in-reply-to:cc:to:from:subject:message-id:date
 :x-gm-message-state:from:to:cc:subject:date:message-id:reply-to;
 bh=TBgSTqzfxtQ8JFJwAcsRCqhF+Q+9qVazKnp8jrg9kes=;
 b=iqYt2pQzIRLZMmQfykyUIKUwkU69baQvOgPIj0rdHyu60vAwgdru075s9jbkl3BwWX
 15Xg+n0OYS3pufE47aVj04wCY/aRH/S7bxxXdVbe0F15SC0GQrcBEg7D0SxWT+Ot2kw+
 /zU6vi4jF80slFEFaV+eDb/gkO5SvxqWxU5ibhd9sfhVPW0s1ZPSZl9+5EIu23QvqOSs
 D9sO0Vt35lnD6VPDMZSjv9kJcecN7ua9/kKLH36MPKqR8iJOsLNRH0EeCk/IPU4c6Ypf
 2Rkju4xHOJlvDhoxHZdKwFyiHQ0S0DRFG7nyVqdaLw0sHMatME3Np/h/F7g4mQjK16Mz
 ck5w==
X-Gm-Message-State: AOJu0YyuFNcnb+0lVh7Gj40dX4FE+1BEtSobDXL72niC5Tb/fCpsMFu5
 N4e2cxCKjU5JtJs+4s9pWTUYAVddSYQRjCCT3VgOwXDbepSuD0UE4kHZXqm/8Abex+yVuTvS76P
 tOKjfaFgMK8EGnUGxTo82tN+vn0FxWYQ+
X-Google-Smtp-Source: AGHT+IF848JvnF2A/1BBgreM0fvyxgEf748NwPGtvxwNGGBjzqeobdFZ1r8mAc9cqGNbB6T1cT7RcCXc0R1X
X-Received: by 2002:a05:6808:398c:b0:3c3:d2ca:a4fe with SMTP id
 gq12-20020a056808398c00b003c3d2caa4femr1260783oib.7.1711675449344; 
 Thu, 28 Mar 2024 18:24:09 -0700 (PDT)
Received: from postal.iol.unh.edu (postal.iol.unh.edu. [132.177.123.84])
 by smtp-relay.gmail.com with ESMTPS id
 ec9-20020a05622a5b8900b00430d8e36096sm198706qtb.6.2024.03.28.18.24.09
 (version=TLS1_2 cipher=ECDHE-ECDSA-AES128-GCM-SHA256 bits=128/128);
 Thu, 28 Mar 2024 18:24:09 -0700 (PDT)
X-Relaying-Domain: iol.unh.edu
Date: Thu, 28 Mar 2024 18:24:09 -0700 (PDT)
Message-ID: <66061839.050a0220.8a76f.c240SMTPIN_ADDED_MISSING@mx.google.com>
Received: from [172.21.0.6] (unknown [172.18.0.240])
 by postal.iol.unh.edu (Postfix) with ESMTP id B152F6052471;
 Thu, 28 Mar 2024 21:24:08 -0400 (EDT)
Subject: |FAILURE| pw138965 [PATCH] vhost: optimize mbuf allocation in virtio
From: dpdklab@iol.unh.edu
To: Test Report <test-report@dpdk.org>
Cc: dpdk-test-reports@iol.unh.edu, Andrey Ignatov <rdna@apple.com>
In-Reply-To: <20240328233338.56544-1-rdna@apple.com>
References: <20240328233338.56544-1-rdna@apple.com>
Content-Type: text/plain
X-BeenThere: test-report@dpdk.org
X-Mailman-Version: 2.1.29
Precedence: list
List-Id: automatic DPDK test reports <test-report.dpdk.org>
List-Unsubscribe: <https://mails.dpdk.org/options/test-report>,
 <mailto:test-report-request@dpdk.org?subject=unsubscribe>
List-Archive: <http://mails.dpdk.org/archives/test-report/>
List-Post: <mailto:test-report@dpdk.org>
List-Help: <mailto:test-report-request@dpdk.org?subject=help>
List-Subscribe: <https://mails.dpdk.org/listinfo/test-report>,
 <mailto:test-report-request@dpdk.org?subject=subscribe>
Errors-To: test-report-bounces@dpdk.org

Test-Label: iol-unit-amd64-testing
Test-Status: FAILURE
http://dpdk.org/patch/138965

_Testing issues_

Submitter: Andrey Ignatov <rdna@apple.com>
Date: Thursday, March 28 2024 23:33:38 
DPDK git baseline: Repo:dpdk
  Branch: master
  CommitID:deedfb86a7a6e10064d3cccd593f62072de96e36

138965 --> testing fail

Test environment and result as below:

+---------------------+----------------+
|     Environment     | dpdk_unit_test |
+=====================+================+
| Windows Server 2019 | FAIL           |
+---------------------+----------------+
| Windows Server 2022 | PASS           |
+---------------------+----------------+
| CentOS Stream 8     | PASS           |
+---------------------+----------------+
| CentOS Stream 9     | PASS           |
+---------------------+----------------+
| Debian Bullseye     | PASS           |
+---------------------+----------------+
| Fedora 38           | PASS           |
+---------------------+----------------+

==== 20 line log output for Windows Server 2019 (dpdk_unit_test): ====
�7�7�/�8�5� �D�P�D�K�:�f�a�s�t�-�t�e�s�t�s� �/� �t�e�l�e�m�e�t�r�y�_�d�a�t�a�_�a�u�t�o�t�e�s�t� � � � � � � � �S�K�I�P� � � � � � � � � � � � � �0�.�1�4�s� � � �e�x�i�t� �s�t�a�t�u�s� �7�7�
�
�7�8�/�8�5� �D�P�D�K�:�f�a�s�t�-�t�e�s�t�s� �/� �t�e�l�e�m�e�t�r�y�_�j�s�o�n�_�a�u�t�o�t�e�s�t� � � � � � � � �O�K� � � � � � � � � � � � � � � �0�.�1�4�s�
�
�7�9�/�8�5� �D�P�D�K�:�f�a�s�t�-�t�e�s�t�s� �/� �t�h�a�s�h�_�a�u�t�o�t�e�s�t� � � � � � � � � � � � � � � � � �O�K� � � � � � � � � � � � � � � �0�.�1�4�s�
�
�8�0�/�8�5� �D�P�D�K�:�f�a�s�t�-�t�e�s�t�s� �/� �t�h�r�e�a�d�s�_�a�u�t�o�t�e�s�t� � � � � � � � � � � � � � � �O�K� � � � � � � � � � � � � � � �0�.�9�0�s�
�
�8�1�/�8�5� �D�P�D�K�:�f�a�s�t�-�t�e�s�t�s� �/� �t�i�c�k�e�t�l�o�c�k�_�a�u�t�o�t�e�s�t� � � � � � � � � � � � �O�K� � � � � � � � � � � � � � � �0�.�1�8�s�
�
�8�2�/�8�5� �D�P�D�K�:�f�a�s�t�-�t�e�s�t�s� �/� �t�i�m�e�r�_�a�u�t�o�t�e�s�t� � � � � � � � � � � � � � � � � �O�K� � � � � � � � � � � � � � � �2�.�6�6�s�
�
�8�3�/�8�5� �D�P�D�K�:�f�a�s�t�-�t�e�s�t�s� �/� �t�r�a�c�e�_�a�u�t�o�t�e�s�t� � � � � � � � � � � � � � � � � �S�K�I�P� � � � � � � � � � � � � �0�.�1�4�s� � � �e�x�i�t� �s�t�a�t�u�s� �7�7�
�
�8�4�/�8�5� �D�P�D�K�:�f�a�s�t�-�t�e�s�t�s� �/� �v�d�e�v�_�a�u�t�o�t�e�s�t� � � � � � � � � � � � � � � � � � �O�K� � � � � � � � � � � � � � � �0�.�1�4�s�
�
�8�5�/�8�5� �D�P�D�K�:�f�a�s�t�-�t�e�s�t�s� �/� �v�e�r�s�i�o�n�_�a�u�t�o�t�e�s�t� � � � � � � � � � � � � � � �O�K� � � � � � � � � � � � � � � �0�.�1�4�s�
�
�
�
�
�
�O�k�:� � � � � � � � � � � � � � � � � �6�5� � �
�
�E�x�p�e�c�t�e�d� �F�a�i�l�:� � � � � � �0� � � �
�
�F�a�i�l�:� � � � � � � � � � � � � � � �0� � � �
�
�U�n�e�x�p�e�c�t�e�d� �P�a�s�s�:� � � � �0� � � �
�
�S�k�i�p�p�e�d�:� � � � � � � � � � � � �1�9� � �
�
�T�i�m�e�o�u�t�:� � � � � � � � � � � � �1� � � �
�
�
�
�F�u�l�l� �l�o�g� �w�r�i�t�t�e�n� �t�o� �C�:�\�U�s�e�r�s�\�b�u�i�l�d�e�r�\�j�e�n�k�i�n�s�\�w�o�r�k�s�p�a�c�e�\�G�e�n�e�r�i�c�-�V�M�-�U�n�i�t�-�T�e�s�t�-�D�P�D�K�\�d�p�d�k�\�b�u�i�l�d�\�m�e�s�o�n�-�l�o�g�s�\�t�e�s�t�l�o�g�.�t�x�t�
�
�
==== End log output ====

Windows Server 2019
	Kernel: 10.0.17763
	Compiler: clang 14.0 and gcc 8.1.0 (MinGW)

Windows Server 2022
	Kernel: 10.0.20348.2031
	Compiler: clang 15.0.7, gcc 8.1.0 (MinGW), and MSVC VS 17.9

CentOS Stream 8
	Kernel: 5.4.0-167-generic
	Compiler: gcc 8.5.0 20210514

CentOS Stream 9
	Kernel: 5.4.0-167-generic
	Compiler: gcc 11.4.1 20230605

Debian Bullseye
	Kernel: 5.4.0-167-generic
	Compiler: gcc 10.2.1-6

Fedora 38
	Kernel: Depends on container host
	Compiler: clang 16.0.6

To view detailed results, visit:
https://lab.dpdk.org/results/dashboard/patchsets/29681/

UNH-IOL DPDK Community Lab

To manage your email subscriptions, visit: 
https://lab.dpdk.org/results/dashboard/preferences/subscriptions/