From mboxrd@z Thu Jan  1 00:00:00 1970
Return-Path: <test-report-bounces@dpdk.org>
Received: from mails.dpdk.org (mails.dpdk.org [217.70.189.124])
	by inbox.dpdk.org (Postfix) with ESMTP id 9ABF843D8B
	for <public@inbox.dpdk.org>; Sat, 30 Mar 2024 04:44:04 +0100 (CET)
Received: from mails.dpdk.org (localhost [127.0.0.1])
	by mails.dpdk.org (Postfix) with ESMTP id 91FC0402C3;
	Sat, 30 Mar 2024 04:44:04 +0100 (CET)
Received: from mail-qv1-f98.google.com (mail-qv1-f98.google.com
 [209.85.219.98]) by mails.dpdk.org (Postfix) with ESMTP id EFBB1402C2
 for <test-report@dpdk.org>; Sat, 30 Mar 2024 04:43:58 +0100 (CET)
Received: by mail-qv1-f98.google.com with SMTP id
 6a1803df08f44-69185f093f5so16719956d6.3
 for <test-report@dpdk.org>; Fri, 29 Mar 2024 20:43:58 -0700 (PDT)
DKIM-Signature: v=1; a=rsa-sha256; c=relaxed/relaxed;
 d=iol.unh.edu; s=unh-iol; t=1711770238; x=1712375038; darn=dpdk.org;
 h=references:in-reply-to:cc:to:from:subject:message-id:date:from:to
 :cc:subject:date:message-id:reply-to;
 bh=RSrDVLr7Mfx0aAFUYCyaIr+DWZGbpGUrGW3oSMMKsv8=;
 b=jGMBPyiftUZifAjoEQBJ7nATn4pEfFrtRoqQC9AlTXjZOFP0TQWKODKuQP41QXbNC9
 OoxmLGQ2owFGhUjwhp3Xdy8ZnveKYAc1423YBnx/bCBvQ01l0aTOJH/0HOcsZhSruUhF
 0tvxpfRQpQHwOVf+lzB++3P6O7ueK7H/hGSSg=
X-Google-DKIM-Signature: v=1; a=rsa-sha256; c=relaxed/relaxed;
 d=1e100.net; s=20230601; t=1711770238; x=1712375038;
 h=references:in-reply-to:cc:to:from:subject:message-id:date
 :x-gm-message-state:from:to:cc:subject:date:message-id:reply-to;
 bh=RSrDVLr7Mfx0aAFUYCyaIr+DWZGbpGUrGW3oSMMKsv8=;
 b=l5v1FAaTSdgbeBTuQyf93e3ZdRUVlw5RVK1nD9uA43Xtu+lunsog6TeHvZBNTD32RV
 Wq+aX1/EPnE3BFLf6/2RBLWxgYx98Wp2whivzLPiJZCaB2t4a8qyMMDNoatGs8s6Fcq0
 zqWLIqYePU7GNaod5km1J5B/9MObWMXwCBxJVj+IAVOK/vWR0a3J3VtxPpFdwwCOjaq5
 LJ0X8BLuHBOGodkWRzGfZNsUxtKKRSiMQGcz6zJlAGSOipJaTpKj8J8eChHjMz69uljY
 q9pfUOgR+IINed1Kh1BJX7KJh5JE3bmEqWC+MK7BWKRntQukyIFVopDZo6saEBk1Jv7s
 KC4g==
X-Gm-Message-State: AOJu0YzVJuV0JciQhCRUsUXi6R7F7llaZGV/ejq57/fEF00U6+sKmHuV
 0uV5KEHqo8hJbqwq0fzRYksponfmciQzoklQ1AFvB9X3d3NQ9hVpUivWjb+CK6k9hvVPF04juPe
 arR3KqB6W/Qk1tVg1sZ74YKMFnTfGO1OHE5wTEzj0
X-Google-Smtp-Source: AGHT+IGMAY3iJ1BKRkKnV9Y6s0XxEizR60JYZQn+ltLTy18/64vZyDzfLn5uHzthe4rn/ZF5/wv2i2DRj91A
X-Received: by 2002:a05:6214:5810:b0:696:4f6d:cd73 with SMTP id
 mk16-20020a056214581000b006964f6dcd73mr3809854qvb.44.1711770238470; 
 Fri, 29 Mar 2024 20:43:58 -0700 (PDT)
Received: from postal.iol.unh.edu (postal.iol.unh.edu. [132.177.123.84])
 by smtp-relay.gmail.com with ESMTPS id
 e14-20020a0562141d0e00b0069694f3c9bbsm310746qvd.6.2024.03.29.20.43.58
 (version=TLS1_2 cipher=ECDHE-ECDSA-AES128-GCM-SHA256 bits=128/128);
 Fri, 29 Mar 2024 20:43:58 -0700 (PDT)
X-Relaying-Domain: iol.unh.edu
Date: Fri, 29 Mar 2024 20:43:58 -0700 (PDT)
Message-ID: <66078a7e.050a0220.3227f.3c44SMTPIN_ADDED_MISSING@mx.google.com>
Received: from [172.21.0.6] (unknown [172.18.0.240])
 by postal.iol.unh.edu (Postfix) with ESMTP id 1D0456052471;
 Fri, 29 Mar 2024 23:43:58 -0400 (EDT)
Subject: |FAILURE| pw138981-138995 [PATCH] [v19,15/15] log: colorize log outp
From: dpdklab@iol.unh.edu
To: Test Report <test-report@dpdk.org>
Cc: dpdk-test-reports@iol.unh.edu,
 Stephen Hemminger <stephen@networkplumber.org>
In-Reply-To: <20240330030429.4630-16-stephen@networkplumber.org>
References: <20240330030429.4630-16-stephen@networkplumber.org>
Content-Type: text/plain
X-BeenThere: test-report@dpdk.org
X-Mailman-Version: 2.1.29
Precedence: list
List-Id: automatic DPDK test reports <test-report.dpdk.org>
List-Unsubscribe: <https://mails.dpdk.org/options/test-report>,
 <mailto:test-report-request@dpdk.org?subject=unsubscribe>
List-Archive: <http://mails.dpdk.org/archives/test-report/>
List-Post: <mailto:test-report@dpdk.org>
List-Help: <mailto:test-report-request@dpdk.org?subject=help>
List-Subscribe: <https://mails.dpdk.org/listinfo/test-report>,
 <mailto:test-report-request@dpdk.org?subject=subscribe>
Errors-To: test-report-bounces@dpdk.org

Test-Label: iol-compile-amd64-testing
Test-Status: FAILURE
http://dpdk.org/patch/138995

_Testing issues_

Submitter: Stephen Hemminger <stephen@networkplumber.org>
Date: Saturday, March 30 2024 03:00:58 
DPDK git baseline: Repo:dpdk
  Branch: master
  CommitID:a9778aad62470a38ccbb4e09a2a6bf0cc2e0e36d

138981-138995 --> testing fail

Test environment and result as below:

+---------------------+--------------------+-------------------+----------------------+
|     Environment     | dpdk_meson_compile | dpdk_msvc_compile | dpdk_mingw64_compile |
+=====================+====================+===================+======================+
| FreeBSD 13.2        | FAIL               | SKIPPED           | SKIPPED              |
+---------------------+--------------------+-------------------+----------------------+
| Windows Server 2022 | PASS               | PASS              | SKIPPED              |
+---------------------+--------------------+-------------------+----------------------+
| Windows Server 2019 | PASS               | SKIPPED           | PASS                 |
+---------------------+--------------------+-------------------+----------------------+

==== 20 line log output for FreeBSD 13.2 (dpdk_meson_compile): ====
[421/1843] Compiling C object drivers/librte_common_cpt.so.24.1.p/meson-generated_.._rte_common_cpt.pmd.c.o
[422/1843] Compiling C object drivers/libtmp_rte_common_iavf.a.p/common_iavf_iavf_adminq.c.o
[423/1843] Compiling C object drivers/libtmp_rte_common_iavf.a.p/common_iavf_iavf_common.c.o
[424/1843] Generating lib/eal.sym_chk with a custom command (wrapped by meson to capture output)
[425/1843] Compiling C object drivers/libtmp_rte_common_iavf.a.p/common_iavf_iavf_impl.c.o
[426/1843] Generating lib/node.sym_chk with a custom command (wrapped by meson to capture output)
[427/1843] Linking static target drivers/libtmp_rte_common_iavf.a
[428/1843] Linking target lib/librte_eal.so.24.1
FAILED: lib/librte_eal.so.24.1
cc  -o lib/librte_eal.so.24.1 lib/librte_eal.a.p/eal_common_eal_common_bus.c.o lib/librte_eal.a.p/eal_common_eal_common_class.c.o lib/librte_eal.a.p/eal_common_eal_common_config.c.o lib/librte_eal.a.p/eal_common_eal_common_debug.c.o lib/librte_eal.a.p/eal_common_eal_common_dev.c.o lib/librte_eal.a.p/eal_common_eal_common_devargs.c.o lib/librte_eal.a.p/eal_common_eal_common_errno.c.o lib/librte_eal.a.p/eal_common_eal_common_fbarray.c.o lib/librte_eal.a.p/eal_common_eal_common_hexdump.c.o lib/librte_eal.a.p/eal_common_eal_common_interrupts.c.o lib/librte_eal.a.p/eal_common_eal_common_launch.c.o lib/librte_eal.a.p/eal_common_eal_common_lcore.c.o lib/librte_eal.a.p/eal_common_eal_common_mcfg.c.o lib/librte_eal.a.p/eal_common_eal_common_memalloc.c.o lib/librte_eal.a.p/eal_common_eal_common_memory.c.o lib/librte_eal.a.p/eal_common_eal_common_memzone.c.o lib/librte_eal.a.p/eal_common_eal_common_options.c.o lib/librte_eal.a.p/eal_common_eal_common_string_fns.c.o lib/librte_eal.a.p/eal_common
 _eal_common_tailqs.c.o lib/librte_eal.a.p/eal_common_eal_common_thread.c.o lib/librte_eal.a.p/eal_common_eal_common_timer.c.o lib/librte_eal.a.p/eal_common_eal_common_trace_points.c.o lib/librte_eal.a.p/eal_common_eal_common_uuid.c.o lib/librte_eal.a.p/eal_common_malloc_elem.c.o lib/librte_eal.a.p/eal_common_malloc_heap.c.o lib/librte_eal.a.p/eal_common_rte_malloc.c.o lib/librte_eal.a.p/eal_common_rte_random.c.o lib/librte_eal.a.p/eal_common_rte_reciprocal.c.o lib/librte_eal.a.p/eal_common_rte_service.c.o lib/librte_eal.a.p/eal_common_rte_version.c.o lib/librte_eal.a.p/eal_common_eal_common_cpuflags.c.o lib/librte_eal.a.p/eal_common_eal_common_hypervisor.c.o lib/librte_eal.a.p/eal_common_eal_common_proc.c.o lib/librte_eal.a.p/eal_common_eal_common_trace.c.o lib/librte_eal.a.p/eal_common_eal_common_trace_ctf.c.o lib/librte_eal.a.p/eal_common_eal_common_trace_utils.c.o lib/librte_eal.a.p/eal_common_hotplug_mp.c.o lib/librte_eal.a.p/eal_common_malloc_mp.c.o lib/librte_eal.a.p/eal_commo
 n_rte_keepalive.c.o lib/librte_eal.a.p/eal_unix_eal_debug.c.o lib/librte_eal.a.p/eal_unix_eal_file.c.o lib/librte_eal.a.p/eal_unix_eal_filesystem.c.o lib/librte_eal.a.p/eal_unix_eal_firmware.c.o lib/librte_eal.a.p/eal_unix_eal_unix_memory.c.o lib/librte_eal.a.p/eal_unix_eal_unix_thread.c.o lib/librte_eal.a.p/eal_unix_eal_unix_timer.c.o lib/librte_eal.a.p/eal_unix_rte_thread.c.o lib/librte_eal.a.p/eal_freebsd_eal.c.o lib/librte_eal.a.p/eal_freebsd_eal_alarm.c.o lib/librte_eal.a.p/eal_freebsd_eal_cpuflags.c.o lib/librte_eal.a.p/eal_freebsd_eal_dev.c.o lib/librte_eal.a.p/eal_freebsd_eal_hugepage_info.c.o lib/librte_eal.a.p/eal_freebsd_eal_interrupts.c.o lib/librte_eal.a.p/eal_freebsd_eal_lcore.c.o lib/librte_eal.a.p/eal_freebsd_eal_memalloc.c.o lib/librte_eal.a.p/eal_freebsd_eal_memory.c.o lib/librte_eal.a.p/eal_freebsd_eal_thread.c.o lib/librte_eal.a.p/eal_freebsd_eal_timer.c.o lib/librte_eal.a.p/eal_x86_rte_cpuflags.c.o lib/librte_eal.a.p/eal_x86_rte_cycles.c.o lib/librte_eal.a.p/eal
 _x86_rte_hypervisor.c.o lib/librte_eal.a.p/eal_x86_rte_spinlock.c.o lib/librte_eal.a.p/eal_x86_rte_power_intrinsics.c.o -Wl,--as-needed -Wl,--no-undefined -Wl,-O1 -shared -fPIC -Wl,--start-group -Wl,-soname,librte_eal.so.24 -Wl,--no-as-needed -Wl,--undefined-version -pthread -lm -lexecinfo '-Wl,-rpath,$ORIGIN/:/usr/local/lib' -Wl,-rpath-link,/usr/home/jenkins/jenkins-agent/workspace/Generic-VM-DPDK-Compile-Meson/dpdk/build/lib -Wl,-rpath-link,/usr/local/lib lib/librte_kvargs.so.24.1 lib/librte_log.so.24.1 lib/librte_telemetry.so.24.1 -Wl,--version-script=/usr/home/jenkins/jenkins-agent/workspace/Generic-VM-DPDK-Compile-Meson/dpdk/lib/eal/version.map /usr/local/lib/libarchive.so -Wl,--end-group
ld: error: undefined symbol: eal_log_journal
>>> referenced by eal_common_options.c
>>>               lib/librte_eal.a.p/eal_common_eal_common_options.c.o:(eal_parse_common_option)
cc: error: linker command failed with exit code 1 (use -v to see invocation)
[429/1843] Generating lib/graph.sym_chk with a custom command (wrapped by meson to capture output)
[430/1843] Compiling C object drivers/common/idpf/libidpf_common_avx512_lib.a.p/idpf_common_rxtx_avx512.c.o
[431/1843] Generating drivers/rte_common_iavf.pmd.c with a custom command
[432/1843] Generating drivers/rte_common_cpt.sym_chk with a custom command (wrapped by meson to capture output)
[433/1843] Generating lib/pipeline.sym_chk with a custom command (wrapped by meson to capture output)
ninja: build stopped: subcommand failed.
==== End log output ====

FreeBSD 13.2
	Kernel: 13.2
	Compiler: clang 14.0.5

Windows Server 2022
	Kernel: 10.0.20348.2031
	Compiler: clang 15.0.7, gcc 8.1.0 (MinGW), and MSVC VS 17.9

Windows Server 2019
	Kernel: 10.0.17763
	Compiler: clang 14.0 and gcc 8.1.0 (MinGW)

To view detailed results, visit:
https://lab.dpdk.org/results/dashboard/patchsets/29683/

UNH-IOL DPDK Community Lab

To manage your email subscriptions, visit: 
https://lab.dpdk.org/results/dashboard/preferences/subscriptions/