From mboxrd@z Thu Jan  1 00:00:00 1970
Return-Path: <test-report-bounces@dpdk.org>
Received: from mails.dpdk.org (mails.dpdk.org [217.70.189.124])
	by inbox.dpdk.org (Postfix) with ESMTP id 956B443D8B
	for <public@inbox.dpdk.org>; Sat, 30 Mar 2024 05:15:47 +0100 (CET)
Received: from mails.dpdk.org (localhost [127.0.0.1])
	by mails.dpdk.org (Postfix) with ESMTP id 60D44402C2;
	Sat, 30 Mar 2024 05:15:47 +0100 (CET)
Received: from mail-qv1-f97.google.com (mail-qv1-f97.google.com
 [209.85.219.97]) by mails.dpdk.org (Postfix) with ESMTP id 4687E402B0
 for <test-report@dpdk.org>; Sat, 30 Mar 2024 05:15:45 +0100 (CET)
Received: by mail-qv1-f97.google.com with SMTP id
 6a1803df08f44-695df25699fso19923596d6.2
 for <test-report@dpdk.org>; Fri, 29 Mar 2024 21:15:45 -0700 (PDT)
DKIM-Signature: v=1; a=rsa-sha256; c=relaxed/relaxed;
 d=iol.unh.edu; s=unh-iol; t=1711772144; x=1712376944; darn=dpdk.org;
 h=references:in-reply-to:cc:to:from:subject:message-id:date:from:to
 :cc:subject:date:message-id:reply-to;
 bh=ywrCbu0ojBCRV+8CJZgON2qWeXzSCKDeDNgQI1xZgKo=;
 b=GhDUVuOBfdMmy84DLZQ9MxmADsn3j3An3vhpA/lkfbMUvbJp7ujEs/2P8h+r+mOJH3
 UuZcuZikWu7NhAmSKy8I9tI7B/NMe3eK9BaYFf3wxfDK+npqDOfc9I9O9qj8gIc6c1lc
 xPAWIBVOyB18shW+NJzPV4B7GYf50XG6CnFAg=
X-Google-DKIM-Signature: v=1; a=rsa-sha256; c=relaxed/relaxed;
 d=1e100.net; s=20230601; t=1711772144; x=1712376944;
 h=references:in-reply-to:cc:to:from:subject:message-id:date
 :x-gm-message-state:from:to:cc:subject:date:message-id:reply-to;
 bh=ywrCbu0ojBCRV+8CJZgON2qWeXzSCKDeDNgQI1xZgKo=;
 b=gu6ic2CqHXtmwFRjSfxreFmqa5HA2Nc0RVp1hspEgdSPjsDgQs6HssuEs7yZ6RSUhU
 9fcAQyfVi8lPbXdjptp+jjo50jdzjb1qEo8S8vq5D3z6N2P8T/7gJfT9+9zOzcLRnocv
 0ZReWsB0UqbvZjvYsxDahbRqMHr1AKsFc8Pi855RVjBzfBhZdFqhTJ1hRWi0S6gGE5qy
 /Pzb+v4fYUPQbPykFUyWyPdnoWJMoYTCzQ8p7T1byRCARg3IZjBcT5hrpDDRU8hgqQ2V
 BjuEJ8Q5pNUuNUFHoKVFgMXM0xNJ5J2538AQ4EBXhUCNPdIfoIDOkh8JoUwZZ0kpQDtY
 JQSQ==
X-Gm-Message-State: AOJu0Yw2MBrvD26JTSLcx0ZcSjuztPu3k/5K27ef2F0CFts6o+A4bsSX
 dtXI4UNXeJbvXQ2jorwXnfyal3XE/Pa8whp1FUXVd6PhxQVHTEAWpbF7zuCEhYcMZIiUWmG11uK
 zht0lPKYiEk0rKJ9MV3by7GmtOpQ5/P5qwZr8GwuE
X-Google-Smtp-Source: AGHT+IHJ4zhl+Q7vuUujOWr/E36b7FOpdDbfl1dl/YNLq6Bopo1SlzkU7edFLUNF/GxSdqZlM3mUKm11IUP7
X-Received: by 2002:a05:6214:1870:b0:690:30fc:1a99 with SMTP id
 eh16-20020a056214187000b0069030fc1a99mr3707651qvb.5.1711772144614; 
 Fri, 29 Mar 2024 21:15:44 -0700 (PDT)
Received: from postal.iol.unh.edu (postal.iol.unh.edu. [132.177.123.84])
 by smtp-relay.gmail.com with ESMTPS id
 gf2-20020a056214250200b006967b80b648sm311390qvb.9.2024.03.29.21.15.44
 (version=TLS1_2 cipher=ECDHE-ECDSA-AES128-GCM-SHA256 bits=128/128);
 Fri, 29 Mar 2024 21:15:44 -0700 (PDT)
X-Relaying-Domain: iol.unh.edu
Date: Fri, 29 Mar 2024 21:15:44 -0700 (PDT)
Message-ID: <660791f0.050a0220.9e02b.45a2SMTPIN_ADDED_MISSING@mx.google.com>
Received: from [172.21.0.6] (unknown [172.18.0.240])
 by postal.iol.unh.edu (Postfix) with ESMTP id 3CF136052471;
 Sat, 30 Mar 2024 00:15:44 -0400 (EDT)
Subject: |FAILURE| pw138981-138995 [PATCH] [v19,15/15] log: colorize log outp
From: dpdklab@iol.unh.edu
To: Test Report <test-report@dpdk.org>
Cc: dpdk-test-reports@iol.unh.edu,
 Stephen Hemminger <stephen@networkplumber.org>
In-Reply-To: <20240330030429.4630-16-stephen@networkplumber.org>
References: <20240330030429.4630-16-stephen@networkplumber.org>
Content-Type: text/plain
X-BeenThere: test-report@dpdk.org
X-Mailman-Version: 2.1.29
Precedence: list
List-Id: automatic DPDK test reports <test-report.dpdk.org>
List-Unsubscribe: <https://mails.dpdk.org/options/test-report>,
 <mailto:test-report-request@dpdk.org?subject=unsubscribe>
List-Archive: <http://mails.dpdk.org/archives/test-report/>
List-Post: <mailto:test-report@dpdk.org>
List-Help: <mailto:test-report-request@dpdk.org?subject=help>
List-Subscribe: <https://mails.dpdk.org/listinfo/test-report>,
 <mailto:test-report-request@dpdk.org?subject=subscribe>
Errors-To: test-report-bounces@dpdk.org

Test-Label: iol-compile-amd64-testing
Test-Status: FAILURE
http://dpdk.org/patch/138995

_Testing issues_

Submitter: Stephen Hemminger <stephen@networkplumber.org>
Date: Saturday, March 30 2024 03:00:58 
DPDK git baseline: Repo:dpdk
  Branch: master
  CommitID:a9778aad62470a38ccbb4e09a2a6bf0cc2e0e36d

138981-138995 --> testing fail

Test environment and result as below:

+---------------------+--------------------+-------------------+----------------------+
|     Environment     | dpdk_meson_compile | dpdk_msvc_compile | dpdk_mingw64_compile |
+=====================+====================+===================+======================+
| FreeBSD 13.2        | FAIL               | SKIPPED           | SKIPPED              |
+---------------------+--------------------+-------------------+----------------------+
| Windows Server 2022 | PASS               | PASS              | PASS                 |
+---------------------+--------------------+-------------------+----------------------+
| Windows Server 2019 | PASS               | SKIPPED           | PASS                 |
+---------------------+--------------------+-------------------+----------------------+
| CentOS Stream 9     | PASS               | SKIPPED           | SKIPPED              |
+---------------------+--------------------+-------------------+----------------------+
| CentOS Stream 8     | PASS               | SKIPPED           | SKIPPED              |
+---------------------+--------------------+-------------------+----------------------+
| Ubuntu 20.04        | PASS               | SKIPPED           | SKIPPED              |
+---------------------+--------------------+-------------------+----------------------+
| openSUSE Leap 15    | PASS               | SKIPPED           | SKIPPED              |
+---------------------+--------------------+-------------------+----------------------+
| Fedora 38           | PASS               | SKIPPED           | SKIPPED              |
+---------------------+--------------------+-------------------+----------------------+
| Debian Bullseye     | PASS               | SKIPPED           | SKIPPED              |
+---------------------+--------------------+-------------------+----------------------+
| Debian 11 (arm)     | PASS               | SKIPPED           | SKIPPED              |
+---------------------+--------------------+-------------------+----------------------+
| Fedora 37           | PASS               | SKIPPED           | SKIPPED              |
+---------------------+--------------------+-------------------+----------------------+
| RHEL8               | PASS               | SKIPPED           | SKIPPED              |
+---------------------+--------------------+-------------------+----------------------+

==== 20 line log output for FreeBSD 13.2 (dpdk_meson_compile): ====
[421/1843] Compiling C object drivers/librte_common_cpt.so.24.1.p/meson-generated_.._rte_common_cpt.pmd.c.o
[422/1843] Compiling C object drivers/libtmp_rte_common_iavf.a.p/common_iavf_iavf_adminq.c.o
[423/1843] Compiling C object drivers/libtmp_rte_common_iavf.a.p/common_iavf_iavf_common.c.o
[424/1843] Generating lib/eal.sym_chk with a custom command (wrapped by meson to capture output)
[425/1843] Compiling C object drivers/libtmp_rte_common_iavf.a.p/common_iavf_iavf_impl.c.o
[426/1843] Generating lib/node.sym_chk with a custom command (wrapped by meson to capture output)
[427/1843] Linking static target drivers/libtmp_rte_common_iavf.a
[428/1843] Linking target lib/librte_eal.so.24.1
FAILED: lib/librte_eal.so.24.1
cc  -o lib/librte_eal.so.24.1 lib/librte_eal.a.p/eal_common_eal_common_bus.c.o lib/librte_eal.a.p/eal_common_eal_common_class.c.o lib/librte_eal.a.p/eal_common_eal_common_config.c.o lib/librte_eal.a.p/eal_common_eal_common_debug.c.o lib/librte_eal.a.p/eal_common_eal_common_dev.c.o lib/librte_eal.a.p/eal_common_eal_common_devargs.c.o lib/librte_eal.a.p/eal_common_eal_common_errno.c.o lib/librte_eal.a.p/eal_common_eal_common_fbarray.c.o lib/librte_eal.a.p/eal_common_eal_common_hexdump.c.o lib/librte_eal.a.p/eal_common_eal_common_interrupts.c.o lib/librte_eal.a.p/eal_common_eal_common_launch.c.o lib/librte_eal.a.p/eal_common_eal_common_lcore.c.o lib/librte_eal.a.p/eal_common_eal_common_mcfg.c.o lib/librte_eal.a.p/eal_common_eal_common_memalloc.c.o lib/librte_eal.a.p/eal_common_eal_common_memory.c.o lib/librte_eal.a.p/eal_common_eal_common_memzone.c.o lib/librte_eal.a.p/eal_common_eal_common_options.c.o lib/librte_eal.a.p/eal_common_eal_common_string_fns.c.o lib/librte_eal.a.p/eal_common
 _eal_common_tailqs.c.o lib/librte_eal.a.p/eal_common_eal_common_thread.c.o lib/librte_eal.a.p/eal_common_eal_common_timer.c.o lib/librte_eal.a.p/eal_common_eal_common_trace_points.c.o lib/librte_eal.a.p/eal_common_eal_common_uuid.c.o lib/librte_eal.a.p/eal_common_malloc_elem.c.o lib/librte_eal.a.p/eal_common_malloc_heap.c.o lib/librte_eal.a.p/eal_common_rte_malloc.c.o lib/librte_eal.a.p/eal_common_rte_random.c.o lib/librte_eal.a.p/eal_common_rte_reciprocal.c.o lib/librte_eal.a.p/eal_common_rte_service.c.o lib/librte_eal.a.p/eal_common_rte_version.c.o lib/librte_eal.a.p/eal_common_eal_common_cpuflags.c.o lib/librte_eal.a.p/eal_common_eal_common_hypervisor.c.o lib/librte_eal.a.p/eal_common_eal_common_proc.c.o lib/librte_eal.a.p/eal_common_eal_common_trace.c.o lib/librte_eal.a.p/eal_common_eal_common_trace_ctf.c.o lib/librte_eal.a.p/eal_common_eal_common_trace_utils.c.o lib/librte_eal.a.p/eal_common_hotplug_mp.c.o lib/librte_eal.a.p/eal_common_malloc_mp.c.o lib/librte_eal.a.p/eal_commo
 n_rte_keepalive.c.o lib/librte_eal.a.p/eal_unix_eal_debug.c.o lib/librte_eal.a.p/eal_unix_eal_file.c.o lib/librte_eal.a.p/eal_unix_eal_filesystem.c.o lib/librte_eal.a.p/eal_unix_eal_firmware.c.o lib/librte_eal.a.p/eal_unix_eal_unix_memory.c.o lib/librte_eal.a.p/eal_unix_eal_unix_thread.c.o lib/librte_eal.a.p/eal_unix_eal_unix_timer.c.o lib/librte_eal.a.p/eal_unix_rte_thread.c.o lib/librte_eal.a.p/eal_freebsd_eal.c.o lib/librte_eal.a.p/eal_freebsd_eal_alarm.c.o lib/librte_eal.a.p/eal_freebsd_eal_cpuflags.c.o lib/librte_eal.a.p/eal_freebsd_eal_dev.c.o lib/librte_eal.a.p/eal_freebsd_eal_hugepage_info.c.o lib/librte_eal.a.p/eal_freebsd_eal_interrupts.c.o lib/librte_eal.a.p/eal_freebsd_eal_lcore.c.o lib/librte_eal.a.p/eal_freebsd_eal_memalloc.c.o lib/librte_eal.a.p/eal_freebsd_eal_memory.c.o lib/librte_eal.a.p/eal_freebsd_eal_thread.c.o lib/librte_eal.a.p/eal_freebsd_eal_timer.c.o lib/librte_eal.a.p/eal_x86_rte_cpuflags.c.o lib/librte_eal.a.p/eal_x86_rte_cycles.c.o lib/librte_eal.a.p/eal
 _x86_rte_hypervisor.c.o lib/librte_eal.a.p/eal_x86_rte_spinlock.c.o lib/librte_eal.a.p/eal_x86_rte_power_intrinsics.c.o -Wl,--as-needed -Wl,--no-undefined -Wl,-O1 -shared -fPIC -Wl,--start-group -Wl,-soname,librte_eal.so.24 -Wl,--no-as-needed -Wl,--undefined-version -pthread -lm -lexecinfo '-Wl,-rpath,$ORIGIN/:/usr/local/lib' -Wl,-rpath-link,/usr/home/jenkins/jenkins-agent/workspace/Generic-VM-DPDK-Compile-Meson/dpdk/build/lib -Wl,-rpath-link,/usr/local/lib lib/librte_kvargs.so.24.1 lib/librte_log.so.24.1 lib/librte_telemetry.so.24.1 -Wl,--version-script=/usr/home/jenkins/jenkins-agent/workspace/Generic-VM-DPDK-Compile-Meson/dpdk/lib/eal/version.map /usr/local/lib/libarchive.so -Wl,--end-group
ld: error: undefined symbol: eal_log_journal
>>> referenced by eal_common_options.c
>>>               lib/librte_eal.a.p/eal_common_eal_common_options.c.o:(eal_parse_common_option)
cc: error: linker command failed with exit code 1 (use -v to see invocation)
[429/1843] Generating lib/graph.sym_chk with a custom command (wrapped by meson to capture output)
[430/1843] Compiling C object drivers/common/idpf/libidpf_common_avx512_lib.a.p/idpf_common_rxtx_avx512.c.o
[431/1843] Generating drivers/rte_common_iavf.pmd.c with a custom command
[432/1843] Generating drivers/rte_common_cpt.sym_chk with a custom command (wrapped by meson to capture output)
[433/1843] Generating lib/pipeline.sym_chk with a custom command (wrapped by meson to capture output)
ninja: build stopped: subcommand failed.
==== End log output ====

FreeBSD 13.2
	Kernel: 13.2
	Compiler: clang 14.0.5

Windows Server 2022
	Kernel: 10.0.20348.2031
	Compiler: clang 15.0.7, gcc 8.1.0 (MinGW), and MSVC VS 17.9

Windows Server 2019
	Kernel: 10.0.17763
	Compiler: clang 14.0 and gcc 8.1.0 (MinGW)

CentOS Stream 9
	Kernel: 5.4.0-167-generic
	Compiler: gcc 11.4.1 20230605

CentOS Stream 8
	Kernel: 5.4.0-167-generic
	Compiler: gcc 8.5.0 20210514

Ubuntu 20.04
	Kernel: 5.4.0-167-generic
	Compiler: gcc 9.4.0-1ubuntu1~20.04.1

openSUSE Leap 15
	Kernel: 5.4.0-167-generic
	Compiler: gcc 7.5.0

Fedora 38
	Kernel: Depends on container host
	Compiler: gcc 13.2.1

Debian Bullseye
	Kernel: 5.4.0-167-generic
	Compiler: gcc 10.2.1-6

Debian 11 (arm)
	Kernel: Container Host Kernel
	Compiler: gcc 10.2.1

Fedora 37
	Kernel: Depends on container host system
	Compiler: gcc 12.3.1

RHEL8
	Kernel: 5.4.0-167-generic
	Compiler: gcc 8.5.0 20210514 (Red Hat 8.5.0-20)

To view detailed results, visit:
https://lab.dpdk.org/results/dashboard/patchsets/29683/

UNH-IOL DPDK Community Lab

To manage your email subscriptions, visit: 
https://lab.dpdk.org/results/dashboard/preferences/subscriptions/