From mboxrd@z Thu Jan  1 00:00:00 1970
Return-Path: <test-report-bounces@dpdk.org>
Received: from mails.dpdk.org (mails.dpdk.org [217.70.189.124])
	by inbox.dpdk.org (Postfix) with ESMTP id 2E02B43DCD
	for <public@inbox.dpdk.org>; Wed,  3 Apr 2024 00:21:05 +0200 (CEST)
Received: from mails.dpdk.org (localhost [127.0.0.1])
	by mails.dpdk.org (Postfix) with ESMTP id 2746D40144;
	Wed,  3 Apr 2024 00:21:05 +0200 (CEST)
Received: from mail-yw1-f226.google.com (mail-yw1-f226.google.com
 [209.85.128.226])
 by mails.dpdk.org (Postfix) with ESMTP id C2D3E400D7
 for <test-report@dpdk.org>; Wed,  3 Apr 2024 00:21:03 +0200 (CEST)
Received: by mail-yw1-f226.google.com with SMTP id
 00721157ae682-615038fc5baso20756627b3.3
 for <test-report@dpdk.org>; Tue, 02 Apr 2024 15:21:03 -0700 (PDT)
DKIM-Signature: v=1; a=rsa-sha256; c=relaxed/relaxed;
 d=iol.unh.edu; s=unh-iol; t=1712096463; x=1712701263; darn=dpdk.org;
 h=references:in-reply-to:cc:to:from:subject:message-id:date:from:to
 :cc:subject:date:message-id:reply-to;
 bh=hVQ0hkZBVrJrTNUZsV3pGPOwAQJAmzEjT7Z4PbXvLZc=;
 b=JRGjHv0pvcYDvjy5GYlarrZYbuvfHshyfNSAPDlMHobEsvb/FiuWL/bO6Ai5Oadch6
 NWVajBbGU2GDcTWL2lBqV+M/+hhb4nTh0ZHwF97AiBMBTnb5N+9cJLtNBBH8eyQw9FDM
 0DCzOyZP/NAh7TW5luBU5zes4dPQE76W0muOc=
X-Google-DKIM-Signature: v=1; a=rsa-sha256; c=relaxed/relaxed;
 d=1e100.net; s=20230601; t=1712096463; x=1712701263;
 h=references:in-reply-to:cc:to:from:subject:message-id:date
 :x-gm-message-state:from:to:cc:subject:date:message-id:reply-to;
 bh=hVQ0hkZBVrJrTNUZsV3pGPOwAQJAmzEjT7Z4PbXvLZc=;
 b=LoI5VWGN2f5GZTBm250duZiAhlGJfI1abUVdB4o4sAD7o3ExUHx/AKqrLjkaElR3Qq
 ZVWpcsdsE9u3Nfgvymd/PEIPE5mrxEugsuxBA/Yg1A46Y9qYkoFGltHqPRuSGA78Dojp
 W++3ppHxm6wjBZ21y2MYuXjFa11OtZF4F/t6tpeZsF/PjTvQyzlO36Hz0FaP8FN6TxP5
 8XKoNkoPmaOnj2ULAsRzFXMKA5YXRpRgKc/noGANVrSLkfoXqIk6/hXYyJWQ4NhVhg+B
 zJdgXLQvZ8BP0iGP7ULtVxO2ffA1LEXiH6kYmURX8E7UqiB+FhiDv4U6VlbbEtL0iFyw
 xfxw==
X-Gm-Message-State: AOJu0Yz2AkOBT5f1VPc08JMz3+6WZJ8OHXQr+H4z3nFNbqx6qAwxNISR
 6V3ccBcHvKHyKHaC+3G69MDmEKwnbCZmowY8hg7ES0w7qTLmR2hf4FVJwYErLOKN6GbLx0GVCIR
 d+SYQzNMQAcIGz2UM5pkslYtxY6srCeMUWeZSgMK1uLi0BWzwjIEykKVh
X-Google-Smtp-Source: AGHT+IFbYB28yyFULRJ/AC9hrgWiA/sU2cGGbpZS4IPV2R80vL7mYxtXmJAJq1VK3yreowFV7J6ktY91X6dz
X-Received: by 2002:a81:69c2:0:b0:615:3332:f352 with SMTP id
 e185-20020a8169c2000000b006153332f352mr2569340ywc.52.1712096463253; 
 Tue, 02 Apr 2024 15:21:03 -0700 (PDT)
Received: from postal.iol.unh.edu (postal.iol.unh.edu.
 [2606:4100:3880:1234::84]) by smtp-relay.gmail.com with ESMTPS id
 cl28-20020a05690c0c1c00b006153715aa7asm85716ywb.13.2024.04.02.15.21.03
 (version=TLS1_2 cipher=ECDHE-ECDSA-AES128-GCM-SHA256 bits=128/128);
 Tue, 02 Apr 2024 15:21:03 -0700 (PDT)
X-Relaying-Domain: iol.unh.edu
Date: Tue, 02 Apr 2024 15:21:03 -0700 (PDT)
Message-ID: <660c84cf.050a0220.92f16.54bdSMTPIN_ADDED_MISSING@mx.google.com>
Received: from [172.21.0.6] (unknown [172.18.0.240])
 by postal.iol.unh.edu (Postfix) with ESMTP id DDC8F6052471;
 Tue,  2 Apr 2024 18:21:02 -0400 (EDT)
Subject: |FAILURE| pw139031-139034 [PATCH] [v9,4/4] cryptodev: remove rte mar
From: dpdklab@iol.unh.edu
To: Test Report <test-report@dpdk.org>
Cc: dpdk-test-reports@iol.unh.edu,
 Tyler Retzlaff <roretzla@linux.microsoft.com>
In-Reply-To: <1712088530-24948-5-git-send-email-roretzla@linux.microsoft.com>
References: <1712088530-24948-5-git-send-email-roretzla@linux.microsoft.com>
Content-Type: text/plain
X-BeenThere: test-report@dpdk.org
X-Mailman-Version: 2.1.29
Precedence: list
List-Id: automatic DPDK test reports <test-report.dpdk.org>
List-Unsubscribe: <https://mails.dpdk.org/options/test-report>,
 <mailto:test-report-request@dpdk.org?subject=unsubscribe>
List-Archive: <http://mails.dpdk.org/archives/test-report/>
List-Post: <mailto:test-report@dpdk.org>
List-Help: <mailto:test-report-request@dpdk.org?subject=help>
List-Subscribe: <https://mails.dpdk.org/listinfo/test-report>,
 <mailto:test-report-request@dpdk.org?subject=subscribe>
Errors-To: test-report-bounces@dpdk.org

Test-Label: iol-unit-amd64-testing
Test-Status: FAILURE
http://dpdk.org/patch/139034

_Testing issues_

Submitter: Tyler Retzlaff <roretzla@linux.microsoft.com>
Date: Tuesday, April 02 2024 20:08:50 
DPDK git baseline: Repo:dpdk
  Branch: master
  CommitID:e2e546ab5bf5e024986ccb5310ab43982f3bb40c

139031-139034 --> testing fail

Test environment and result as below:

+---------------------+----------------+
|     Environment     | dpdk_unit_test |
+=====================+================+
| Windows Server 2019 | PASS           |
+---------------------+----------------+
| Windows Server 2022 | PASS           |
+---------------------+----------------+
| CentOS Stream 9     | PASS           |
+---------------------+----------------+
| CentOS Stream 8     | PASS           |
+---------------------+----------------+
| Debian 12           | FAIL           |
+---------------------+----------------+
| Fedora 38           | PASS           |
+---------------------+----------------+
| Fedora 37           | PASS           |
+---------------------+----------------+
| RHEL8               | PASS           |
+---------------------+----------------+
| Fedora 39           | PASS           |
+---------------------+----------------+
| Ubuntu 20.04        | PASS           |
+---------------------+----------------+
| Debian Bullseye     | PASS           |
+---------------------+----------------+
| Ubuntu 22.04        | PASS           |
+---------------------+----------------+

==== 20 line log output for Debian 12 (dpdk_unit_test): ====
102/112 DPDK:fast-tests / telemetry_data_autotest        OK               0.18s
103/112 DPDK:fast-tests / telemetry_json_autotest        OK               0.17s
104/112 DPDK:fast-tests / thash_autotest                 OK               0.18s
105/112 DPDK:fast-tests / threads_autotest               OK               0.35s
106/112 DPDK:fast-tests / ticketlock_autotest            OK               0.19s
107/112 DPDK:fast-tests / timer_autotest                 OK               2.49s
108/112 DPDK:fast-tests / trace_autotest                 OK               0.19s
109/112 DPDK:fast-tests / trace_autotest_with_traces     OK               0.19s
110/112 DPDK:fast-tests / vdev_autotest                  OK               0.18s
111/112 DPDK:fast-tests / version_autotest               OK               0.18s
112/112 DPDK:fast-tests / telemetry_all                  SKIP             0.01s   exit status 77

Ok:                 101
Expected Fail:      0
Fail:               1
Unexpected Pass:    0
Skipped:            10
Timeout:            0

Full log written to /home-local/jenkins-local/jenkins-agent/workspace/Generic-Unit-Test-DPDK/dpdk/build/meson-logs/testlog.txt
==== End log output ====

Windows Server 2019
	Kernel: 10.0.17763
	Compiler: clang 14.0 and gcc 8.1.0 (MinGW)

Windows Server 2022
	Kernel: 10.0.20348.2031
	Compiler: clang 15.0.7, gcc 8.1.0 (MinGW), and MSVC VS 17.9

CentOS Stream 9
	Kernel: 5.4.0-167-generic
	Compiler: gcc 11.4.1 20230605

CentOS Stream 8
	Kernel: 5.4.0-167-generic
	Compiler: gcc 8.5.0 20210514

Debian 12
	Kernel: Container Host Kernel
	Compiler: gcc 10.2.1

Fedora 38
	Kernel: Depends on container host
	Compiler: gcc 13.2.1

Fedora 37
	Kernel: Depends on container host system
	Compiler: gcc 12.3.1

RHEL8
	Kernel: 5.4.0-167-generic
	Compiler: gcc 8.5.0 20210514 (Red Hat 8.5.0-20)

Fedora 39
	Kernel: Depends on container host
	Compiler: gcc 13.2.1

Ubuntu 20.04
	Kernel: 5.4.0-167-generic
	Compiler: gcc 9.4.0-1ubuntu1~20.04.1

Debian Bullseye
	Kernel: 5.4.0-167-generic
	Compiler: gcc 10.2.1-6

Ubuntu 22.04
	Kernel: 5.4.0-167-generic
	Compiler: gcc 11.4.0

To view detailed results, visit:
https://lab.dpdk.org/results/dashboard/patchsets/29694/

UNH-IOL DPDK Community Lab

To manage your email subscriptions, visit: 
https://lab.dpdk.org/results/dashboard/preferences/subscriptions/