From mboxrd@z Thu Jan  1 00:00:00 1970
Return-Path: <test-report-bounces@dpdk.org>
Received: from mails.dpdk.org (mails.dpdk.org [217.70.189.124])
	by inbox.dpdk.org (Postfix) with ESMTP id 65D5543DE5
	for <public@inbox.dpdk.org>; Wed,  3 Apr 2024 11:42:06 +0200 (CEST)
Received: from mails.dpdk.org (localhost [127.0.0.1])
	by mails.dpdk.org (Postfix) with ESMTP id 5B04C402CE;
	Wed,  3 Apr 2024 11:42:06 +0200 (CEST)
Received: from mail-qv1-f100.google.com (mail-qv1-f100.google.com
 [209.85.219.100])
 by mails.dpdk.org (Postfix) with ESMTP id 5272C4025C
 for <test-report@dpdk.org>; Wed,  3 Apr 2024 11:42:04 +0200 (CEST)
Received: by mail-qv1-f100.google.com with SMTP id
 6a1803df08f44-6992c0f6da3so643866d6.1
 for <test-report@dpdk.org>; Wed, 03 Apr 2024 02:42:04 -0700 (PDT)
DKIM-Signature: v=1; a=rsa-sha256; c=relaxed/relaxed;
 d=iol.unh.edu; s=unh-iol; t=1712137323; x=1712742123; darn=dpdk.org;
 h=references:in-reply-to:cc:to:from:subject:message-id:date:from:to
 :cc:subject:date:message-id:reply-to;
 bh=TSvHEfdk35aS6VKaeJETb2Be/PfcLODx7ApUoKS1naA=;
 b=QTMO9O5Awh229a63O9hjkEy+ROnnr7R9wG1T1Y7d2CXjzJNA5yAoUBHhmp3GtdpVlW
 KSvm4cV7oXE9cQEDBM2Arcq6PMo7oUjcbiFQmX0rx7J02zGIBJQCHZ4YQ9hh3ZrtrTP/
 WXbZwF8IktmYkooMNODJEJeRBYDsJ31ImnNMM=
X-Google-DKIM-Signature: v=1; a=rsa-sha256; c=relaxed/relaxed;
 d=1e100.net; s=20230601; t=1712137323; x=1712742123;
 h=references:in-reply-to:cc:to:from:subject:message-id:date
 :x-gm-message-state:from:to:cc:subject:date:message-id:reply-to;
 bh=TSvHEfdk35aS6VKaeJETb2Be/PfcLODx7ApUoKS1naA=;
 b=kCqM6EFBG2l74Dytdg/Zo3n3ZjlulxsFd2EDX0BUmhKQcJ9Dex6ImlvtXYisYL7+HS
 nvUq8G3QH2h7b5aM3k5rQ6BwS71SxErG89EHXMjZSRNdI2iotCgrC9QPSyTKil/mFr//
 idm6DWTyFJVEJqLMMXLoFxTSsUlemy2bFrF5lw107zp7vcCzoQB0MlzctlUx9wqgwRnj
 8Ukh3wer2T/Kg1scLiBVO6R0Wd0HiIE4YoZ/YMUYMwVBi3wnuPKZdfQ/rcySSU4pX/T3
 RihohcY+kcXn6eBtoPUn125cYatBJOKDvvc0fPAd7ypxs/AoCSLSBTO4VAfvDcP52NwL
 OKIg==
X-Gm-Message-State: AOJu0YyhXxMRQYCXzPFPfsHWq4c4XhLxlDyMcny94ceEIkP0stHYj4Xu
 T/jqs9C5DY/YMWb3Q0Fhc7JvirGaGMcXf9rPmT1ogtbcNMYzB23n3UTQ2fjRlPn3XqoBJp0g0l3
 vhEfHZPk6RYaYsjORTqjtkMSOiiEjxScBDfz1FKjC4pAdy7pFG/EY4Ahj
X-Google-Smtp-Source: AGHT+IFfgqVBlsqn/oV9jbgBkHy746YTdocf169s+yn/p2hYFOTDMJ9yyQVodn1fl+I9p/T8c6YN8A4aMN0D
X-Received: by 2002:ad4:5a53:0:b0:696:93c9:7ec4 with SMTP id
 ej19-20020ad45a53000000b0069693c97ec4mr14116149qvb.32.1712137323750; 
 Wed, 03 Apr 2024 02:42:03 -0700 (PDT)
Received: from postal.iol.unh.edu (postal.iol.unh.edu.
 [2606:4100:3880:1234::84]) by smtp-relay.gmail.com with ESMTPS id
 r5-20020a056214212500b0069696dbd1aesm1103833qvc.56.2024.04.03.02.42.03
 (version=TLS1_2 cipher=ECDHE-ECDSA-AES128-GCM-SHA256 bits=128/128);
 Wed, 03 Apr 2024 02:42:03 -0700 (PDT)
X-Relaying-Domain: iol.unh.edu
Date: Wed, 03 Apr 2024 02:42:03 -0700 (PDT)
Message-ID: <660d246b.050a0220.3e92b.15e7SMTPIN_ADDED_MISSING@mx.google.com>
Received: from [172.17.0.8] (unknown [172.18.0.217])
 by postal.iol.unh.edu (Postfix) with ESMTP id 7106C6052471;
 Wed,  3 Apr 2024 05:42:03 -0400 (EDT)
Subject: |FAILURE| pw139067 [PATCH] vhost: fix crash caused by accessing a fr
From: dpdklab@iol.unh.edu
To: Test Report <test-report@dpdk.org>
Cc: dpdk-test-reports@iol.unh.edu, Gongming Chen <chengongming1900@outlook.com>
In-Reply-To: <TYAP286MB0649A160A9852720E0F3D67BD83D2@TYAP286MB0649.JPNP286.PROD.OUTLOOK.COM>
References: <TYAP286MB0649A160A9852720E0F3D67BD83D2@TYAP286MB0649.JPNP286.PROD.OUTLOOK.COM>
Content-Type: text/plain
X-BeenThere: test-report@dpdk.org
X-Mailman-Version: 2.1.29
Precedence: list
List-Id: automatic DPDK test reports <test-report.dpdk.org>
List-Unsubscribe: <https://mails.dpdk.org/options/test-report>,
 <mailto:test-report-request@dpdk.org?subject=unsubscribe>
List-Archive: <http://mails.dpdk.org/archives/test-report/>
List-Post: <mailto:test-report@dpdk.org>
List-Help: <mailto:test-report-request@dpdk.org?subject=help>
List-Subscribe: <https://mails.dpdk.org/listinfo/test-report>,
 <mailto:test-report-request@dpdk.org?subject=subscribe>
Errors-To: test-report-bounces@dpdk.org

Test-Label: iol-unit-amd64-testing
Test-Status: FAILURE
http://dpdk.org/patch/139067

_Testing issues_

Submitter: Gongming Chen <chengongming1900@outlook.com>
Date: Wednesday, April 03 2024 03:25:28 
DPDK git baseline: Repo:dpdk
  Branch: master
  CommitID:deedfb86a7a6e10064d3cccd593f62072de96e36

139067 --> testing fail

Test environment and result as below:

+---------------------+----------------+
|     Environment     | dpdk_unit_test |
+=====================+================+
| CentOS Stream 9     | PASS           |
+---------------------+----------------+
| CentOS Stream 8     | PASS           |
+---------------------+----------------+
| Debian Bullseye     | PASS           |
+---------------------+----------------+
| Windows Server 2019 | PASS           |
+---------------------+----------------+
| Fedora 38           | PASS           |
+---------------------+----------------+
| Debian 12           | PASS           |
+---------------------+----------------+
| Fedora 39           | FAIL           |
+---------------------+----------------+
| Fedora 37           | PASS           |
+---------------------+----------------+

==== 20 line log output for Fedora 39 (dpdk_unit_test): ====
../lib/vhost/vhost_thread.c:14:2: note: mutex acquired here
14 |         rte_rwlock_read_lock(&vhost_thread_lock);
|         ^
../lib/vhost/vhost_thread.c:20:2: error: releasing mutex 'vhost_thread_lock' that was not held [-Werror,-Wthread-safety-analysis]
20 |         rte_rwlock_read_unlock(&vhost_thread_lock);
|         ^
../lib/vhost/vhost_thread.c:27:1: error: mutex 'vhost_thread_lock' is still held at the end of function [-Werror,-Wthread-safety-analysis]
27 | }
| ^
../lib/vhost/vhost_thread.c:26:2: note: mutex acquired here
26 |         rte_rwlock_write_lock(&vhost_thread_lock);
|         ^
../lib/vhost/vhost_thread.c:32:2: error: releasing mutex 'vhost_thread_lock' that was not held [-Werror,-Wthread-safety-analysis]
32 |         rte_rwlock_write_unlock(&vhost_thread_lock);
|         ^
4 errors generated.
[411/2849] Linking target lib/librte_mldev.so.24.1.
[412/2849] Compiling C object 'lib/76b5a35@@rte_vhost@sta/vhost_vhost_user.c.o'.
[413/2849] Compiling C object 'lib/76b5a35@@rte_vhost@sta/vhost_vhost_crypto.c.o'.
ninja: build stopped: subcommand failed.
==== End log output ====

CentOS Stream 9
	Kernel: 5.4.0-167-generic
	Compiler: gcc 11.4.1 20230605

CentOS Stream 8
	Kernel: 5.4.0-167-generic
	Compiler: gcc 8.5.0 20210514

Debian Bullseye
	Kernel: 5.4.0-167-generic
	Compiler: gcc 10.2.1-6

Windows Server 2019
	Kernel: 10.0.17763
	Compiler: clang 14.0 and gcc 8.1.0 (MinGW)

Fedora 38
	Kernel: Depends on container host
	Compiler: clang 16.0.6

Debian 12
	Kernel: Container Host Kernel
	Compiler: gcc 10.2.1

Fedora 39
	Kernel: Depends on container host
	Compiler: clang 17.0.6

Fedora 37
	Kernel: Depends on container host system
	Compiler: gcc 12.3.1

To view detailed results, visit:
https://lab.dpdk.org/results/dashboard/patchsets/29698/

UNH-IOL DPDK Community Lab

To manage your email subscriptions, visit: 
https://lab.dpdk.org/results/dashboard/preferences/subscriptions/