From mboxrd@z Thu Jan  1 00:00:00 1970
Return-Path: <test-report-bounces@dpdk.org>
Received: from mails.dpdk.org (mails.dpdk.org [217.70.189.124])
	by inbox.dpdk.org (Postfix) with ESMTP id 40F0F43DE5
	for <public@inbox.dpdk.org>; Wed,  3 Apr 2024 11:46:21 +0200 (CEST)
Received: from mails.dpdk.org (localhost [127.0.0.1])
	by mails.dpdk.org (Postfix) with ESMTP id 391A3402CE;
	Wed,  3 Apr 2024 11:46:21 +0200 (CEST)
Received: from mail-vk1-f227.google.com (mail-vk1-f227.google.com
 [209.85.221.227])
 by mails.dpdk.org (Postfix) with ESMTP id 668694025C
 for <test-report@dpdk.org>; Wed,  3 Apr 2024 11:46:20 +0200 (CEST)
Received: by mail-vk1-f227.google.com with SMTP id
 71dfb90a1353d-4d44f565284so1911701e0c.2
 for <test-report@dpdk.org>; Wed, 03 Apr 2024 02:46:20 -0700 (PDT)
DKIM-Signature: v=1; a=rsa-sha256; c=relaxed/relaxed;
 d=iol.unh.edu; s=unh-iol; t=1712137580; x=1712742380; darn=dpdk.org;
 h=references:in-reply-to:cc:to:from:subject:message-id:date:from:to
 :cc:subject:date:message-id:reply-to;
 bh=CcFWXWhpuFsRWP39oqG7PHe2QNsAOW5f5HcCBwRKnEE=;
 b=jY6gcPcWJ5wsiJWA4i9cEbDanB5ABxDDkU0Y6ivfALlPK7AECBVV+mpVyjx7YfYK9w
 Q+FHRwLQPc1bkTTno38xMphIj3c3aaarnhBE8SJBJhpfm1W3QBJAJTigAL5Scb+K/SL/
 vZ+/x2momumrQ5tm2V2xhJH5FyIr0N8I/8Hm4=
X-Google-DKIM-Signature: v=1; a=rsa-sha256; c=relaxed/relaxed;
 d=1e100.net; s=20230601; t=1712137580; x=1712742380;
 h=references:in-reply-to:cc:to:from:subject:message-id:date
 :x-gm-message-state:from:to:cc:subject:date:message-id:reply-to;
 bh=CcFWXWhpuFsRWP39oqG7PHe2QNsAOW5f5HcCBwRKnEE=;
 b=S+6tYlIJMG7noWqnmtuc3arPg08byxY6CI6FomdNy69A1aviivDSTgBVvqlEjw6b4e
 dbOS6NxQdByMOscXSKMmYmxX4lbxqoIDURGTxk+fJcy/1esnyhD0IzmbfRKdCWgVvGOn
 tLaBo/CO55vmflg0WL5LtUYoMe4o56NeRPjpOsyLrrmYaffw4fm8/R5IP1wCDq0/I7pc
 jApmspdwuhyK55PSjR+1aDl6TopH/b1UDos9f7PmjXPOKrfBrLYIDIc/dRUZeeuT0ooo
 /bXO4ZeAEIfc2iu58k3CU1PCtEJui+KkGLLSBfJhFZ91K6bJWquZYt244YcUnKPFokNj
 8GFQ==
X-Gm-Message-State: AOJu0YwIevrlYFYhoDwb/xCC/dLv62Ui/uzA+YHG3eA3XMtrfA5vOlxF
 YbeiQQBPTMOSHU8i+SqkXjh3Yk/ixdL4HVFgTAflZbLiVCwNxgZbL/5TrWKBRBPmep7K5rNJx0+
 GQOFZcmOgL3rj3S7I4e2By+Ws6tYzsFMRPmgUu5ZdMtRFtM/cr/c9fed3
X-Google-Smtp-Source: AGHT+IHWnx8htNnlp1Q6bN0roMBIKiONNmVxfg9VZ6EMBO+zD993wAEUphYbSRaERgiUkLNUgF2B0JllyRmc
X-Received: by 2002:a67:ec17:0:b0:478:5c40:9f1e with SMTP id
 d23-20020a67ec17000000b004785c409f1emr2247572vso.0.1712137578869; 
 Wed, 03 Apr 2024 02:46:18 -0700 (PDT)
Received: from postal.iol.unh.edu (postal.iol.unh.edu.
 [2606:4100:3880:1234::84]) by smtp-relay.gmail.com with ESMTPS id
 gw4-20020a0562140f0400b0069909c01fc4sm486743qvb.52.2024.04.03.02.46.18
 (version=TLS1_2 cipher=ECDHE-ECDSA-AES128-GCM-SHA256 bits=128/128);
 Wed, 03 Apr 2024 02:46:18 -0700 (PDT)
X-Relaying-Domain: iol.unh.edu
Date: Wed, 03 Apr 2024 02:46:18 -0700 (PDT)
Message-ID: <660d256a.050a0220.3b4f4.a3c3SMTPIN_ADDED_MISSING@mx.google.com>
Received: from [172.17.0.8] (unknown [172.18.0.217])
 by postal.iol.unh.edu (Postfix) with ESMTP id 844776052471;
 Wed,  3 Apr 2024 05:46:18 -0400 (EDT)
Subject: |FAILURE| pw139067 [PATCH] vhost: fix crash caused by accessing a fr
From: dpdklab@iol.unh.edu
To: Test Report <test-report@dpdk.org>
Cc: dpdk-test-reports@iol.unh.edu, Gongming Chen <chengongming1900@outlook.com>
In-Reply-To: <TYAP286MB0649A160A9852720E0F3D67BD83D2@TYAP286MB0649.JPNP286.PROD.OUTLOOK.COM>
References: <TYAP286MB0649A160A9852720E0F3D67BD83D2@TYAP286MB0649.JPNP286.PROD.OUTLOOK.COM>
Content-Type: text/plain
X-BeenThere: test-report@dpdk.org
X-Mailman-Version: 2.1.29
Precedence: list
List-Id: automatic DPDK test reports <test-report.dpdk.org>
List-Unsubscribe: <https://mails.dpdk.org/options/test-report>,
 <mailto:test-report-request@dpdk.org?subject=unsubscribe>
List-Archive: <http://mails.dpdk.org/archives/test-report/>
List-Post: <mailto:test-report@dpdk.org>
List-Help: <mailto:test-report-request@dpdk.org?subject=help>
List-Subscribe: <https://mails.dpdk.org/listinfo/test-report>,
 <mailto:test-report-request@dpdk.org?subject=subscribe>
Errors-To: test-report-bounces@dpdk.org

Test-Label: iol-unit-amd64-testing
Test-Status: FAILURE
http://dpdk.org/patch/139067

_Testing issues_

Submitter: Gongming Chen <chengongming1900@outlook.com>
Date: Wednesday, April 03 2024 03:25:28 
DPDK git baseline: Repo:dpdk
  Branch: master
  CommitID:deedfb86a7a6e10064d3cccd593f62072de96e36

139067 --> testing fail

Test environment and result as below:

+---------------------+----------------+
|     Environment     | dpdk_unit_test |
+=====================+================+
| CentOS Stream 9     | PASS           |
+---------------------+----------------+
| CentOS Stream 8     | PASS           |
+---------------------+----------------+
| Debian Bullseye     | PASS           |
+---------------------+----------------+
| Windows Server 2019 | PASS           |
+---------------------+----------------+
| Fedora 38           | PASS           |
+---------------------+----------------+
| Debian 12           | PASS           |
+---------------------+----------------+
| Fedora 39           | FAIL           |
+---------------------+----------------+
| Fedora 37           | PASS           |
+---------------------+----------------+
| openSUSE Leap 15    | PASS           |
+---------------------+----------------+
| Ubuntu 20.04        | PASS           |
+---------------------+----------------+
| RHEL8               | PASS           |
+---------------------+----------------+

==== 20 line log output for Fedora 39 (dpdk_unit_test): ====
../lib/vhost/vhost_thread.c:14:2: note: mutex acquired here
14 |         rte_rwlock_read_lock(&vhost_thread_lock);
|         ^
../lib/vhost/vhost_thread.c:20:2: error: releasing mutex 'vhost_thread_lock' that was not held [-Werror,-Wthread-safety-analysis]
20 |         rte_rwlock_read_unlock(&vhost_thread_lock);
|         ^
../lib/vhost/vhost_thread.c:27:1: error: mutex 'vhost_thread_lock' is still held at the end of function [-Werror,-Wthread-safety-analysis]
27 | }
| ^
../lib/vhost/vhost_thread.c:26:2: note: mutex acquired here
26 |         rte_rwlock_write_lock(&vhost_thread_lock);
|         ^
../lib/vhost/vhost_thread.c:32:2: error: releasing mutex 'vhost_thread_lock' that was not held [-Werror,-Wthread-safety-analysis]
32 |         rte_rwlock_write_unlock(&vhost_thread_lock);
|         ^
4 errors generated.
[411/2849] Linking target lib/librte_mldev.so.24.1.
[412/2849] Compiling C object 'lib/76b5a35@@rte_vhost@sta/vhost_vhost_user.c.o'.
[413/2849] Compiling C object 'lib/76b5a35@@rte_vhost@sta/vhost_vhost_crypto.c.o'.
ninja: build stopped: subcommand failed.
==== End log output ====

CentOS Stream 9
	Kernel: 5.4.0-167-generic
	Compiler: gcc 11.4.1 20230605

CentOS Stream 8
	Kernel: 5.4.0-167-generic
	Compiler: gcc 8.5.0 20210514

Debian Bullseye
	Kernel: 5.4.0-167-generic
	Compiler: gcc 10.2.1-6

Windows Server 2019
	Kernel: 10.0.17763
	Compiler: clang 14.0 and gcc 8.1.0 (MinGW)

Fedora 38
	Kernel: Depends on container host
	Compiler: clang 16.0.6

Debian 12
	Kernel: Container Host Kernel
	Compiler: gcc 10.2.1

Fedora 39
	Kernel: Depends on container host
	Compiler: clang 17.0.6

Fedora 37
	Kernel: Depends on container host system
	Compiler: gcc 12.3.1

openSUSE Leap 15
	Kernel: 5.4.0-167-generic
	Compiler: gcc 7.5.0

Ubuntu 20.04
	Kernel: 5.4.0-167-generic
	Compiler: gcc 9.4.0-1ubuntu1~20.04.1

RHEL8
	Kernel: 5.4.0-167-generic
	Compiler: gcc 8.5.0 20210514 (Red Hat 8.5.0-20)

To view detailed results, visit:
https://lab.dpdk.org/results/dashboard/patchsets/29698/

UNH-IOL DPDK Community Lab

To manage your email subscriptions, visit: 
https://lab.dpdk.org/results/dashboard/preferences/subscriptions/