From mboxrd@z Thu Jan  1 00:00:00 1970
Return-Path: <test-report-bounces@dpdk.org>
Received: from mails.dpdk.org (mails.dpdk.org [217.70.189.124])
	by inbox.dpdk.org (Postfix) with ESMTP id 9ADAE43DF1
	for <public@inbox.dpdk.org>; Thu,  4 Apr 2024 01:47:12 +0200 (CEST)
Received: from mails.dpdk.org (localhost [127.0.0.1])
	by mails.dpdk.org (Postfix) with ESMTP id 9226A402D1;
	Thu,  4 Apr 2024 01:47:12 +0200 (CEST)
Received: from mail-qv1-f100.google.com (mail-qv1-f100.google.com
 [209.85.219.100])
 by mails.dpdk.org (Postfix) with ESMTP id 3BF444029B
 for <test-report@dpdk.org>; Thu,  4 Apr 2024 01:47:11 +0200 (CEST)
Received: by mail-qv1-f100.google.com with SMTP id
 6a1803df08f44-6963c0c507eso4442506d6.1
 for <test-report@dpdk.org>; Wed, 03 Apr 2024 16:47:11 -0700 (PDT)
DKIM-Signature: v=1; a=rsa-sha256; c=relaxed/relaxed;
 d=iol.unh.edu; s=unh-iol; t=1712188030; x=1712792830; darn=dpdk.org;
 h=references:in-reply-to:cc:to:from:subject:message-id:date:from:to
 :cc:subject:date:message-id:reply-to;
 bh=4grK7LYNXbMd3ae0Ccp2LEQxyKTeRx68UUF81Cxe2/I=;
 b=BZMIR/EULmY9dS7utiGTBGTre3qIhddf6E8Na5OG9E+IWS9jzz8pPBw21il3s8U1DI
 SWN2/PNr2fwcuyuuGc00IMV2i0d6xaOQ3MNtNKLa4SJgQRm31PJ8VOBkwEua71AhKbLq
 KVmLyq3bbVtOzz4Fa3wqCOGmQ3NJrorew2ByM=
X-Google-DKIM-Signature: v=1; a=rsa-sha256; c=relaxed/relaxed;
 d=1e100.net; s=20230601; t=1712188030; x=1712792830;
 h=references:in-reply-to:cc:to:from:subject:message-id:date
 :x-gm-message-state:from:to:cc:subject:date:message-id:reply-to;
 bh=4grK7LYNXbMd3ae0Ccp2LEQxyKTeRx68UUF81Cxe2/I=;
 b=xGp1cbG30+k1yn80ZVitxs3CnQ4JSXx6XaPLMWWYnqXfvb51Q3V1CJ8f/Z0HC3DTdF
 vIK2LfepBWMC6HpOzFD+vdmTTkmsPd4OtOJGpc6TUY2FURA+Vkw2k8Q+v51Y9/5wAQoD
 htY1KkGnkYK1epwQSGmdtpyvVzECI75A8W40V90do9iR08mMdRCzc2H/5CYWR8MpDNvk
 GUjC5+l+QICtaoBdM/PDJWVzZebqiwtYRPNn50Zck1PjLLgXRFFHkpqcXhydgG5lyYTf
 +6QTGsX5Y33NVHc16bIZmg3V1hjx1wuc5o+tnA684HWxYilGK+x6B10xBtJJk+YkMgTe
 6nCQ==
X-Gm-Message-State: AOJu0YwL9XyQMKGwxhlRTM6jpadvm8WzlnY47P7iE5PB/DLd0DffLDze
 KeeqGXmONlOlUPzYPEXJHQRt1mKiy/jtdlFz2lwMBn8FPHmU9JFBoZctOm04cxrsfj39V7KCUQF
 KatmUXmwu37uCsj8OtYIMae9Pbx3QkBlINqHx0bks
X-Google-Smtp-Source: AGHT+IGaeYe2mZdTuCMBZtiDwerSTzsI1yWaMz+G4JZvgZefmp6njBIhI93lgxqEAZmL7eDTFTEJyZycGwde
X-Received: by 2002:a05:6214:20e6:b0:699:1ece:9def with SMTP id
 6-20020a05621420e600b006991ece9defmr1771915qvk.22.1712188030689; 
 Wed, 03 Apr 2024 16:47:10 -0700 (PDT)
Received: from postal.iol.unh.edu (postal.iol.unh.edu. [132.177.123.84])
 by smtp-relay.gmail.com with ESMTPS id
 et5-20020a056214176500b006969a3d0da4sm301493qvb.48.2024.04.03.16.47.10
 (version=TLS1_2 cipher=ECDHE-ECDSA-AES128-GCM-SHA256 bits=128/128);
 Wed, 03 Apr 2024 16:47:10 -0700 (PDT)
X-Relaying-Domain: iol.unh.edu
Date: Wed, 03 Apr 2024 16:47:10 -0700 (PDT)
Message-ID: <660dea7e.050a0220.235fb.37adSMTPIN_ADDED_MISSING@mx.google.com>
Received: from [172.21.0.6] (unknown [172.18.0.240])
 by postal.iol.unh.edu (Postfix) with ESMTP id 6656C6052471;
 Wed,  3 Apr 2024 19:47:10 -0400 (EDT)
Subject: |FAILURE| pw139091-139092 [PATCH] [v2,2/2] test: add functional test
From: dpdklab@iol.unh.edu
To: Test Report <test-report@dpdk.org>
Cc: dpdk-test-reports@iol.unh.edu,
 Stephen Hemminger <stephen@networkplumber.org>
In-Reply-To: <20240403221319.499014-3-stephen@networkplumber.org>
References: <20240403221319.499014-3-stephen@networkplumber.org>
Content-Type: text/plain
X-BeenThere: test-report@dpdk.org
X-Mailman-Version: 2.1.29
Precedence: list
List-Id: automatic DPDK test reports <test-report.dpdk.org>
List-Unsubscribe: <https://mails.dpdk.org/options/test-report>,
 <mailto:test-report-request@dpdk.org?subject=unsubscribe>
List-Archive: <http://mails.dpdk.org/archives/test-report/>
List-Post: <mailto:test-report@dpdk.org>
List-Help: <mailto:test-report-request@dpdk.org?subject=help>
List-Subscribe: <https://mails.dpdk.org/listinfo/test-report>,
 <mailto:test-report-request@dpdk.org?subject=subscribe>
Errors-To: test-report-bounces@dpdk.org

Test-Label: iol-compile-amd64-testing
Test-Status: FAILURE
http://dpdk.org/patch/139092

_Testing issues_

Submitter: Stephen Hemminger <stephen@networkplumber.org>
Date: Wednesday, April 03 2024 22:11:08 
DPDK git baseline: Repo:dpdk
  Branch: master
  CommitID:e2e546ab5bf5e024986ccb5310ab43982f3bb40c

139091-139092 --> testing fail

Test environment and result as below:

+---------------------+----------------------+--------------------+-------------------+
|     Environment     | dpdk_mingw64_compile | dpdk_meson_compile | dpdk_msvc_compile |
+=====================+======================+====================+===================+
| Windows Server 2019 | PASS                 | FAIL               | SKIPPED           |
+---------------------+----------------------+--------------------+-------------------+
| Windows Server 2022 | PASS                 | FAIL               | FAIL              |
+---------------------+----------------------+--------------------+-------------------+
| FreeBSD 13.2        | SKIPPED              | PASS               | SKIPPED           |
+---------------------+----------------------+--------------------+-------------------+
| Fedora 38           | SKIPPED              | PASS               | SKIPPED           |
+---------------------+----------------------+--------------------+-------------------+
| CentOS Stream 8     | SKIPPED              | PASS               | SKIPPED           |
+---------------------+----------------------+--------------------+-------------------+
| Debian Bullseye     | SKIPPED              | PASS               | SKIPPED           |
+---------------------+----------------------+--------------------+-------------------+
| CentOS Stream 9     | SKIPPED              | PASS               | SKIPPED           |
+---------------------+----------------------+--------------------+-------------------+
| Fedora 37           | SKIPPED              | PASS               | SKIPPED           |
+---------------------+----------------------+--------------------+-------------------+
| openSUSE Leap 15    | SKIPPED              | PASS               | SKIPPED           |
+---------------------+----------------------+--------------------+-------------------+
| Fedora 39           | SKIPPED              | PASS               | SKIPPED           |
+---------------------+----------------------+--------------------+-------------------+
| Debian 12           | SKIPPED              | PASS               | SKIPPED           |
+---------------------+----------------------+--------------------+-------------------+
| Ubuntu 20.04        | SKIPPED              | PASS               | SKIPPED           |
+---------------------+----------------------+--------------------+-------------------+
| RHEL8               | SKIPPED              | PASS               | SKIPPED           |
+---------------------+----------------------+--------------------+-------------------+

==== 20 line log output for Windows Server 2022 (dpdk_msvc_compile): ====
�[�2�0�/�7�7�]� �C�o�m�p�i�l�i�n�g� �C� �o�b�j�e�c�t� �l�i�b�/�l�i�b�r�t�e�_�e�a�l�.�a�.�p�/�e�a�l�_�c�o�m�m�o�n�_�e�a�l�_�c�o�m�m�o�n�_�i�n�t�e�r�r�u�p�t�s�.�c�.�o�b�j�
�
�[�2�1�/�7�7�]� �C�o�m�p�i�l�i�n�g� �C� �o�b�j�e�c�t� �l�i�b�/�l�i�b�r�t�e�_�e�a�l�.�a�.�p�/�e�a�l�_�c�o�m�m�o�n�_�e�a�l�_�c�o�m�m�o�n�_�l�a�u�n�c�h�.�c�.�o�b�j�
�
�[�2�2�/�7�7�]� �C�o�m�p�i�l�i�n�g� �C� �o�b�j�e�c�t� �l�i�b�/�l�i�b�r�t�e�_�e�a�l�.�a�.�p�/�e�a�l�_�c�o�m�m�o�n�_�e�a�l�_�c�o�m�m�o�n�_�s�t�r�i�n�g�_�f�n�s�.�c�.�o�b�j�
�
�[�2�3�/�7�7�]� �C�o�m�p�i�l�i�n�g� �C� �o�b�j�e�c�t� �l�i�b�/�l�i�b�r�t�e�_�e�a�l�.�a�.�p�/�e�a�l�_�c�o�m�m�o�n�_�e�a�l�_�c�o�m�m�o�n�_�m�e�m�a�l�l�o�c�.�c�.�o�b�j�
�
�[�2�4�/�7�7�]� �C�o�m�p�i�l�i�n�g� �C� �o�b�j�e�c�t� �l�i�b�/�l�i�b�r�t�e�_�e�a�l�.�a�.�p�/�e�a�l�_�c�o�m�m�o�n�_�e�a�l�_�c�o�m�m�o�n�_�m�e�m�o�r�y�.�c�.�o�b�j�
�
�[�2�5�/�7�7�]� �C�o�m�p�i�l�i�n�g� �C� �o�b�j�e�c�t� �l�i�b�/�l�i�b�r�t�e�_�e�a�l�.�a�.�p�/�e�a�l�_�c�o�m�m�o�n�_�e�a�l�_�c�o�m�m�o�n�_�l�c�o�r�e�.�c�.�o�b�j�
�
�[�2�6�/�7�7�]� �C�o�m�p�i�l�i�n�g� �C� �o�b�j�e�c�t� �l�i�b�/�l�i�b�r�t�e�_�e�a�l�.�a�.�p�/�e�a�l�_�c�o�m�m�o�n�_�e�a�l�_�c�o�m�m�o�n�_�u�u�i�d�.�c�.�o�b�j�
�
�F�A�I�L�E�D�:� �l�i�b�/�l�i�b�r�t�e�_�e�a�l�.�a�.�p�/�e�a�l�_�c�o�m�m�o�n�_�e�a�l�_�c�o�m�m�o�n�_�u�u�i�d�.�c�.�o�b�j� �
�
�"�c�l�"� �"�-�I�l�i�b�\�l�i�b�r�t�e�_�e�a�l�.�a�.�p�"� �"�-�I�l�i�b�"� �"�-�I�.�.�\�l�i�b�"� �"�-�I�.�"� �"�-�I�.�.�"� �"�-�I�c�o�n�f�i�g�"� �"�-�I�.�.�\�c�o�n�f�i�g�"� �"�-�I�l�i�b�\�e�a�l�\�i�n�c�l�u�d�e�"� �"�-�I�.�.�\�l�i�b�\�e�a�l�\�i�n�c�l�u�d�e�"� �"�-�I�l�i�b�\�e�a�l�\�w�i�n�d�o�w�s�\�i�n�c�l�u�d�e�"� �"�-�I�.�.�\�l�i�b�\�e�a�l�\�w�i�n�d�o�w�s�\�i�n�c�l�u�d�e�"� �"�-�I�l�i�b�\�e�a�l�\�x�8�6�\�i�n�c�l�u�d�e�"� �"�-�I�.�.�\�l�i�b�\�e�a�l�\�x�8�6�\�i�n�c�l�u�d�e�"� �"�-�I�l�i�b�\�e�a�l�\�c�o�m�m�o�n�"� �"�-�I�.�.�\�l�i�b�\�e�a�l�\�c�o�m�m�o�n�"� �"�-�I�l�i�b�\�e�a�l�"� �"�-�I�.�.�\�l�i�b�\�e�a�l�"� �"�-�I�l�i�b�\�l�o�g�"� �"�-�I�.�.�\�l�i�b�\�l�o�g�"� �"�-�I�l�i�b�\�k�v�a�r�g�s�"� �"�-�I�.�.�\�l�i�b�\�k�v�a�r�g�s�"� �"�/�M�D�"� �"�/�n�o�l�o�g�o�"� �"�/�s�h�o�w�I�n�c�l�u�d�e�s�"� �"�/�W�3�"� �"�/�W�X�"� �"�/�s�t�d�:�c�1�1�"� �"�/�O�2�"� �"�/�G�w�"� �"�/�w�d�4�2�4�4�"� �"�/�w�d�4�2�6�7�"� �"�/�w�d�4�1�4�6�"� �"�/�e�x�p�e�r�i�m�e�n�t�a�l�:�c�1�1�a�t�o�m�i�c�s�"� �"�/�d�1�e�x�p�e�r
 �i�m�e�n�t�a�l�:�t�y�p�e�o�f�"� �"�/�e�x�p�e�r�i�m�e�n�t�a�l�:�s�t�a�t�e�m�e�n�t�E�x�p�r�e�s�s�i�o�n�s�"� �"�/�F�I�"� �"�r�t�e�_�c�o�n�f�i�g�.�h�"� �"�-�D�_�G�N�U�_�S�O�U�R�C�E�"� �"�-�D�_�W�I�N�3�2�_�W�I�N�N�T�=�0�x�0�A�0�0�"� �"�-�D�A�L�L�O�W�_�E�X�P�E�R�I�M�E�N�T�A�L�_�A�P�I�"� �"�-�D�A�L�L�O�W�_�I�N�T�E�R�N�A�L�_�A�P�I�"� �"�-�D�A�B�I�_�V�E�R�S�I�O�N�=�\�"�2�4�.�2�\�"�"� �"�-�D�R�T�E�_�L�O�G�_�D�E�F�A�U�L�T�_�L�O�G�T�Y�P�E�=�l�i�b�.�e�a�l�"� �"�/�F�d�l�i�b�\�l�i�b�r�t�e�_�e�a�l�.�a�.�p�\�e�a�l�_�c�o�m�m�o�n�_�e�a�l�_�c�o�m�m�o�n�_�u�u�i�d�.�c�.�p�d�b�"� �/�F�o�l�i�b�/�l�i�b�r�t�e�_�e�a�l�.�a�.�p�/�e�a�l�_�c�o�m�m�o�n�_�e�a�l�_�c�o�m�m�o�n�_�u�u�i�d�.�c�.�o�b�j� �"�/�c�"� �.�.�/�l�i�b�/�e�a�l�/�c�o�m�m�o�n�/�e�a�l�_�c�o�m�m�o�n�_�u�u�i�d�.�c�
�
�.�.�/�l�i�b�/�e�a�l�/�c�o�m�m�o�n�/�e�a�l�_�c�o�m�m�o�n�_�u�u�i�d�.�c�(�2�0�1�)�:� �e�r�r�o�r� �C�2�2�2�0�:� �t�h�e� �f�o�l�l�o�w�i�n�g� �w�a�r�n�i�n�g� �i�s� �t�r�e�a�t�e�d� �a�s� �a�n� �e�r�r�o�r�
�
�.�.�/�l�i�b�/�e�a�l�/�c�o�m�m�o�n�/�e�a�l�_�c�o�m�m�o�n�_�u�u�i�d�.�c�(�2�0�1�)�:� �w�a�r�n�i�n�g� �C�4�0�1�3�:� �'�c�l�o�c�k�_�g�e�t�t�i�m�e�'� �u�n�d�e�f�i�n�e�d�;� �a�s�s�u�m�i�n�g� �e�x�t�e�r�n� �r�e�t�u�r�n�i�n�g� �i�n�t�
�
�.�.�/�l�i�b�/�e�a�l�/�c�o�m�m�o�n�/�e�a�l�_�c�o�m�m�o�n�_�u�u�i�d�.�c�(�2�0�1�)�:� �e�r�r�o�r� �C�2�0�6�5�:� �'�C�L�O�C�K�_�R�E�A�L�T�I�M�E�'�:� �u�n�d�e�c�l�a�r�e�d� �i�d�e�n�t�i�f�i�e�r�
�
�.�.�/�l�i�b�/�e�a�l�/�c�o�m�m�o�n�/�e�a�l�_�c�o�m�m�o�n�_�u�u�i�d�.�c�(�2�1�1�)�:� �e�r�r�o�r� �C�7�7�1�2�:� �a�d�d�r�e�s�s� �a�r�g�u�m�e�n�t� �t�o� �a�t�o�m�i�c� �o�p�e�r�a�t�i�o�n� �m�u�s�t� �b�e� �a� �p�o�i�n�t�e�r� �t�o� �a�n� �a�t�o�m�i�c� �i�n�t�e�g�e�r�,� �'�u�i�n�t�1�6�_�t� �*�'� �i�s� �n�o�t� �v�a�l�i�d�
�
�[�2�7�/�7�7�]� �C�o�m�p�i�l�i�n�g� �C� �o�b�j�e�c�t� �l�i�b�/�l�i�b�r�t�e�_�e�a�l�.�a�.�p�/�e�a�l�_�c�o�m�m�o�n�_�e�a�l�_�c�o�m�m�o�n�_�t�r�a�c�e�_�p�o�i�n�t�s�.�c�.�o�b�j�
�
�[�2�8�/�7�7�]� �C�o�m�p�i�l�i�n�g� �C� �o�b�j�e�c�t� �l�i�b�/�l�i�b�r�t�e�_�e�a�l�.�a�.�p�/�e�a�l�_�c�o�m�m�o�n�_�e�a�l�_�c�o�m�m�o�n�_�t�a�i�l�q�s�.�c�.�o�b�j�
�
�[�2�9�/�7�7�]� �C�o�m�p�i�l�i�n�g� �C� �o�b�j�e�c�t� �l�i�b�/�l�i�b�r�t�e�_�e�a�l�.�a�.�p�/�e�a�l�_�c�o�m�m�o�n�_�e�a�l�_�c�o�m�m�o�n�_�o�p�t�i�o�n�s�.�c�.�o�b�j�
�
�[�3�0�/�7�7�]� �C�o�m�p�i�l�i�n�g� �C� �o�b�j�e�c�t� �l�i�b�/�l�i�b�r�t�e�_�e�a�l�.�a�.�p�/�e�a�l�_�c�o�m�m�o�n�_�e�a�l�_�c�o�m�m�o�n�_�m�e�m�z�o�n�e�.�c�.�o�b�j�
�
�[�3�1�/�7�7�]� �C�o�m�p�i�l�i�n�g� �C� �o�b�j�e�c�t� �l�i�b�/�l�i�b�r�t�e�_�e�a�l�.�a�.�p�/�e�a�l�_�c�o�m�m�o�n�_�m�a�l�l�o�c�_�e�l�e�m�.�c�.�o�b�j�
�
�n�i�n�j�a�:� �b�u�i�l�d� �s�t�o�p�p�e�d�:� �s�u�b�c�o�m�m�a�n�d� �f�a�i�l�e�d�.�
�
�
==== End log output ====

Windows Server 2019
	Kernel: 10.0.17763
	Compiler: clang 14.0 and gcc 8.1.0 (MinGW)

Windows Server 2022
	Kernel: 10.0.20348.2031
	Compiler: clang 15.0.7, gcc 8.1.0 (MinGW), and MSVC VS 17.9

FreeBSD 13.2
	Kernel: 13.2
	Compiler: clang 14.0.5

Fedora 38
	Kernel: Depends on container host
	Compiler: gcc 13.2.1

CentOS Stream 8
	Kernel: 5.4.0-167-generic
	Compiler: gcc 8.5.0 20210514

Debian Bullseye
	Kernel: 5.4.0-167-generic
	Compiler: gcc 10.2.1-6

CentOS Stream 9
	Kernel: 5.4.0-167-generic
	Compiler: gcc 11.4.1 20230605

Fedora 37
	Kernel: Depends on container host system
	Compiler: gcc 12.3.1

openSUSE Leap 15
	Kernel: 5.4.0-167-generic
	Compiler: gcc 7.5.0

Fedora 39
	Kernel: Depends on container host
	Compiler: clang 17.0.6

Debian 12
	Kernel: Container Host Kernel
	Compiler: gcc 10.2.1

Ubuntu 20.04
	Kernel: 5.4.0-167-generic
	Compiler: gcc 9.4.0-1ubuntu1~20.04.1

RHEL8
	Kernel: 5.4.0-167-generic
	Compiler: gcc 8.5.0 20210514 (Red Hat 8.5.0-20)

To view detailed results, visit:
https://lab.dpdk.org/results/dashboard/patchsets/29710/

UNH-IOL DPDK Community Lab

To manage your email subscriptions, visit: 
https://lab.dpdk.org/results/dashboard/preferences/subscriptions/