From mboxrd@z Thu Jan  1 00:00:00 1970
Return-Path: <test-report-bounces@dpdk.org>
Received: from mails.dpdk.org (mails.dpdk.org [217.70.189.124])
	by inbox.dpdk.org (Postfix) with ESMTP id DD80443DF2
	for <public@inbox.dpdk.org>; Thu,  4 Apr 2024 03:05:15 +0200 (CEST)
Received: from mails.dpdk.org (localhost [127.0.0.1])
	by mails.dpdk.org (Postfix) with ESMTP id CFE7E402D1;
	Thu,  4 Apr 2024 03:05:15 +0200 (CEST)
Received: from mail-il1-f226.google.com (mail-il1-f226.google.com
 [209.85.166.226])
 by mails.dpdk.org (Postfix) with ESMTP id 943304029B
 for <test-report@dpdk.org>; Thu,  4 Apr 2024 03:05:14 +0200 (CEST)
Received: by mail-il1-f226.google.com with SMTP id
 e9e14a558f8ab-3689933eb2dso1927705ab.1
 for <test-report@dpdk.org>; Wed, 03 Apr 2024 18:05:14 -0700 (PDT)
DKIM-Signature: v=1; a=rsa-sha256; c=relaxed/relaxed;
 d=iol.unh.edu; s=unh-iol; t=1712192714; x=1712797514; darn=dpdk.org;
 h=references:in-reply-to:cc:to:from:subject:message-id:date:from:to
 :cc:subject:date:message-id:reply-to;
 bh=061YQ9I7XXy0U5j6y/MEEMdjDL0rbFzLtsBFG0pnk34=;
 b=X/w0sE4lwPZZL4boJg4ZcNgDCg4z4zeSZyqtispx9Kh0gQK1Lv1PEpgGUg3yWncZG8
 VOf8fsgyHpRNGTIdYyup4njesnLSjE02VN/WubOebRjP6zKVVjwFR/ObiA0eMKEEprY6
 NwGvV8mPt8aw7TnpGIM9+/DCFWvF0kHuj6/dY=
X-Google-DKIM-Signature: v=1; a=rsa-sha256; c=relaxed/relaxed;
 d=1e100.net; s=20230601; t=1712192714; x=1712797514;
 h=references:in-reply-to:cc:to:from:subject:message-id:date
 :x-gm-message-state:from:to:cc:subject:date:message-id:reply-to;
 bh=061YQ9I7XXy0U5j6y/MEEMdjDL0rbFzLtsBFG0pnk34=;
 b=wkF5LhKgK6HeB+HfTvEONbD+Pxfl9Fyjr0BW2dFFuVwL98xkEBDF2V84XoAZaCNX6S
 IcfB5KbM2D3K09NI3li6JVNwJIoRxL86Su07QgTqOMMFksRNsLyND+6QnTXzWzu0wZU7
 9l40OWlJhxKvpGu/yNNBTIlgxwGoR/UWo/7sbBOFAJfsdEX60nJ7MC0yyYAsBbCaM8Bl
 qxSaYPe+r8Gs03cPszd6MQoLKJNXvW8voMiz8Jvj1mvui5aP/ZVtQZGPTstloqv+kZbl
 DmvDDcoj9t9pEzP9cm+KlGRjclNDPNuvYW1+CrOEOiKXG7+DDzznU3EHNy0e4bQn1rU3
 Qicw==
X-Gm-Message-State: AOJu0YymRDXkT+5EToDY2x8bST5C39qXldQ6AnVAUxQDAmndGip9CTjh
 UT/p3vbmZ83Ow/u6hZ1FZlQhW45Yeuui1kgcvfI4VOakroN3Lb0gbJcZY26sXLv8p/BRoBAf7SK
 7vSFfTsccFGHd7iJrfpWuAyNVB4kY4oykNXYy0zfOS+wsIeMXPfcwkw5I
X-Google-Smtp-Source: AGHT+IH5/T4dIniicp5jnJhQ9ZA4fImPYtr/GRKnTqLx7ODpw0EDctccPhVefATCW22hWaTzECjbcQf98XSR
X-Received: by 2002:a05:6e02:1c8a:b0:368:bcc0:a3ea with SMTP id
 w10-20020a056e021c8a00b00368bcc0a3eamr1186234ill.30.1712192714067; 
 Wed, 03 Apr 2024 18:05:14 -0700 (PDT)
Received: from postal.iol.unh.edu (postal.iol.unh.edu.
 [2606:4100:3880:1234::84]) by smtp-relay.gmail.com with ESMTPS id
 q15-20020a056e0220ef00b00368539eee06sm761484ilv.0.2024.04.03.18.05.13
 (version=TLS1_2 cipher=ECDHE-ECDSA-AES128-GCM-SHA256 bits=128/128);
 Wed, 03 Apr 2024 18:05:14 -0700 (PDT)
X-Relaying-Domain: iol.unh.edu
Date: Wed, 03 Apr 2024 18:05:14 -0700 (PDT)
Message-ID: <660dfcca.050a0220.62926.aeccSMTPIN_ADDED_MISSING@mx.google.com>
Received: from [172.21.0.6] (unknown [172.18.0.240])
 by postal.iol.unh.edu (Postfix) with ESMTP id 89F6E6052471;
 Wed,  3 Apr 2024 21:05:13 -0400 (EDT)
Subject: |WARNING| pw139086-139089 [PATCH] [v10,4/4] cryptodev: remove rte ma
From: dpdklab@iol.unh.edu
To: Test Report <test-report@dpdk.org>
Cc: dpdk-test-reports@iol.unh.edu,
 Tyler Retzlaff <roretzla@linux.microsoft.com>
In-Reply-To: <1712166816-10624-5-git-send-email-roretzla@linux.microsoft.com>
References: <1712166816-10624-5-git-send-email-roretzla@linux.microsoft.com>
Content-Type: text/plain
X-BeenThere: test-report@dpdk.org
X-Mailman-Version: 2.1.29
Precedence: list
List-Id: automatic DPDK test reports <test-report.dpdk.org>
List-Unsubscribe: <https://mails.dpdk.org/options/test-report>,
 <mailto:test-report-request@dpdk.org?subject=unsubscribe>
List-Archive: <http://mails.dpdk.org/archives/test-report/>
List-Post: <mailto:test-report@dpdk.org>
List-Help: <mailto:test-report-request@dpdk.org?subject=help>
List-Subscribe: <https://mails.dpdk.org/listinfo/test-report>,
 <mailto:test-report-request@dpdk.org?subject=subscribe>
Errors-To: test-report-bounces@dpdk.org

Test-Label: iol-abi-testing
Test-Status: WARNING
http://dpdk.org/patch/139089

_Testing issues_

Submitter: Tyler Retzlaff <roretzla@linux.microsoft.com>
Date: Wednesday, April 03 2024 17:53:36 
DPDK git baseline: Repo:dpdk
  Branch: master
  CommitID:e2e546ab5bf5e024986ccb5310ab43982f3bb40c

139086-139089 --> testing fail

Test environment and result as below:

+------------------+----------+
|   Environment    | abi_test |
+==================+==========+
| Debian Bullseye  | FAIL     |
+------------------+----------+
| openSUSE Leap 15 | PASS     |
+------------------+----------+
| CentOS Stream 9  | PASS     |
+------------------+----------+
| Fedora 37        | PASS     |
+------------------+----------+
| CentOS Stream 8  | PASS     |
+------------------+----------+
| Fedora 39        | PASS     |
+------------------+----------+
| RHEL8            | PASS     |
+------------------+----------+
| Debian 12        | FAIL     |
+------------------+----------+
| Fedora 38        | PASS     |
+------------------+----------+
| Ubuntu 22.04     | PASS     |
+------------------+----------+

==== 20 line log output for Debian 12 (abi_test): ====
Variables changes summary: 0 Removed, 0 Changed, 0 Added variable

Functions changes summary: 0 Removed, 0 Changed (2 filtered out), 0 Added functions
Variables changes summary: 0 Removed, 0 Changed, 0 Added variable

Functions changes summary: 0 Removed, 0 Changed (15 filtered out), 0 Added functions
Variables changes summary: 0 Removed, 0 Changed (2 filtered out), 0 Added (1 filtered out) variables

Functions changes summary: 0 Removed, 0 Changed (12 filtered out), 0 Added (1 filtered out) functions
Variables changes summary: 0 Removed, 0 Changed, 0 Added variable

Functions changes summary: 0 Removed, 0 Changed (29 filtered out), 0 Added functions
Variables changes summary: 0 Removed, 0 Changed, 0 Added variable

Functions changes summary: 0 Removed, 0 Changed (1 filtered out), 0 Added function
Variables changes summary: 0 Removed, 0 Changed, 0 Added variable

Functions changes summary: 0 Removed, 0 Changed, 0 Added (2 filtered out) functions
Variables changes summary: 0 Removed, 0 Changed, 0 Added variable

==== End log output ====

Debian Bullseye
	Kernel: 5.4.0-167-generic
	Compiler: gcc 10.2.1-6

openSUSE Leap 15
	Kernel: 5.4.0-167-generic
	Compiler: gcc 7.5.0

CentOS Stream 9
	Kernel: 5.4.0-167-generic
	Compiler: gcc 11.4.1 20230605

Fedora 37
	Kernel: Depends on container host system
	Compiler: gcc 12.3.1

CentOS Stream 8
	Kernel: 5.4.0-167-generic
	Compiler: gcc 8.5.0 20210514

Fedora 39
	Kernel: Depends on container host
	Compiler: clang 17.0.6

RHEL8
	Kernel: 5.4.0-167-generic
	Compiler: gcc 8.5.0 20210514 (Red Hat 8.5.0-20)

Debian 12
	Kernel: Container Host Kernel
	Compiler: gcc 10.2.1

Fedora 38
	Kernel: Depends on container host
	Compiler: gcc 13.2.1

Ubuntu 22.04
	Kernel: 5.4.0-167-generic
	Compiler: gcc 11.4.0

To view detailed results, visit:
https://lab.dpdk.org/results/dashboard/patchsets/29708/

UNH-IOL DPDK Community Lab

To manage your email subscriptions, visit: 
https://lab.dpdk.org/results/dashboard/preferences/subscriptions/