From mboxrd@z Thu Jan  1 00:00:00 1970
Return-Path: <test-report-bounces@dpdk.org>
Received: from mails.dpdk.org (mails.dpdk.org [217.70.189.124])
	by inbox.dpdk.org (Postfix) with ESMTP id E8C2543DF2
	for <public@inbox.dpdk.org>; Thu,  4 Apr 2024 03:07:48 +0200 (CEST)
Received: from mails.dpdk.org (localhost [127.0.0.1])
	by mails.dpdk.org (Postfix) with ESMTP id E4432402D1;
	Thu,  4 Apr 2024 03:07:48 +0200 (CEST)
Received: from mail-pf1-f225.google.com (mail-pf1-f225.google.com
 [209.85.210.225])
 by mails.dpdk.org (Postfix) with ESMTP id 344804029B
 for <test-report@dpdk.org>; Thu,  4 Apr 2024 03:07:48 +0200 (CEST)
Received: by mail-pf1-f225.google.com with SMTP id
 d2e1a72fcca58-6e6ee9e3cffso314302b3a.1
 for <test-report@dpdk.org>; Wed, 03 Apr 2024 18:07:48 -0700 (PDT)
DKIM-Signature: v=1; a=rsa-sha256; c=relaxed/relaxed;
 d=iol.unh.edu; s=unh-iol; t=1712192867; x=1712797667; darn=dpdk.org;
 h=references:in-reply-to:cc:to:from:subject:message-id:date:from:to
 :cc:subject:date:message-id:reply-to;
 bh=061YQ9I7XXy0U5j6y/MEEMdjDL0rbFzLtsBFG0pnk34=;
 b=WFQWE1hh3Md2NspHjc+NNW8oJ3KzA9coihEgtUyCqC3w+ACMDvY4tb5abnw1u0D1gl
 Evl12EkyGNRJX8L+6XB1zk1nkeqwnESrHR30Dz93tDqN52h90YrizpSCq8tSuflrYQYp
 lnGO1PlyMrfOZlxHdNIwfzquq3tWlLD4svzII=
X-Google-DKIM-Signature: v=1; a=rsa-sha256; c=relaxed/relaxed;
 d=1e100.net; s=20230601; t=1712192867; x=1712797667;
 h=references:in-reply-to:cc:to:from:subject:message-id:date
 :x-gm-message-state:from:to:cc:subject:date:message-id:reply-to;
 bh=061YQ9I7XXy0U5j6y/MEEMdjDL0rbFzLtsBFG0pnk34=;
 b=Ft0RgKzmoH+H9Z65S557CAnhKKLGYm4Qt+ddEzQl+gZsb8AFMotiEf0MmgygjfvJ+J
 yL9ySvjJwLLVk3NYorsYx/raNJ2Oo7kjkXsttOZH7y4YQfCpUGj8zfRlpB7VT0PCciak
 yMrLtOqo6bZH5fHFN01Z75Ifeogm8NB9wNDUF8+tSF/U5RJ1JeAMeAxe0AtqiEyW1nL9
 C/j0+8RC36izGpz4H1yUq5Af17JQLgbBKbkitBdj5JXhwxdwwjxvr8hzNlCLZTwY36qg
 99K949YTXi91jTK+NRhGD58zoQxiJRkOf9+EV5XnQLZpGEDA80ubLJlgMqm2TKffDvFk
 8b6Q==
X-Gm-Message-State: AOJu0YwiCxrdNLXvY2hjdSAQlAef+XmiLenC+fVHCrNMx2BVz4KOZzc2
 rlqS7Gi39P3HpPEOjmsrbEC6dtBOd2t/qRO44O4FoXdfo/KigHN9DN8jcwe5Tg1ldy7i+IHQn+3
 KSYbog51uh9PHmwxin6Hw85rOxJpv5aK/notxRTR35eW7Ow4nOoRodE31
X-Google-Smtp-Source: AGHT+IG0zgPk2n/jhgCBFjGPJS9LsNAKu8nQFF/PZTEeT/C87Xr2s+RheypQQj9w/7n0q+2IZd+rNIlkwD4n
X-Received: by 2002:aa7:9d8e:0:b0:6ec:ebe0:e4ba with SMTP id
 f14-20020aa79d8e000000b006ecebe0e4bamr399173pfq.9.1712192867219; 
 Wed, 03 Apr 2024 18:07:47 -0700 (PDT)
Received: from postal.iol.unh.edu (postal.iol.unh.edu.
 [2606:4100:3880:1234::84]) by smtp-relay.gmail.com with ESMTPS id
 q2-20020a63f942000000b005dc1a944789sm877209pgk.2.2024.04.03.18.07.47
 (version=TLS1_2 cipher=ECDHE-ECDSA-AES128-GCM-SHA256 bits=128/128);
 Wed, 03 Apr 2024 18:07:47 -0700 (PDT)
X-Relaying-Domain: iol.unh.edu
Date: Wed, 03 Apr 2024 18:07:47 -0700 (PDT)
Message-ID: <660dfd63.630a0220.fdfb3.3e23SMTPIN_ADDED_MISSING@mx.google.com>
Received: from [172.21.0.6] (unknown [172.18.0.240])
 by postal.iol.unh.edu (Postfix) with ESMTP id 6B0916052471;
 Wed,  3 Apr 2024 21:07:46 -0400 (EDT)
Subject: |WARNING| pw139086-139089 [PATCH] [v10,4/4] cryptodev: remove rte ma
From: dpdklab@iol.unh.edu
To: Test Report <test-report@dpdk.org>
Cc: dpdk-test-reports@iol.unh.edu,
 Tyler Retzlaff <roretzla@linux.microsoft.com>
In-Reply-To: <1712166816-10624-5-git-send-email-roretzla@linux.microsoft.com>
References: <1712166816-10624-5-git-send-email-roretzla@linux.microsoft.com>
Content-Type: text/plain
X-BeenThere: test-report@dpdk.org
X-Mailman-Version: 2.1.29
Precedence: list
List-Id: automatic DPDK test reports <test-report.dpdk.org>
List-Unsubscribe: <https://mails.dpdk.org/options/test-report>,
 <mailto:test-report-request@dpdk.org?subject=unsubscribe>
List-Archive: <http://mails.dpdk.org/archives/test-report/>
List-Post: <mailto:test-report@dpdk.org>
List-Help: <mailto:test-report-request@dpdk.org?subject=help>
List-Subscribe: <https://mails.dpdk.org/listinfo/test-report>,
 <mailto:test-report-request@dpdk.org?subject=subscribe>
Errors-To: test-report-bounces@dpdk.org

Test-Label: iol-abi-testing
Test-Status: WARNING
http://dpdk.org/patch/139089

_Testing issues_

Submitter: Tyler Retzlaff <roretzla@linux.microsoft.com>
Date: Wednesday, April 03 2024 17:53:36 
DPDK git baseline: Repo:dpdk
  Branch: master
  CommitID:e2e546ab5bf5e024986ccb5310ab43982f3bb40c

139086-139089 --> testing fail

Test environment and result as below:

+------------------+----------+
|   Environment    | abi_test |
+==================+==========+
| Debian Bullseye  | FAIL     |
+------------------+----------+
| openSUSE Leap 15 | PASS     |
+------------------+----------+
| CentOS Stream 9  | PASS     |
+------------------+----------+
| Fedora 37        | PASS     |
+------------------+----------+
| CentOS Stream 8  | PASS     |
+------------------+----------+
| Fedora 39        | PASS     |
+------------------+----------+
| RHEL8            | PASS     |
+------------------+----------+
| Debian 12        | FAIL     |
+------------------+----------+
| Fedora 38        | PASS     |
+------------------+----------+
| Ubuntu 22.04     | PASS     |
+------------------+----------+

==== 20 line log output for Debian 12 (abi_test): ====
Variables changes summary: 0 Removed, 0 Changed, 0 Added variable

Functions changes summary: 0 Removed, 0 Changed (2 filtered out), 0 Added functions
Variables changes summary: 0 Removed, 0 Changed, 0 Added variable

Functions changes summary: 0 Removed, 0 Changed (15 filtered out), 0 Added functions
Variables changes summary: 0 Removed, 0 Changed (2 filtered out), 0 Added (1 filtered out) variables

Functions changes summary: 0 Removed, 0 Changed (12 filtered out), 0 Added (1 filtered out) functions
Variables changes summary: 0 Removed, 0 Changed, 0 Added variable

Functions changes summary: 0 Removed, 0 Changed (29 filtered out), 0 Added functions
Variables changes summary: 0 Removed, 0 Changed, 0 Added variable

Functions changes summary: 0 Removed, 0 Changed (1 filtered out), 0 Added function
Variables changes summary: 0 Removed, 0 Changed, 0 Added variable

Functions changes summary: 0 Removed, 0 Changed, 0 Added (2 filtered out) functions
Variables changes summary: 0 Removed, 0 Changed, 0 Added variable

==== End log output ====

Debian Bullseye
	Kernel: 5.4.0-167-generic
	Compiler: gcc 10.2.1-6

openSUSE Leap 15
	Kernel: 5.4.0-167-generic
	Compiler: gcc 7.5.0

CentOS Stream 9
	Kernel: 5.4.0-167-generic
	Compiler: gcc 11.4.1 20230605

Fedora 37
	Kernel: Depends on container host system
	Compiler: gcc 12.3.1

CentOS Stream 8
	Kernel: 5.4.0-167-generic
	Compiler: gcc 8.5.0 20210514

Fedora 39
	Kernel: Depends on container host
	Compiler: clang 17.0.6

RHEL8
	Kernel: 5.4.0-167-generic
	Compiler: gcc 8.5.0 20210514 (Red Hat 8.5.0-20)

Debian 12
	Kernel: Container Host Kernel
	Compiler: gcc 10.2.1

Fedora 38
	Kernel: Depends on container host
	Compiler: gcc 13.2.1

Ubuntu 22.04
	Kernel: 5.4.0-167-generic
	Compiler: gcc 11.4.0

To view detailed results, visit:
https://lab.dpdk.org/results/dashboard/patchsets/29708/

UNH-IOL DPDK Community Lab

To manage your email subscriptions, visit: 
https://lab.dpdk.org/results/dashboard/preferences/subscriptions/