From mboxrd@z Thu Jan  1 00:00:00 1970
Return-Path: <test-report-bounces@dpdk.org>
Received: from mails.dpdk.org (mails.dpdk.org [217.70.189.124])
	by inbox.dpdk.org (Postfix) with ESMTP id 9915E43DF2
	for <public@inbox.dpdk.org>; Thu,  4 Apr 2024 03:09:31 +0200 (CEST)
Received: from mails.dpdk.org (localhost [127.0.0.1])
	by mails.dpdk.org (Postfix) with ESMTP id 91907402D1;
	Thu,  4 Apr 2024 03:09:31 +0200 (CEST)
Received: from mail-io1-f99.google.com (mail-io1-f99.google.com
 [209.85.166.99]) by mails.dpdk.org (Postfix) with ESMTP id A6F084029B
 for <test-report@dpdk.org>; Thu,  4 Apr 2024 03:09:29 +0200 (CEST)
Received: by mail-io1-f99.google.com with SMTP id
 ca18e2360f4ac-7c8bb44622eso20826639f.0
 for <test-report@dpdk.org>; Wed, 03 Apr 2024 18:09:29 -0700 (PDT)
DKIM-Signature: v=1; a=rsa-sha256; c=relaxed/relaxed;
 d=iol.unh.edu; s=unh-iol; t=1712192968; x=1712797768; darn=dpdk.org;
 h=references:in-reply-to:cc:to:from:subject:message-id:date:from:to
 :cc:subject:date:message-id:reply-to;
 bh=061YQ9I7XXy0U5j6y/MEEMdjDL0rbFzLtsBFG0pnk34=;
 b=N1v1vzcJZwJ3rhTmhCfj1UIe6kk/pkOWZQexBnEHuoBkGWC/awl8NKqLO9WgXmzadX
 6tjBl0MMrVKIcZZGxhVtYuw4h8SuE7N7mUxC8FiaPbBRrBlwYB4CamLUCVQzR04+mjlp
 ci3gpUTfX+ekNKL7Jn3cN5gktSFyGy8Y2PUPM=
X-Google-DKIM-Signature: v=1; a=rsa-sha256; c=relaxed/relaxed;
 d=1e100.net; s=20230601; t=1712192968; x=1712797768;
 h=references:in-reply-to:cc:to:from:subject:message-id:date
 :x-gm-message-state:from:to:cc:subject:date:message-id:reply-to;
 bh=061YQ9I7XXy0U5j6y/MEEMdjDL0rbFzLtsBFG0pnk34=;
 b=fqqTYB0/sldNpexiujALClqQQ7fs18C7etBYssDw4L/BOZdtlU/w+UvyJXXODsWDw1
 sWZZApXaZ34jUnsclsFF2A47QnGUNPM+ncOEqO5ZUDLAiv+Gz+n9nkhkAU5YPMO5w4JD
 GgVGTNBx6fiZj97wPQYadh7Oh3uww2VLTlS6qyPqvIn6tqo4MS7+k+xsb/dFLBFo50RY
 WGTSxEovbVpnRDuKCQU4cn9WH9+kIsuP4FtkLacENhUG+ikpGqCZnkRliS4QV/IEOiOC
 9RkjGNQ7r/ySCoUeXqgxAyD3MrGqmYLm7/UNAt+FUF0LoYM9mhKdyFSxkPJj0BA5BD4H
 IYFQ==
X-Gm-Message-State: AOJu0YxDqlK4PxtWTmbj+lS9elRrup5PfD6bTYRjblWfnpuIlc26mMGl
 SHkRFqnP3zX0CD9nsJUHZ5HZIZSSQYNTMCmqHsPKguTRNNBNzQjCEjB6prLzNcsJRSzG1CgruQ4
 f6Y2a0fSW0y2FHnkjUavqMn9FYBZf2I9UmHLGHqiunEaK8vLoWerjVsqB
X-Google-Smtp-Source: AGHT+IFUnT8F8ixgGmZgeWh/2DmqWfrfmVPyxnTsTriJz4/sdxArYBLtx46HTuYKJ6bfOpJ8UNilmd+TTyob
X-Received: by 2002:a05:6e02:1fcd:b0:369:bba9:b0f0 with SMTP id
 dj13-20020a056e021fcd00b00369bba9b0f0mr1302943ilb.0.1712192968543; 
 Wed, 03 Apr 2024 18:09:28 -0700 (PDT)
Received: from postal.iol.unh.edu (postal.iol.unh.edu.
 [2606:4100:3880:1234::84]) by smtp-relay.gmail.com with ESMTPS id
 n11-20020a056e02148b00b00369f19b25a1sm131522ilk.3.2024.04.03.18.09.28
 (version=TLS1_2 cipher=ECDHE-ECDSA-AES128-GCM-SHA256 bits=128/128);
 Wed, 03 Apr 2024 18:09:28 -0700 (PDT)
X-Relaying-Domain: iol.unh.edu
Date: Wed, 03 Apr 2024 18:09:28 -0700 (PDT)
Message-ID: <660dfdc8.050a0220.4fc55.8761SMTPIN_ADDED_MISSING@mx.google.com>
Received: from [172.21.0.6] (unknown [172.18.0.240])
 by postal.iol.unh.edu (Postfix) with ESMTP id 0756B6052471;
 Wed,  3 Apr 2024 21:09:28 -0400 (EDT)
Subject: |WARNING| pw139086-139089 [PATCH] [v10,4/4] cryptodev: remove rte ma
From: dpdklab@iol.unh.edu
To: Test Report <test-report@dpdk.org>
Cc: dpdk-test-reports@iol.unh.edu,
 Tyler Retzlaff <roretzla@linux.microsoft.com>
In-Reply-To: <1712166816-10624-5-git-send-email-roretzla@linux.microsoft.com>
References: <1712166816-10624-5-git-send-email-roretzla@linux.microsoft.com>
Content-Type: text/plain
X-BeenThere: test-report@dpdk.org
X-Mailman-Version: 2.1.29
Precedence: list
List-Id: automatic DPDK test reports <test-report.dpdk.org>
List-Unsubscribe: <https://mails.dpdk.org/options/test-report>,
 <mailto:test-report-request@dpdk.org?subject=unsubscribe>
List-Archive: <http://mails.dpdk.org/archives/test-report/>
List-Post: <mailto:test-report@dpdk.org>
List-Help: <mailto:test-report-request@dpdk.org?subject=help>
List-Subscribe: <https://mails.dpdk.org/listinfo/test-report>,
 <mailto:test-report-request@dpdk.org?subject=subscribe>
Errors-To: test-report-bounces@dpdk.org

Test-Label: iol-abi-testing
Test-Status: WARNING
http://dpdk.org/patch/139089

_Testing issues_

Submitter: Tyler Retzlaff <roretzla@linux.microsoft.com>
Date: Wednesday, April 03 2024 17:53:36 
DPDK git baseline: Repo:dpdk
  Branch: master
  CommitID:e2e546ab5bf5e024986ccb5310ab43982f3bb40c

139086-139089 --> testing fail

Test environment and result as below:

+------------------+----------+
|   Environment    | abi_test |
+==================+==========+
| Debian Bullseye  | FAIL     |
+------------------+----------+
| openSUSE Leap 15 | PASS     |
+------------------+----------+
| CentOS Stream 9  | PASS     |
+------------------+----------+
| Fedora 37        | PASS     |
+------------------+----------+
| CentOS Stream 8  | PASS     |
+------------------+----------+
| Fedora 39        | PASS     |
+------------------+----------+
| RHEL8            | PASS     |
+------------------+----------+
| Debian 12        | FAIL     |
+------------------+----------+
| Fedora 38        | PASS     |
+------------------+----------+
| Ubuntu 22.04     | PASS     |
+------------------+----------+

==== 20 line log output for Debian 12 (abi_test): ====
Variables changes summary: 0 Removed, 0 Changed, 0 Added variable

Functions changes summary: 0 Removed, 0 Changed (2 filtered out), 0 Added functions
Variables changes summary: 0 Removed, 0 Changed, 0 Added variable

Functions changes summary: 0 Removed, 0 Changed (15 filtered out), 0 Added functions
Variables changes summary: 0 Removed, 0 Changed (2 filtered out), 0 Added (1 filtered out) variables

Functions changes summary: 0 Removed, 0 Changed (12 filtered out), 0 Added (1 filtered out) functions
Variables changes summary: 0 Removed, 0 Changed, 0 Added variable

Functions changes summary: 0 Removed, 0 Changed (29 filtered out), 0 Added functions
Variables changes summary: 0 Removed, 0 Changed, 0 Added variable

Functions changes summary: 0 Removed, 0 Changed (1 filtered out), 0 Added function
Variables changes summary: 0 Removed, 0 Changed, 0 Added variable

Functions changes summary: 0 Removed, 0 Changed, 0 Added (2 filtered out) functions
Variables changes summary: 0 Removed, 0 Changed, 0 Added variable

==== End log output ====

Debian Bullseye
	Kernel: 5.4.0-167-generic
	Compiler: gcc 10.2.1-6

openSUSE Leap 15
	Kernel: 5.4.0-167-generic
	Compiler: gcc 7.5.0

CentOS Stream 9
	Kernel: 5.4.0-167-generic
	Compiler: gcc 11.4.1 20230605

Fedora 37
	Kernel: Depends on container host system
	Compiler: gcc 12.3.1

CentOS Stream 8
	Kernel: 5.4.0-167-generic
	Compiler: gcc 8.5.0 20210514

Fedora 39
	Kernel: Depends on container host
	Compiler: clang 17.0.6

RHEL8
	Kernel: 5.4.0-167-generic
	Compiler: gcc 8.5.0 20210514 (Red Hat 8.5.0-20)

Debian 12
	Kernel: Container Host Kernel
	Compiler: gcc 10.2.1

Fedora 38
	Kernel: Depends on container host
	Compiler: gcc 13.2.1

Ubuntu 22.04
	Kernel: 5.4.0-167-generic
	Compiler: gcc 11.4.0

To view detailed results, visit:
https://lab.dpdk.org/results/dashboard/patchsets/29708/

UNH-IOL DPDK Community Lab

To manage your email subscriptions, visit: 
https://lab.dpdk.org/results/dashboard/preferences/subscriptions/