From mboxrd@z Thu Jan  1 00:00:00 1970
Return-Path: <test-report-bounces@dpdk.org>
Received: from mails.dpdk.org (mails.dpdk.org [217.70.189.124])
	by inbox.dpdk.org (Postfix) with ESMTP id 0D0D543DF2
	for <public@inbox.dpdk.org>; Thu,  4 Apr 2024 03:10:07 +0200 (CEST)
Received: from mails.dpdk.org (localhost [127.0.0.1])
	by mails.dpdk.org (Postfix) with ESMTP id 0944C402D1;
	Thu,  4 Apr 2024 03:10:07 +0200 (CEST)
Received: from mail-io1-f98.google.com (mail-io1-f98.google.com
 [209.85.166.98]) by mails.dpdk.org (Postfix) with ESMTP id D98DA4029B
 for <test-report@dpdk.org>; Thu,  4 Apr 2024 03:10:04 +0200 (CEST)
Received: by mail-io1-f98.google.com with SMTP id
 ca18e2360f4ac-7d34f4afb8eso24912839f.2
 for <test-report@dpdk.org>; Wed, 03 Apr 2024 18:10:04 -0700 (PDT)
DKIM-Signature: v=1; a=rsa-sha256; c=relaxed/relaxed;
 d=iol.unh.edu; s=unh-iol; t=1712193004; x=1712797804; darn=dpdk.org;
 h=references:in-reply-to:cc:to:from:subject:message-id:date:from:to
 :cc:subject:date:message-id:reply-to;
 bh=061YQ9I7XXy0U5j6y/MEEMdjDL0rbFzLtsBFG0pnk34=;
 b=G2+jyk04K6uFG8suOMigUigwM3tiJODZPSns6dqggZYJx4NNTporxIejA0G0bMEYjt
 QnXlCt558epuiuvgS2n/UwoRY7nMjr41lnCBfHj/Awrr8xXj+KO0REcFMFj6FnS7GckO
 QITe1P014shkJT/lhkoI+wFGV/ttXGVmGCgIY=
X-Google-DKIM-Signature: v=1; a=rsa-sha256; c=relaxed/relaxed;
 d=1e100.net; s=20230601; t=1712193004; x=1712797804;
 h=references:in-reply-to:cc:to:from:subject:message-id:date
 :x-gm-message-state:from:to:cc:subject:date:message-id:reply-to;
 bh=061YQ9I7XXy0U5j6y/MEEMdjDL0rbFzLtsBFG0pnk34=;
 b=PlIOsJqh4Pg/EmWO5BXGxHtdusOFI+q6QQIjWZxQKZIJfhOdWj8huFrzD2NijHWPPK
 iPd8mhP8kwBLGL6ftLzmjeBDNIh5auWzVhH9FX91gvdqXAARgNfSBXHL6RwRtuCoSlfO
 u91NMzCDfPxkNM5KWR4Vq1BjkzGdDZtlL7YciPM5k7gnbgNr5K4TeUZu9XQpO24VCOkr
 c39YScmccLMD7VW1iIgUi33qtqxujluVsbmHF+zQXoPnn2KX+TILC9meyFxqRJ7gc9HM
 Qih9hN/bacZrZytL5AB7l7/zIlHb0tOZWFW9FxBmrXx2zGzB8uwaPsUTnlHv+UvU4+jY
 5bUQ==
X-Gm-Message-State: AOJu0YxVVMgt+xXrUwxB5LlmLxNI2ziB/W0+LkrB/rbzrU/Ljvg2MxiA
 WNWQsq4wjabMV8UQ3DKPEUfU6kak2y4ghDHJcTzWWrg/UMuY1ucaEpz52cKOQNTs7egNH0aIE7E
 /+GK7C31oHnA/LxX21M6ZZu0aBoZ0Svh01mdai0VuHCbQvpDCVF8ebMho
X-Google-Smtp-Source: AGHT+IHIVwjv2KgEyQ7UeyavDCnlAJbMORCUJxLdlasYN+kC1VzIxyXnIgWCwHji23avI3RwtiJRTidBSxeX
X-Received: by 2002:a6b:c38e:0:b0:7d0:b61d:3311 with SMTP id
 t136-20020a6bc38e000000b007d0b61d3311mr1456688iof.4.1712193004363; 
 Wed, 03 Apr 2024 18:10:04 -0700 (PDT)
Received: from postal.iol.unh.edu (postal.iol.unh.edu.
 [2606:4100:3880:1234::84]) by smtp-relay.gmail.com with ESMTPS id
 l12-20020a056638144c00b004744f568a11sm610674jad.64.2024.04.03.18.10.04
 (version=TLS1_2 cipher=ECDHE-ECDSA-AES128-GCM-SHA256 bits=128/128);
 Wed, 03 Apr 2024 18:10:04 -0700 (PDT)
X-Relaying-Domain: iol.unh.edu
Date: Wed, 03 Apr 2024 18:10:04 -0700 (PDT)
Message-ID: <660dfdec.050a0220.6cda8.2ceeSMTPIN_ADDED_MISSING@mx.google.com>
Received: from [172.21.0.6] (unknown [172.18.0.240])
 by postal.iol.unh.edu (Postfix) with ESMTP id C5C436052471;
 Wed,  3 Apr 2024 21:10:03 -0400 (EDT)
Subject: |WARNING| pw139086-139089 [PATCH] [v10,4/4] cryptodev: remove rte ma
From: dpdklab@iol.unh.edu
To: Test Report <test-report@dpdk.org>
Cc: dpdk-test-reports@iol.unh.edu,
 Tyler Retzlaff <roretzla@linux.microsoft.com>
In-Reply-To: <1712166816-10624-5-git-send-email-roretzla@linux.microsoft.com>
References: <1712166816-10624-5-git-send-email-roretzla@linux.microsoft.com>
Content-Type: text/plain
X-BeenThere: test-report@dpdk.org
X-Mailman-Version: 2.1.29
Precedence: list
List-Id: automatic DPDK test reports <test-report.dpdk.org>
List-Unsubscribe: <https://mails.dpdk.org/options/test-report>,
 <mailto:test-report-request@dpdk.org?subject=unsubscribe>
List-Archive: <http://mails.dpdk.org/archives/test-report/>
List-Post: <mailto:test-report@dpdk.org>
List-Help: <mailto:test-report-request@dpdk.org?subject=help>
List-Subscribe: <https://mails.dpdk.org/listinfo/test-report>,
 <mailto:test-report-request@dpdk.org?subject=subscribe>
Errors-To: test-report-bounces@dpdk.org

Test-Label: iol-abi-testing
Test-Status: WARNING
http://dpdk.org/patch/139089

_Testing issues_

Submitter: Tyler Retzlaff <roretzla@linux.microsoft.com>
Date: Wednesday, April 03 2024 17:53:36 
DPDK git baseline: Repo:dpdk
  Branch: master
  CommitID:e2e546ab5bf5e024986ccb5310ab43982f3bb40c

139086-139089 --> testing fail

Test environment and result as below:

+------------------+----------+
|   Environment    | abi_test |
+==================+==========+
| Debian Bullseye  | FAIL     |
+------------------+----------+
| openSUSE Leap 15 | PASS     |
+------------------+----------+
| CentOS Stream 9  | PASS     |
+------------------+----------+
| Fedora 37        | PASS     |
+------------------+----------+
| CentOS Stream 8  | PASS     |
+------------------+----------+
| Fedora 39        | PASS     |
+------------------+----------+
| RHEL8            | PASS     |
+------------------+----------+
| Debian 12        | FAIL     |
+------------------+----------+
| Fedora 38        | PASS     |
+------------------+----------+
| Ubuntu 22.04     | PASS     |
+------------------+----------+

==== 20 line log output for Debian 12 (abi_test): ====
Variables changes summary: 0 Removed, 0 Changed, 0 Added variable

Functions changes summary: 0 Removed, 0 Changed (2 filtered out), 0 Added functions
Variables changes summary: 0 Removed, 0 Changed, 0 Added variable

Functions changes summary: 0 Removed, 0 Changed (15 filtered out), 0 Added functions
Variables changes summary: 0 Removed, 0 Changed (2 filtered out), 0 Added (1 filtered out) variables

Functions changes summary: 0 Removed, 0 Changed (12 filtered out), 0 Added (1 filtered out) functions
Variables changes summary: 0 Removed, 0 Changed, 0 Added variable

Functions changes summary: 0 Removed, 0 Changed (29 filtered out), 0 Added functions
Variables changes summary: 0 Removed, 0 Changed, 0 Added variable

Functions changes summary: 0 Removed, 0 Changed (1 filtered out), 0 Added function
Variables changes summary: 0 Removed, 0 Changed, 0 Added variable

Functions changes summary: 0 Removed, 0 Changed, 0 Added (2 filtered out) functions
Variables changes summary: 0 Removed, 0 Changed, 0 Added variable

==== End log output ====

Debian Bullseye
	Kernel: 5.4.0-167-generic
	Compiler: gcc 10.2.1-6

openSUSE Leap 15
	Kernel: 5.4.0-167-generic
	Compiler: gcc 7.5.0

CentOS Stream 9
	Kernel: 5.4.0-167-generic
	Compiler: gcc 11.4.1 20230605

Fedora 37
	Kernel: Depends on container host system
	Compiler: gcc 12.3.1

CentOS Stream 8
	Kernel: 5.4.0-167-generic
	Compiler: gcc 8.5.0 20210514

Fedora 39
	Kernel: Depends on container host
	Compiler: clang 17.0.6

RHEL8
	Kernel: 5.4.0-167-generic
	Compiler: gcc 8.5.0 20210514 (Red Hat 8.5.0-20)

Debian 12
	Kernel: Container Host Kernel
	Compiler: gcc 10.2.1

Fedora 38
	Kernel: Depends on container host
	Compiler: gcc 13.2.1

Ubuntu 22.04
	Kernel: 5.4.0-167-generic
	Compiler: gcc 11.4.0

To view detailed results, visit:
https://lab.dpdk.org/results/dashboard/patchsets/29708/

UNH-IOL DPDK Community Lab

To manage your email subscriptions, visit: 
https://lab.dpdk.org/results/dashboard/preferences/subscriptions/