From mboxrd@z Thu Jan  1 00:00:00 1970
Return-Path: <test-report-bounces@dpdk.org>
Received: from mails.dpdk.org (mails.dpdk.org [217.70.189.124])
	by inbox.dpdk.org (Postfix) with ESMTP id 11BFF43DFF
	for <public@inbox.dpdk.org>; Thu,  4 Apr 2024 21:17:00 +0200 (CEST)
Received: from mails.dpdk.org (localhost [127.0.0.1])
	by mails.dpdk.org (Postfix) with ESMTP id E39C84068E;
	Thu,  4 Apr 2024 21:16:59 +0200 (CEST)
Received: from mail-ot1-f97.google.com (mail-ot1-f97.google.com
 [209.85.210.97]) by mails.dpdk.org (Postfix) with ESMTP id 31AE64064A
 for <test-report@dpdk.org>; Thu,  4 Apr 2024 21:16:58 +0200 (CEST)
Received: by mail-ot1-f97.google.com with SMTP id
 46e09a7af769-6e696ee8fa3so1298982a34.1
 for <test-report@dpdk.org>; Thu, 04 Apr 2024 12:16:58 -0700 (PDT)
DKIM-Signature: v=1; a=rsa-sha256; c=relaxed/relaxed;
 d=iol.unh.edu; s=unh-iol; t=1712258217; x=1712863017; darn=dpdk.org;
 h=references:in-reply-to:cc:to:from:subject:message-id:date:from:to
 :cc:subject:date:message-id:reply-to;
 bh=1Ycdoi1IDWpu3ounipD7I+qS0/hzuHxnEYhJdtlFJMY=;
 b=GBpCGcNRVV/JlXdcoI4H+6HtCPdxuN7tePk1dVlInrTXnelX2CiMKMlkdyDl7A1CqE
 PI7kou0KHy1TP9oA+ppffkC8UUU6MGvSoMi3qxrp6kK8N9nA7HZAs895bRdBsa4bNr88
 X0BB3BcUmy8AboTLd4+6C5JRZUiOLio2OYXBA=
X-Google-DKIM-Signature: v=1; a=rsa-sha256; c=relaxed/relaxed;
 d=1e100.net; s=20230601; t=1712258217; x=1712863017;
 h=references:in-reply-to:cc:to:from:subject:message-id:date
 :x-gm-message-state:from:to:cc:subject:date:message-id:reply-to;
 bh=1Ycdoi1IDWpu3ounipD7I+qS0/hzuHxnEYhJdtlFJMY=;
 b=PwAnz1Hh1B21Z3yliMtkgHDE3SFhxQRyGQ+/8FOZcKAEZO5J+xhpZtmWLcBB15Ymal
 5wJXzLFK4KJDtBnl0vIohJsPncD40gxrpRE4dlKvLU9Qkg4vI/dztnJ4We84gDKXDgbh
 EH2O3sWfU9GFEhc7JLbeqNxZY8JADik8pjfXvaciS5TG3f+OaKQFigf8TVnZpTmoLHcW
 unQlKLrGLu/juHBhZje0dCzVNtx81ZpHral8PIM/h8UByZcCItdlDxBq/euZ+Ev4V8ql
 3Rer3oMzYp6YUMAvbc7T/jURd6/DVF/MHem4oxppB5ppzHa/MnC/i+kKZEgt8wLj/KgB
 cOWg==
X-Gm-Message-State: AOJu0YzcGzcEzEJEnPwRZ39N/RQREeo1VCNA7lLfjiYtWT3PlXjiALBw
 lECdqrbtDVESKJl+MhHgXL1Nsa8JRhFTV3+sD/D4JdVsmugixRITqTcEo6IWP8NrHRBHBpKiYSA
 2iHssh6Vssq06ez0pUl+AnhkeV6DDUnzI6dtjlhvxb8NBz/EpgzmkE/Rn
X-Google-Smtp-Source: AGHT+IFEBUSqQB9GqdmlCiL4T/MgpfeDUG3xdJSySa34gRnx42hd59e0VV2vuhUnSryyzTcM0cPRtzLsOegB
X-Received: by 2002:a05:6830:1e94:b0:6e6:b42e:fc75 with SMTP id
 n20-20020a0568301e9400b006e6b42efc75mr179050otr.3.1712258217477; 
 Thu, 04 Apr 2024 12:16:57 -0700 (PDT)
Received: from postal.iol.unh.edu (postal.iol.unh.edu.
 [2606:4100:3880:1234::84]) by smtp-relay.gmail.com with ESMTPS id
 dz17-20020a0568306d1100b006e7044a86f7sm730otb.4.2024.04.04.12.16.57
 (version=TLS1_2 cipher=ECDHE-ECDSA-AES128-GCM-SHA256 bits=128/128);
 Thu, 04 Apr 2024 12:16:57 -0700 (PDT)
X-Relaying-Domain: iol.unh.edu
Date: Thu, 04 Apr 2024 12:16:57 -0700 (PDT)
Message-ID: <660efca9.050a0220.8e250.0070SMTPIN_ADDED_MISSING@mx.google.com>
Received: from [172.21.0.6] (unknown [172.18.0.240])
 by postal.iol.unh.edu (Postfix) with ESMTP id EEB866052471;
 Thu,  4 Apr 2024 15:16:56 -0400 (EDT)
Subject: |WARNING| pw139107-139110 [PATCH] [v11,4/4] cryptodev: remove rte ma
From: dpdklab@iol.unh.edu
To: Test Report <test-report@dpdk.org>
Cc: dpdk-test-reports@iol.unh.edu,
 Tyler Retzlaff <roretzla@linux.microsoft.com>
In-Reply-To: <1712253115-8755-5-git-send-email-roretzla@linux.microsoft.com>
References: <1712253115-8755-5-git-send-email-roretzla@linux.microsoft.com>
Content-Type: text/plain
X-BeenThere: test-report@dpdk.org
X-Mailman-Version: 2.1.29
Precedence: list
List-Id: automatic DPDK test reports <test-report.dpdk.org>
List-Unsubscribe: <https://mails.dpdk.org/options/test-report>,
 <mailto:test-report-request@dpdk.org?subject=unsubscribe>
List-Archive: <http://mails.dpdk.org/archives/test-report/>
List-Post: <mailto:test-report@dpdk.org>
List-Help: <mailto:test-report-request@dpdk.org?subject=help>
List-Subscribe: <https://mails.dpdk.org/listinfo/test-report>,
 <mailto:test-report-request@dpdk.org?subject=subscribe>
Errors-To: test-report-bounces@dpdk.org

Test-Label: iol-abi-testing
Test-Status: WARNING
http://dpdk.org/patch/139110

_Testing issues_

Submitter: Tyler Retzlaff <roretzla@linux.microsoft.com>
Date: Thursday, April 04 2024 17:51:55 
DPDK git baseline: Repo:dpdk
  Branch: master
  CommitID:e2e546ab5bf5e024986ccb5310ab43982f3bb40c

139107-139110 --> testing fail

Test environment and result as below:

+------------------+----------+
|   Environment    | abi_test |
+==================+==========+
| CentOS Stream 8  | PASS     |
+------------------+----------+
| CentOS Stream 9  | PASS     |
+------------------+----------+
| openSUSE Leap 15 | PASS     |
+------------------+----------+
| Debian Bullseye  | FAIL     |
+------------------+----------+
| Ubuntu 22.04     | PASS     |
+------------------+----------+
| Fedora 38        | PASS     |
+------------------+----------+
| RHEL8            | PASS     |
+------------------+----------+
| Fedora 39        | PASS     |
+------------------+----------+
| Fedora 37        | PASS     |
+------------------+----------+
| Debian 12        | FAIL     |
+------------------+----------+

==== 20 line log output for Debian 12 (abi_test): ====
Variables changes summary: 0 Removed, 0 Changed, 0 Added variable

Functions changes summary: 0 Removed, 0 Changed (15 filtered out), 0 Added functions
Variables changes summary: 0 Removed, 0 Changed (2 filtered out), 0 Added (1 filtered out) variables

Functions changes summary: 0 Removed, 0 Changed (24 filtered out), 0 Added functions
Variables changes summary: 0 Removed, 0 Changed (2 filtered out), 0 Added (1 filtered out) variables

Functions changes summary: 0 Removed, 0 Changed (1 filtered out), 0 Added (1 filtered out) functions
Variables changes summary: 0 Removed, 0 Changed, 0 Added variable

Functions changes summary: 0 Removed, 0 Changed (52 filtered out), 0 Added (9 filtered out) functions
Variables changes summary: 0 Removed, 0 Changed (2 filtered out), 0 Added (2 filtered out) variables

Functions changes summary: 0 Removed, 0 Changed, 0 Added (1 filtered out) function
Variables changes summary: 0 Removed, 0 Changed, 0 Added variable

Functions changes summary: 0 Removed, 0 Changed, 0 Added (2 filtered out) functions
Variables changes summary: 0 Removed, 0 Changed, 0 Added variable

==== End log output ====

CentOS Stream 8
	Kernel: 5.4.0-167-generic
	Compiler: gcc 8.5.0 20210514

CentOS Stream 9
	Kernel: 5.4.0-167-generic
	Compiler: gcc 11.4.1 20230605

openSUSE Leap 15
	Kernel: 5.4.0-167-generic
	Compiler: gcc 7.5.0

Debian Bullseye
	Kernel: 5.4.0-167-generic
	Compiler: gcc 10.2.1-6

Ubuntu 22.04
	Kernel: 5.4.0-167-generic
	Compiler: gcc 11.4.0

Fedora 38
	Kernel: Depends on container host
	Compiler: clang 16.0.6

RHEL8
	Kernel: 5.4.0-167-generic
	Compiler: gcc 8.5.0 20210514 (Red Hat 8.5.0-20)

Fedora 39
	Kernel: Depends on container host
	Compiler: clang 17.0.6

Fedora 37
	Kernel: Depends on container host system
	Compiler: gcc 12.3.1

Debian 12
	Kernel: Container Host Kernel
	Compiler: gcc 10.2.1

To view detailed results, visit:
https://lab.dpdk.org/results/dashboard/patchsets/29717/

UNH-IOL DPDK Community Lab

To manage your email subscriptions, visit: 
https://lab.dpdk.org/results/dashboard/preferences/subscriptions/