From mboxrd@z Thu Jan  1 00:00:00 1970
Return-Path: <test-report-bounces@dpdk.org>
Received: from mails.dpdk.org (mails.dpdk.org [217.70.189.124])
	by inbox.dpdk.org (Postfix) with ESMTP id 3559143E02
	for <public@inbox.dpdk.org>; Thu,  4 Apr 2024 22:08:15 +0200 (CEST)
Received: from mails.dpdk.org (localhost [127.0.0.1])
	by mails.dpdk.org (Postfix) with ESMTP id 2FD624064A;
	Thu,  4 Apr 2024 22:08:15 +0200 (CEST)
Received: from mail-io1-f100.google.com (mail-io1-f100.google.com
 [209.85.166.100])
 by mails.dpdk.org (Postfix) with ESMTP id 6A3184064A
 for <test-report@dpdk.org>; Thu,  4 Apr 2024 22:08:14 +0200 (CEST)
Received: by mail-io1-f100.google.com with SMTP id
 ca18e2360f4ac-7d031abe8f8so49941439f.0
 for <test-report@dpdk.org>; Thu, 04 Apr 2024 13:08:14 -0700 (PDT)
DKIM-Signature: v=1; a=rsa-sha256; c=relaxed/relaxed;
 d=iol.unh.edu; s=unh-iol; t=1712261294; x=1712866094; darn=dpdk.org;
 h=references:in-reply-to:cc:to:from:subject:message-id:date:from:to
 :cc:subject:date:message-id:reply-to;
 bh=LEwfC+AeXqCQQUImh1ejfvG8/YpbG+0oRuYIuSWc1E4=;
 b=U4rV8ZQEelOMgPo9ytYPurpuN8DX0BGQzoXAQLU1NcRP/2QjgI2QNnV3hr/Qlm038G
 UyDvOtnirfasv/LbXLJpzromVwTpHJvuRg6YGDIXOCJW/MU/3tqjFETGCPjzMmF1SrnE
 xRaecKZR8etqsC2s0t92sdOD5Lrf3SZgxe+PI=
X-Google-DKIM-Signature: v=1; a=rsa-sha256; c=relaxed/relaxed;
 d=1e100.net; s=20230601; t=1712261294; x=1712866094;
 h=references:in-reply-to:cc:to:from:subject:message-id:date
 :x-gm-message-state:from:to:cc:subject:date:message-id:reply-to;
 bh=LEwfC+AeXqCQQUImh1ejfvG8/YpbG+0oRuYIuSWc1E4=;
 b=BXArscRZdkJlA552wREru1K1z9WtHXUUSaHP78bUh4wvvrx3pUXtXQfRXkIR1aDO4k
 UjReHSGPSYdP7d6qoHjtKknuhP6CostNn0FwxQSt0ECXaozU1p0HVn2vOSyfnx51gD31
 FgRtxVQuMty5hDLj+oawbklDW2Pm1hOP+yUDEFNl4vLYF8Ky+D/Bi+Z4GtF/DfFCz1Ml
 WNkN2vq71ye9c2f/gvsGlNaOoOtwvCYm+Z1XD+i3VQrpHfO8SIJG0oYmrzFgO5rmYZQM
 08/i/LcjeAfXqyBfBzk1PuX2wLbjPaNxHgfv4BWUTQK+53WOzOwKjvsBy5nr9x1YQZZ3
 +6Yw==
X-Gm-Message-State: AOJu0Yy56II1Jah4NKDMjj8j410G/CeZHm+C3nkfEd1gY/fn2av//0Vc
 H5CxSFKGK729S0B8/rX+4BpNyNcQ0RA9hi5qZQ8QGfueM8VjWZpnwD8+MrSDVl/oVcAw7NeEm8/
 pZ1q6b+NU2ILjfzz8zJ8M+gKahzm7ZcmS+nGBGzAH9uonxhGlNfAjROGE
X-Google-Smtp-Source: AGHT+IG6YzRAd1TajYGHffpqNfUD2p6K9SIB6c4GFnX72jhykwLRBzql89Cn5VqkGSSQ7BcLbFNvX+2AhyXP
X-Received: by 2002:a5d:8550:0:b0:7d3:3e0d:69e2 with SMTP id
 b16-20020a5d8550000000b007d33e0d69e2mr487550ios.7.1712261293821; 
 Thu, 04 Apr 2024 13:08:13 -0700 (PDT)
Received: from postal.iol.unh.edu (postal.iol.unh.edu.
 [2606:4100:3880:1234::84]) by smtp-relay.gmail.com with ESMTPS id
 b7-20020a05660214c700b007d07b990043sm12251iow.22.2024.04.04.13.08.13
 (version=TLS1_2 cipher=ECDHE-ECDSA-AES128-GCM-SHA256 bits=128/128);
 Thu, 04 Apr 2024 13:08:13 -0700 (PDT)
X-Relaying-Domain: iol.unh.edu
Date: Thu, 04 Apr 2024 13:08:13 -0700 (PDT)
Message-ID: <660f08ad.050a0220.1cc53.0ba1SMTPIN_ADDED_MISSING@mx.google.com>
Received: from [172.21.0.6] (unknown [172.18.0.240])
 by postal.iol.unh.edu (Postfix) with ESMTP id 4FA956052471;
 Thu,  4 Apr 2024 16:08:13 -0400 (EDT)
Subject: |FAILURE| pw139104-139106 [PATCH] [4/4] dispatcher: use alloca inste
From: dpdklab@iol.unh.edu
To: Test Report <test-report@dpdk.org>
Cc: dpdk-test-reports@iol.unh.edu,
 Tyler Retzlaff <roretzla@linux.microsoft.com>
In-Reply-To: <1712250913-1977-5-git-send-email-roretzla@linux.microsoft.com>
References: <1712250913-1977-5-git-send-email-roretzla@linux.microsoft.com>
Content-Type: text/plain
X-BeenThere: test-report@dpdk.org
X-Mailman-Version: 2.1.29
Precedence: list
List-Id: automatic DPDK test reports <test-report.dpdk.org>
List-Unsubscribe: <https://mails.dpdk.org/options/test-report>,
 <mailto:test-report-request@dpdk.org?subject=unsubscribe>
List-Archive: <http://mails.dpdk.org/archives/test-report/>
List-Post: <mailto:test-report@dpdk.org>
List-Help: <mailto:test-report-request@dpdk.org?subject=help>
List-Subscribe: <https://mails.dpdk.org/listinfo/test-report>,
 <mailto:test-report-request@dpdk.org?subject=subscribe>
Errors-To: test-report-bounces@dpdk.org

Test-Label: iol-compile-arm64-testing
Test-Status: FAILURE
http://dpdk.org/patch/139106

_Testing issues_

Submitter: Tyler Retzlaff <roretzla@linux.microsoft.com>
Date: Thursday, April 04 2024 17:15:13 
DPDK git baseline: Repo:dpdk
  Branch: master
  CommitID:deedfb86a7a6e10064d3cccd593f62072de96e36

139104-139106 --> testing fail

Test environment and result as below:

+--------------------------------------+--------------------+
|             Environment              | dpdk_meson_compile |
+======================================+====================+
| Debian 12 with MUSDK                 | FAIL               |
+--------------------------------------+--------------------+
| Fedora 37 (ARM)                      | FAIL               |
+--------------------------------------+--------------------+
| Ubuntu 20.04 (ARM)                   | FAIL               |
+--------------------------------------+--------------------+
| Fedora 38 (ARM)                      | FAIL               |
+--------------------------------------+--------------------+
| Fedora 38 (ARM Clang)                | FAIL               |
+--------------------------------------+--------------------+
| Fedora 39 (ARM)                      | FAIL               |
+--------------------------------------+--------------------+
| CentOS Stream 9 (ARM)                | FAIL               |
+--------------------------------------+--------------------+
| Debian 11 (Buster) (ARM)             | FAIL               |
+--------------------------------------+--------------------+
| Fedora 39 (ARM Clang)                | FAIL               |
+--------------------------------------+--------------------+
| Debian 12 (arm)                      | FAIL               |
+--------------------------------------+--------------------+
| Ubuntu 20.04 ARM GCC Cross Compile   | FAIL               |
+--------------------------------------+--------------------+
| Ubuntu 20.04 ARM Clang Cross Compile | FAIL               |
+--------------------------------------+--------------------+
| Ubuntu 20.04 ARM SVE                 | FAIL               |
+--------------------------------------+--------------------+

==== 20 line log output for Ubuntu 20.04 ARM SVE (dpdk_meson_compile): ====
[167/369] Compiling C object 'lib/76b5a35@@rte_cmdline@sta/cmdline_cmdline_vt100.c.o'.
[168/369] Compiling C object 'lib/76b5a35@@rte_cmdline@sta/cmdline_cmdline_os_unix.c.o'.
[169/369] Linking static target lib/librte_cmdline.a.
[170/369] Generating cmdline.sym_chk with a meson_exe.py custom command.
[171/369] Compiling C object 'lib/76b5a35@@rte_hash@sta/hash_rte_cuckoo_hash.c.o'.
[172/369] Compiling C object 'lib/76b5a35@@rte_hash@sta/hash_rte_hash_crc.c.o'.
[173/369] Compiling C object 'lib/76b5a35@@rte_hash@sta/hash_rte_fbk_hash.c.o'.
[174/369] Linking target lib/librte_cmdline.so.24.1.
[175/369] Generating symbol file 'lib/76b5a35@@rte_cmdline@sha/librte_cmdline.so.24.1.symbols'.
[176/369] Compiling C object 'lib/76b5a35@@rte_hash@sta/hash_rte_thash.c.o'.
FAILED: lib/76b5a35@@rte_hash@sta/hash_rte_thash.c.o
gcc-10 -Ilib/76b5a35@@rte_hash@sta -Ilib -I../lib -Ilib/hash -I../lib/hash -I. -I../ -Iconfig -I../config -Ilib/eal/include -I../lib/eal/include -Ilib/eal/linux/include -I../lib/eal/linux/include -Ilib/eal/arm/include -I../lib/eal/arm/include -Ilib/eal/common -I../lib/eal/common -Ilib/eal -I../lib/eal -Ilib/kvargs -I../lib/kvargs -Ilib/log -I../lib/log -I../lib/telemetry/../metrics -Ilib/telemetry -I../lib/telemetry -Ilib/net -I../lib/net -Ilib/mbuf -I../lib/mbuf -Ilib/mempool -I../lib/mempool -Ilib/ring -I../lib/ring -Ilib/rcu -I../lib/rcu -fdiagnostics-color=always -pipe -D_FILE_OFFSET_BITS=64 -Wall -Winvalid-pch -Wextra -Werror -std=c11 -O3 -include rte_config.h -Wcast-qual -Wdeprecated -Wformat -Wformat-nonliteral -Wformat-security -Wmissing-declarations -Wmissing-prototypes -Wnested-externs -Wold-style-definition -Wpointer-arith -Wsign-compare -Wstrict-prototypes -Wundef -Wwrite-strings -Wno-address-of-packed-member -Wno-packed-not-aligned -Wno-missing-field-initializers -Wno-ze
 ro-length-bounds -D_GNU_SOURCE -fPIC -march=armv8.2-a+crypto+sve -DALLOW_EXPERIMENTAL_API -DALLOW_INTERNAL_API -Wno-format-truncation -DRTE_LOG_DEFAULT_LOGTYPE=lib.hash -MD -MQ 'lib/76b5a35@@rte_hash@sta/hash_rte_thash.c.o' -MF 'lib/76b5a35@@rte_hash@sta/hash_rte_thash.c.o.d' -o 'lib/76b5a35@@rte_hash@sta/hash_rte_thash.c.o' -c ../lib/hash/rte_thash.c
../lib/hash/rte_thash.c: In function 'rte_thash_adjust_tuple':
../lib/hash/rte_thash.c:773:24: error: implicit declaration of function 'alloca' [-Werror=implicit-function-declaration]
773 |  uint32_t *tmp_tuple = alloca(tuple_len);
|                        ^~~~~~
../lib/hash/rte_thash.c:773:24: error: nested extern declaration of 'alloca' [-Werror=nested-externs]
../lib/hash/rte_thash.c:773:24: error: initialization of 'uint32_t *' {aka 'unsigned int *'} from 'int' makes pointer from integer without a cast [-Werror=int-conversion]
cc1: all warnings being treated as errors
ninja: build stopped: subcommand failed.
==== End log output ====

Debian 12 with MUSDK
	Kernel: Container Host Kernel
	Compiler: gcc 12.2.0

Fedora 37 (ARM)
	Kernel: Depends on container host
	Compiler: gcc 12.3.1

Ubuntu 20.04 (ARM)
	Kernel: Container Host Kernel
	Compiler: gcc 9.4.0

Fedora 38 (ARM)
	Kernel: Depends on container host
	Compiler: gcc 13.2.1

Fedora 38 (ARM Clang)
	Kernel: Depends on container host
	Compiler: clang 16.0.6

Fedora 39 (ARM)
	Kernel: Depends on container host
	Compiler: gcc 13.2.1

CentOS Stream 9 (ARM)
	Kernel: Container Host Kernel
	Compiler: gcc 11.4.1

Debian 11 (Buster) (ARM)
	Kernel: Container Host Kernel
	Compiler: gcc 10.2.1

Fedora 39 (ARM Clang)
	Kernel: Depends on container host
	Compiler: clang 17.0.6

Debian 12 (arm)
	Kernel: Container Host Kernel
	Compiler: gcc 12.2.0

Ubuntu 20.04 ARM GCC Cross Compile
	Kernel: 5.4.0-167-generic
	Compiler: aarch64-linux-gnu-gcc (Ubuntu 9.4.0-1ubuntu1~20.04.2) 9.4.0

Ubuntu 20.04 ARM Clang Cross Compile
	Kernel: 5.4.0-72-generic
	Compiler: clang 10.0.0-4ubuntu1

Ubuntu 20.04 ARM SVE
	Kernel: 5.4.0-167-generic
	Compiler: gcc (Ubuntu 10.5.0-1ubuntu1~20.04) 10.5.0

To view detailed results, visit:
https://lab.dpdk.org/results/dashboard/patchsets/29716/

UNH-IOL DPDK Community Lab

To manage your email subscriptions, visit: 
https://lab.dpdk.org/results/dashboard/preferences/subscriptions/