From mboxrd@z Thu Jan  1 00:00:00 1970
Return-Path: <test-report-bounces@dpdk.org>
Received: from mails.dpdk.org (mails.dpdk.org [217.70.189.124])
	by inbox.dpdk.org (Postfix) with ESMTP id 78BAD43E02
	for <public@inbox.dpdk.org>; Thu,  4 Apr 2024 22:36:18 +0200 (CEST)
Received: from mails.dpdk.org (localhost [127.0.0.1])
	by mails.dpdk.org (Postfix) with ESMTP id 74DDA402BF;
	Thu,  4 Apr 2024 22:36:18 +0200 (CEST)
Received: from mail-pf1-f226.google.com (mail-pf1-f226.google.com
 [209.85.210.226])
 by mails.dpdk.org (Postfix) with ESMTP id CD51A402BC
 for <test-report@dpdk.org>; Thu,  4 Apr 2024 22:36:16 +0200 (CEST)
Received: by mail-pf1-f226.google.com with SMTP id
 d2e1a72fcca58-6e782e955adso1332828b3a.3
 for <test-report@dpdk.org>; Thu, 04 Apr 2024 13:36:16 -0700 (PDT)
DKIM-Signature: v=1; a=rsa-sha256; c=relaxed/relaxed;
 d=iol.unh.edu; s=unh-iol; t=1712262976; x=1712867776; darn=dpdk.org;
 h=references:in-reply-to:cc:to:from:subject:message-id:date:from:to
 :cc:subject:date:message-id:reply-to;
 bh=Dc8YRh3s2CuSbupndX35i833E2PMcjOzjLqjSDSLftA=;
 b=XBn3rEa9LBOPITt9XNHfePWj797tt0czxz06hEIWk415KBLrI+xOLtHPoyWUOU3YtY
 HgOEBdLxTBHBkVWbWJJXB6f/jybaXwp8bl3PtnLeTTH/UGgNclFYInXH6HsgQOio2geG
 88Q35eSIfLcxwkzJHWl5ynPFgk7rwpi/Bl5jE=
X-Google-DKIM-Signature: v=1; a=rsa-sha256; c=relaxed/relaxed;
 d=1e100.net; s=20230601; t=1712262976; x=1712867776;
 h=references:in-reply-to:cc:to:from:subject:message-id:date
 :x-gm-message-state:from:to:cc:subject:date:message-id:reply-to;
 bh=Dc8YRh3s2CuSbupndX35i833E2PMcjOzjLqjSDSLftA=;
 b=nfUd0PxcAEu0NRhty6Qh9qUGlwQ0Sm5uR8GgiYAGYbQwTP9um0vF15qtlpZsMnzHTi
 ODFdO03HlxmqPYv3vtj0deTeVTYFK1Xb39ntUu35mAnZ+D1mHjvRiIrjIO0/0NO6pKdn
 XUs9CWEA6YVGUvuQ8a7wGrf2CVkF+2SVjerpI5nV8VS0R2IrGqAKWaeNQza5nZ9xvnDf
 ArwvfIDewwhXNif2HBswRp5CW/jceyNQ1A1yI/+D2Ums6GLr9oqfgISzsFPLwdblpu8/
 HC3HWGH+Ndq1LFsLFk9aiCAn5s3ELuDkwZ/eDHzk06fAFm1d+uc+XcQJ7Z5DeS43fUS5
 K88Q==
X-Gm-Message-State: AOJu0Ywu2XR3r68rWaWL7sEltpQBJmdiopIwqzN6LIoFeZTDGLl1uSdu
 S0011vNX4ueyv9R3jhV+ahuEae5NSkdH9qltVsFNFDBtvqJGDos8o3y+BJ28/F9yc3WgpViYoze
 xc5pOi2h8YCx8z/xwqOehawKXFqU5E7Gqjm4MV2dc
X-Google-Smtp-Source: AGHT+IGSbIAIkhMngcglHTHi0Cs7iaITaUcyMrM70Bzz1RntrBrtPwuDiMB15VpQoynlEu8b8bXFnKxglfnd
X-Received: by 2002:a05:6a00:99d:b0:6ec:f597:f604 with SMTP id
 u29-20020a056a00099d00b006ecf597f604mr2259808pfg.18.1712262976099; 
 Thu, 04 Apr 2024 13:36:16 -0700 (PDT)
Received: from postal.iol.unh.edu (postal.iol.unh.edu. [132.177.123.84])
 by smtp-relay.gmail.com with ESMTPS id
 a20-20020a056a000c9400b006eaf4228af3sm7881pfv.6.2024.04.04.13.36.15
 (version=TLS1_2 cipher=ECDHE-ECDSA-AES128-GCM-SHA256 bits=128/128);
 Thu, 04 Apr 2024 13:36:16 -0700 (PDT)
X-Relaying-Domain: iol.unh.edu
Date: Thu, 04 Apr 2024 13:36:16 -0700 (PDT)
Message-ID: <660f0f40.050a0220.37490.0671SMTPIN_ADDED_MISSING@mx.google.com>
Received: from [172.17.0.7] (unknown [172.18.0.217])
 by postal.iol.unh.edu (Postfix) with ESMTP id 419E46052471;
 Thu,  4 Apr 2024 16:36:15 -0400 (EDT)
Subject: |FAILURE| pw139104-139106 [PATCH] [4/4] dispatcher: use alloca inste
From: dpdklab@iol.unh.edu
To: Test Report <test-report@dpdk.org>
Cc: dpdk-test-reports@iol.unh.edu,
 Tyler Retzlaff <roretzla@linux.microsoft.com>
In-Reply-To: <1712250913-1977-5-git-send-email-roretzla@linux.microsoft.com>
References: <1712250913-1977-5-git-send-email-roretzla@linux.microsoft.com>
Content-Type: text/plain
X-BeenThere: test-report@dpdk.org
X-Mailman-Version: 2.1.29
Precedence: list
List-Id: automatic DPDK test reports <test-report.dpdk.org>
List-Unsubscribe: <https://mails.dpdk.org/options/test-report>,
 <mailto:test-report-request@dpdk.org?subject=unsubscribe>
List-Archive: <http://mails.dpdk.org/archives/test-report/>
List-Post: <mailto:test-report@dpdk.org>
List-Help: <mailto:test-report-request@dpdk.org?subject=help>
List-Subscribe: <https://mails.dpdk.org/listinfo/test-report>,
 <mailto:test-report-request@dpdk.org?subject=subscribe>
Errors-To: test-report-bounces@dpdk.org

Test-Label: iol-unit-arm64-testing
Test-Status: FAILURE
http://dpdk.org/patch/139106

_Testing issues_

Submitter: Tyler Retzlaff <roretzla@linux.microsoft.com>
Date: Thursday, April 04 2024 17:15:13 
DPDK git baseline: Repo:dpdk
  Branch: master
  CommitID:deedfb86a7a6e10064d3cccd593f62072de96e36

139104-139106 --> testing fail

Test environment and result as below:

+-----------------------------+----------------+---------------------------+------------------------------+--------------+
|         Environment         | dpdk_unit_test | cryptodev_sw_zuc_autotest | cryptodev_sw_snow3g_autotest | lpm_autotest |
+=============================+================+===========================+==============================+==============+
| 32-bit Ubuntu 20.04.4 (ARM) | FAIL           | SKIPPED                   | SKIPPED                      | SKIPPED      |
+-----------------------------+----------------+---------------------------+------------------------------+--------------+
| CentOS Stream 9 (ARM)       | FAIL           | SKIPPED                   | SKIPPED                      | SKIPPED      |
+-----------------------------+----------------+---------------------------+------------------------------+--------------+
| Debian 11 (Buster) (ARM)    | FAIL           | SKIPPED                   | SKIPPED                      | SKIPPED      |
+-----------------------------+----------------+---------------------------+------------------------------+--------------+
| Debian 12 (arm)             | FAIL           | FAIL                      | FAIL                         | SKIPPED      |
+-----------------------------+----------------+---------------------------+------------------------------+--------------+
| Fedora 37 (ARM)             | FAIL           | SKIPPED                   | SKIPPED                      | SKIPPED      |
+-----------------------------+----------------+---------------------------+------------------------------+--------------+
| Fedora 38 (ARM)             | FAIL           | SKIPPED                   | SKIPPED                      | SKIPPED      |
+-----------------------------+----------------+---------------------------+------------------------------+--------------+
| Fedora 38 (ARM Clang)       | FAIL           | SKIPPED                   | SKIPPED                      | SKIPPED      |
+-----------------------------+----------------+---------------------------+------------------------------+--------------+
| Ubuntu 20.04 (ARM)          | FAIL           | SKIPPED                   | SKIPPED                      | SKIPPED      |
+-----------------------------+----------------+---------------------------+------------------------------+--------------+
| Fedora 39 (ARM)             | FAIL           | SKIPPED                   | SKIPPED                      | SKIPPED      |
+-----------------------------+----------------+---------------------------+------------------------------+--------------+
| Fedora 39 (ARM Clang)       | FAIL           | SKIPPED                   | SKIPPED                      | SKIPPED      |
+-----------------------------+----------------+---------------------------+------------------------------+--------------+
| Ubuntu 20.04 ARM SVE        | SKIPPED        | SKIPPED                   | SKIPPED                      | FAIL         |
+-----------------------------+----------------+---------------------------+------------------------------+--------------+

==== 20 line log output for Ubuntu 20.04 ARM SVE (lpm_autotest): ====
[161/367] Compiling C object 'lib/76b5a35@@rte_cmdline@sta/cmdline_cmdline_os_unix.c.o'.
[162/367] Compiling C object 'lib/76b5a35@@rte_cmdline@sta/cmdline_cmdline_vt100.c.o'.
[163/367] Compiling C object 'lib/76b5a35@@rte_hash@sta/hash_rte_hash_crc.c.o'.
[164/367] Compiling C object 'lib/76b5a35@@rte_cmdline@sta/cmdline_cmdline_rdline.c.o'.
[165/367] Linking static target lib/librte_cmdline.a.
[166/367] Compiling C object 'lib/76b5a35@@rte_hash@sta/hash_rte_fbk_hash.c.o'.
[167/367] Compiling C object 'lib/76b5a35@@rte_hash@sta/hash_rte_thash.c.o'.
FAILED: lib/76b5a35@@rte_hash@sta/hash_rte_thash.c.o
gcc-10 -Ilib/76b5a35@@rte_hash@sta -Ilib -I../lib -Ilib/hash -I../lib/hash -I. -I../ -Iconfig -I../config -Ilib/eal/include -I../lib/eal/include -Ilib/eal/linux/include -I../lib/eal/linux/include -Ilib/eal/arm/include -I../lib/eal/arm/include -Ilib/eal/common -I../lib/eal/common -Ilib/eal -I../lib/eal -Ilib/kvargs -I../lib/kvargs -Ilib/log -I../lib/log -I../lib/telemetry/../metrics -Ilib/telemetry -I../lib/telemetry -Ilib/net -I../lib/net -Ilib/mbuf -I../lib/mbuf -Ilib/mempool -I../lib/mempool -Ilib/ring -I../lib/ring -Ilib/rcu -I../lib/rcu -fdiagnostics-color=always -pipe -D_FILE_OFFSET_BITS=64 -Wall -Winvalid-pch -Wextra -Werror -std=c11 -O3 -include rte_config.h -Wcast-qual -Wdeprecated -Wformat -Wformat-nonliteral -Wformat-security -Wmissing-declarations -Wmissing-prototypes -Wnested-externs -Wold-style-definition -Wpointer-arith -Wsign-compare -Wstrict-prototypes -Wundef -Wwrite-strings -Wno-address-of-packed-member -Wno-packed-not-aligned -Wno-missing-field-initializers -Wno-ze
 ro-length-bounds -D_GNU_SOURCE -fPIC -march=armv8.2-a+crypto+sve -DALLOW_EXPERIMENTAL_API -DALLOW_INTERNAL_API -Wno-format-truncation -DRTE_LOG_DEFAULT_LOGTYPE=lib.hash -MD -MQ 'lib/76b5a35@@rte_hash@sta/hash_rte_thash.c.o' -MF 'lib/76b5a35@@rte_hash@sta/hash_rte_thash.c.o.d' -o 'lib/76b5a35@@rte_hash@sta/hash_rte_thash.c.o' -c ../lib/hash/rte_thash.c
../lib/hash/rte_thash.c: In function 'rte_thash_adjust_tuple':
../lib/hash/rte_thash.c:773:24: error: implicit declaration of function 'alloca' [-Werror=implicit-function-declaration]
773 |  uint32_t *tmp_tuple = alloca(tuple_len);
|                        ^~~~~~
../lib/hash/rte_thash.c:773:24: error: nested extern declaration of 'alloca' [-Werror=nested-externs]
../lib/hash/rte_thash.c:773:24: error: initialization of 'uint32_t *' {aka 'unsigned int *'} from 'int' makes pointer from integer without a cast [-Werror=int-conversion]
cc1: all warnings being treated as errors
[168/367] Generating cmdline.sym_chk with a meson_exe.py custom command.
[169/367] Compiling C object 'lib/76b5a35@@rte_hash@sta/hash_rte_cuckoo_hash.c.o'.
[170/367] Compiling C object 'lib/76b5a35@@rte_ethdev@sta/ethdev_rte_ethdev.c.o'.
ninja: build stopped: subcommand failed.
==== End log output ====

32-bit Ubuntu 20.04.4 (ARM)
	Kernel: 5.4.0-155-generic aarch64
	Compiler: gcc 9.4

CentOS Stream 9 (ARM)
	Kernel: Container Host Kernel
	Compiler: gcc 11.4.1

Debian 11 (Buster) (ARM)
	Kernel: Container Host Kernel
	Compiler: gcc 10.2.1

Debian 12 (arm)
	Kernel: Container Host Kernel
	Compiler: gcc 12.2.0

Fedora 37 (ARM)
	Kernel: Depends on container host
	Compiler: gcc 12.3.1

Fedora 38 (ARM)
	Kernel: Depends on container host
	Compiler: gcc 13.2.1

Fedora 38 (ARM Clang)
	Kernel: Depends on container host
	Compiler: clang 16.0.6

Ubuntu 20.04 (ARM)
	Kernel: Container Host Kernel
	Compiler: gcc 9.4.0

Fedora 39 (ARM)
	Kernel: Depends on container host
	Compiler: gcc 13.2.1

Fedora 39 (ARM Clang)
	Kernel: Depends on container host
	Compiler: clang 17.0.6

Ubuntu 20.04 ARM SVE
	Kernel: 5.4.0-167-generic
	Compiler: gcc (Ubuntu 10.5.0-1ubuntu1~20.04) 10.5.0

To view detailed results, visit:
https://lab.dpdk.org/results/dashboard/patchsets/29716/

UNH-IOL DPDK Community Lab

To manage your email subscriptions, visit: 
https://lab.dpdk.org/results/dashboard/preferences/subscriptions/