From mboxrd@z Thu Jan  1 00:00:00 1970
Return-Path: <test-report-bounces@dpdk.org>
Received: from mails.dpdk.org (mails.dpdk.org [217.70.189.124])
	by inbox.dpdk.org (Postfix) with ESMTP id D03EE43E02
	for <public@inbox.dpdk.org>; Thu,  4 Apr 2024 22:37:29 +0200 (CEST)
Received: from mails.dpdk.org (localhost [127.0.0.1])
	by mails.dpdk.org (Postfix) with ESMTP id C8D3F4064A;
	Thu,  4 Apr 2024 22:37:29 +0200 (CEST)
Received: from mail-qv1-f99.google.com (mail-qv1-f99.google.com
 [209.85.219.99]) by mails.dpdk.org (Postfix) with ESMTP id A17B4402BC
 for <test-report@dpdk.org>; Thu,  4 Apr 2024 22:37:28 +0200 (CEST)
Received: by mail-qv1-f99.google.com with SMTP id
 6a1803df08f44-69938e2b71dso3675036d6.0
 for <test-report@dpdk.org>; Thu, 04 Apr 2024 13:37:28 -0700 (PDT)
DKIM-Signature: v=1; a=rsa-sha256; c=relaxed/relaxed;
 d=iol.unh.edu; s=unh-iol; t=1712263048; x=1712867848; darn=dpdk.org;
 h=references:in-reply-to:cc:to:from:subject:message-id:date:from:to
 :cc:subject:date:message-id:reply-to;
 bh=Dc8YRh3s2CuSbupndX35i833E2PMcjOzjLqjSDSLftA=;
 b=G+bYNTk6bO/9k/csCvhne8usakaS7lrPn/iBt+hhHFjDtPKALBW1bSIJxWJjRQO2xe
 WYUWxG3QW6LjsUx+F2Cio+j+WW1hKKfH4YHwZ9zAsqXOWK2Sik1FVYkmO60A6hZbHFJy
 +km8V31CNM4FSjEsbOP4XrTHbSwjFl4FUL0i0=
X-Google-DKIM-Signature: v=1; a=rsa-sha256; c=relaxed/relaxed;
 d=1e100.net; s=20230601; t=1712263048; x=1712867848;
 h=references:in-reply-to:cc:to:from:subject:message-id:date
 :x-gm-message-state:from:to:cc:subject:date:message-id:reply-to;
 bh=Dc8YRh3s2CuSbupndX35i833E2PMcjOzjLqjSDSLftA=;
 b=VvSu+tbExXpxrmOpzrnlLBFnWnRb+pYb2EzgkkuErUjiKYuMrcKzGp/a75b6RRg0MF
 J8VZQaDT5qk1zTGwLFTMD8i15xod+QVD5olblICOdLmmo7OGxPZTQjIjfU17lO10TR2L
 FX5FGRfsMz+lMdvq1X6fwTdANP+ZYlrzj47jzE75BE8/a32Q7z6HIOFTOohwA1eC70yb
 s+9V56nFPZGKm7hN70cYgZDadjC7jtzjrIFvxEjTjZg9MFOK4/Xt43P+C9rvXKFInzO0
 G9TXTLyKMyBcmh8ZeeerxsGJ7JM0myFqL+CgL24c5FGcRbGQnSKTfdROUk7/nnN0V6ta
 NNMQ==
X-Gm-Message-State: AOJu0YwS53astouLImLoPwa2c+5RXdefzVYZY0gTPjcw8S2rYsV6FJ1N
 +qQQp83/YPtCimNh2njTtZGRExFGyyjNbKuSPj5NdAWuw12kbasaIDH6pJq5ve5fSeA3ASNhPXz
 8XFGRoqphtH60LqFS6iLEcrZEOkDZfMlKd/PD6T6ukAVT5kpA2DobIsKd
X-Google-Smtp-Source: AGHT+IH+BN1CgGYWt70WH1fdJhY9I0RPrHMX5qNVqhyHkFivl+KgTiyEXmSS6hj5RAdP8s3ORr1mqhZIy2XB
X-Received: by 2002:a05:6214:c8b:b0:698:fd40:dec9 with SMTP id
 r11-20020a0562140c8b00b00698fd40dec9mr3328999qvr.32.1712263048028; 
 Thu, 04 Apr 2024 13:37:28 -0700 (PDT)
Received: from postal.iol.unh.edu (postal.iol.unh.edu.
 [2606:4100:3880:1234::84]) by smtp-relay.gmail.com with ESMTPS id
 t7-20020ad45bc7000000b006914fe64c43sm8321qvt.25.2024.04.04.13.37.27
 (version=TLS1_2 cipher=ECDHE-ECDSA-AES128-GCM-SHA256 bits=128/128);
 Thu, 04 Apr 2024 13:37:28 -0700 (PDT)
X-Relaying-Domain: iol.unh.edu
Date: Thu, 04 Apr 2024 13:37:28 -0700 (PDT)
Message-ID: <660f0f88.d40a0220.f4599.08a5SMTPIN_ADDED_MISSING@mx.google.com>
Received: from [172.17.0.7] (unknown [172.18.0.217])
 by postal.iol.unh.edu (Postfix) with ESMTP id B64086052471;
 Thu,  4 Apr 2024 16:37:27 -0400 (EDT)
Subject: |FAILURE| pw139104-139106 [PATCH] [4/4] dispatcher: use alloca inste
From: dpdklab@iol.unh.edu
To: Test Report <test-report@dpdk.org>
Cc: dpdk-test-reports@iol.unh.edu,
 Tyler Retzlaff <roretzla@linux.microsoft.com>
In-Reply-To: <1712250913-1977-5-git-send-email-roretzla@linux.microsoft.com>
References: <1712250913-1977-5-git-send-email-roretzla@linux.microsoft.com>
Content-Type: text/plain
X-BeenThere: test-report@dpdk.org
X-Mailman-Version: 2.1.29
Precedence: list
List-Id: automatic DPDK test reports <test-report.dpdk.org>
List-Unsubscribe: <https://mails.dpdk.org/options/test-report>,
 <mailto:test-report-request@dpdk.org?subject=unsubscribe>
List-Archive: <http://mails.dpdk.org/archives/test-report/>
List-Post: <mailto:test-report@dpdk.org>
List-Help: <mailto:test-report-request@dpdk.org?subject=help>
List-Subscribe: <https://mails.dpdk.org/listinfo/test-report>,
 <mailto:test-report-request@dpdk.org?subject=subscribe>
Errors-To: test-report-bounces@dpdk.org

Test-Label: iol-unit-arm64-testing
Test-Status: FAILURE
http://dpdk.org/patch/139106

_Testing issues_

Submitter: Tyler Retzlaff <roretzla@linux.microsoft.com>
Date: Thursday, April 04 2024 17:15:13 
DPDK git baseline: Repo:dpdk
  Branch: master
  CommitID:deedfb86a7a6e10064d3cccd593f62072de96e36

139104-139106 --> testing fail

Test environment and result as below:

+-----------------------------+----------------+---------------------------+------------------------------+--------------+
|         Environment         | dpdk_unit_test | cryptodev_sw_zuc_autotest | cryptodev_sw_snow3g_autotest | lpm_autotest |
+=============================+================+===========================+==============================+==============+
| 32-bit Ubuntu 20.04.4 (ARM) | FAIL           | SKIPPED                   | SKIPPED                      | SKIPPED      |
+-----------------------------+----------------+---------------------------+------------------------------+--------------+
| CentOS Stream 9 (ARM)       | FAIL           | SKIPPED                   | SKIPPED                      | SKIPPED      |
+-----------------------------+----------------+---------------------------+------------------------------+--------------+
| Debian 11 (Buster) (ARM)    | FAIL           | SKIPPED                   | SKIPPED                      | SKIPPED      |
+-----------------------------+----------------+---------------------------+------------------------------+--------------+
| Debian 12 (arm)             | FAIL           | FAIL                      | FAIL                         | SKIPPED      |
+-----------------------------+----------------+---------------------------+------------------------------+--------------+
| Fedora 37 (ARM)             | FAIL           | SKIPPED                   | SKIPPED                      | SKIPPED      |
+-----------------------------+----------------+---------------------------+------------------------------+--------------+
| Fedora 38 (ARM)             | FAIL           | SKIPPED                   | SKIPPED                      | SKIPPED      |
+-----------------------------+----------------+---------------------------+------------------------------+--------------+
| Fedora 38 (ARM Clang)       | FAIL           | SKIPPED                   | SKIPPED                      | SKIPPED      |
+-----------------------------+----------------+---------------------------+------------------------------+--------------+
| Ubuntu 20.04 (ARM)          | FAIL           | SKIPPED                   | SKIPPED                      | SKIPPED      |
+-----------------------------+----------------+---------------------------+------------------------------+--------------+
| Fedora 39 (ARM)             | FAIL           | SKIPPED                   | SKIPPED                      | SKIPPED      |
+-----------------------------+----------------+---------------------------+------------------------------+--------------+
| Fedora 39 (ARM Clang)       | FAIL           | SKIPPED                   | SKIPPED                      | SKIPPED      |
+-----------------------------+----------------+---------------------------+------------------------------+--------------+
| Ubuntu 20.04 ARM SVE        | SKIPPED        | SKIPPED                   | SKIPPED                      | FAIL         |
+-----------------------------+----------------+---------------------------+------------------------------+--------------+

==== 20 line log output for Ubuntu 20.04 ARM SVE (lpm_autotest): ====
[161/367] Compiling C object 'lib/76b5a35@@rte_cmdline@sta/cmdline_cmdline_os_unix.c.o'.
[162/367] Compiling C object 'lib/76b5a35@@rte_cmdline@sta/cmdline_cmdline_vt100.c.o'.
[163/367] Compiling C object 'lib/76b5a35@@rte_hash@sta/hash_rte_hash_crc.c.o'.
[164/367] Compiling C object 'lib/76b5a35@@rte_cmdline@sta/cmdline_cmdline_rdline.c.o'.
[165/367] Linking static target lib/librte_cmdline.a.
[166/367] Compiling C object 'lib/76b5a35@@rte_hash@sta/hash_rte_fbk_hash.c.o'.
[167/367] Compiling C object 'lib/76b5a35@@rte_hash@sta/hash_rte_thash.c.o'.
FAILED: lib/76b5a35@@rte_hash@sta/hash_rte_thash.c.o
gcc-10 -Ilib/76b5a35@@rte_hash@sta -Ilib -I../lib -Ilib/hash -I../lib/hash -I. -I../ -Iconfig -I../config -Ilib/eal/include -I../lib/eal/include -Ilib/eal/linux/include -I../lib/eal/linux/include -Ilib/eal/arm/include -I../lib/eal/arm/include -Ilib/eal/common -I../lib/eal/common -Ilib/eal -I../lib/eal -Ilib/kvargs -I../lib/kvargs -Ilib/log -I../lib/log -I../lib/telemetry/../metrics -Ilib/telemetry -I../lib/telemetry -Ilib/net -I../lib/net -Ilib/mbuf -I../lib/mbuf -Ilib/mempool -I../lib/mempool -Ilib/ring -I../lib/ring -Ilib/rcu -I../lib/rcu -fdiagnostics-color=always -pipe -D_FILE_OFFSET_BITS=64 -Wall -Winvalid-pch -Wextra -Werror -std=c11 -O3 -include rte_config.h -Wcast-qual -Wdeprecated -Wformat -Wformat-nonliteral -Wformat-security -Wmissing-declarations -Wmissing-prototypes -Wnested-externs -Wold-style-definition -Wpointer-arith -Wsign-compare -Wstrict-prototypes -Wundef -Wwrite-strings -Wno-address-of-packed-member -Wno-packed-not-aligned -Wno-missing-field-initializers -Wno-ze
 ro-length-bounds -D_GNU_SOURCE -fPIC -march=armv8.2-a+crypto+sve -DALLOW_EXPERIMENTAL_API -DALLOW_INTERNAL_API -Wno-format-truncation -DRTE_LOG_DEFAULT_LOGTYPE=lib.hash -MD -MQ 'lib/76b5a35@@rte_hash@sta/hash_rte_thash.c.o' -MF 'lib/76b5a35@@rte_hash@sta/hash_rte_thash.c.o.d' -o 'lib/76b5a35@@rte_hash@sta/hash_rte_thash.c.o' -c ../lib/hash/rte_thash.c
../lib/hash/rte_thash.c: In function 'rte_thash_adjust_tuple':
../lib/hash/rte_thash.c:773:24: error: implicit declaration of function 'alloca' [-Werror=implicit-function-declaration]
773 |  uint32_t *tmp_tuple = alloca(tuple_len);
|                        ^~~~~~
../lib/hash/rte_thash.c:773:24: error: nested extern declaration of 'alloca' [-Werror=nested-externs]
../lib/hash/rte_thash.c:773:24: error: initialization of 'uint32_t *' {aka 'unsigned int *'} from 'int' makes pointer from integer without a cast [-Werror=int-conversion]
cc1: all warnings being treated as errors
[168/367] Generating cmdline.sym_chk with a meson_exe.py custom command.
[169/367] Compiling C object 'lib/76b5a35@@rte_hash@sta/hash_rte_cuckoo_hash.c.o'.
[170/367] Compiling C object 'lib/76b5a35@@rte_ethdev@sta/ethdev_rte_ethdev.c.o'.
ninja: build stopped: subcommand failed.
==== End log output ====

32-bit Ubuntu 20.04.4 (ARM)
	Kernel: 5.4.0-155-generic aarch64
	Compiler: gcc 9.4

CentOS Stream 9 (ARM)
	Kernel: Container Host Kernel
	Compiler: gcc 11.4.1

Debian 11 (Buster) (ARM)
	Kernel: Container Host Kernel
	Compiler: gcc 10.2.1

Debian 12 (arm)
	Kernel: Container Host Kernel
	Compiler: gcc 12.2.0

Fedora 37 (ARM)
	Kernel: Depends on container host
	Compiler: gcc 12.3.1

Fedora 38 (ARM)
	Kernel: Depends on container host
	Compiler: gcc 13.2.1

Fedora 38 (ARM Clang)
	Kernel: Depends on container host
	Compiler: clang 16.0.6

Ubuntu 20.04 (ARM)
	Kernel: Container Host Kernel
	Compiler: gcc 9.4.0

Fedora 39 (ARM)
	Kernel: Depends on container host
	Compiler: gcc 13.2.1

Fedora 39 (ARM Clang)
	Kernel: Depends on container host
	Compiler: clang 17.0.6

Ubuntu 20.04 ARM SVE
	Kernel: 5.4.0-167-generic
	Compiler: gcc (Ubuntu 10.5.0-1ubuntu1~20.04) 10.5.0

To view detailed results, visit:
https://lab.dpdk.org/results/dashboard/patchsets/29716/

UNH-IOL DPDK Community Lab

To manage your email subscriptions, visit: 
https://lab.dpdk.org/results/dashboard/preferences/subscriptions/