From mboxrd@z Thu Jan  1 00:00:00 1970
Return-Path: <test-report-bounces@dpdk.org>
Received: from mails.dpdk.org (mails.dpdk.org [217.70.189.124])
	by inbox.dpdk.org (Postfix) with ESMTP id 04B9343E03
	for <public@inbox.dpdk.org>; Fri,  5 Apr 2024 00:09:24 +0200 (CEST)
Received: from mails.dpdk.org (localhost [127.0.0.1])
	by mails.dpdk.org (Postfix) with ESMTP id 00758402C0;
	Fri,  5 Apr 2024 00:09:24 +0200 (CEST)
Received: from mail-pj1-f98.google.com (mail-pj1-f98.google.com
 [209.85.216.98]) by mails.dpdk.org (Postfix) with ESMTP id 4CA3740284
 for <test-report@dpdk.org>; Fri,  5 Apr 2024 00:09:22 +0200 (CEST)
Received: by mail-pj1-f98.google.com with SMTP id
 98e67ed59e1d1-29c14800a7fso1108707a91.2
 for <test-report@dpdk.org>; Thu, 04 Apr 2024 15:09:22 -0700 (PDT)
DKIM-Signature: v=1; a=rsa-sha256; c=relaxed/relaxed;
 d=iol.unh.edu; s=unh-iol; t=1712268561; x=1712873361; darn=dpdk.org;
 h=references:in-reply-to:cc:to:from:subject:message-id:date:from:to
 :cc:subject:date:message-id:reply-to;
 bh=6BwRGcNMscxM7wCfJzES7pDodgPOhxEMESslU5x1TSI=;
 b=dPjTL9eVWOJPVQ5lleY1iEcMC6NsVYTaD+DI3bbvmCj0Jmi7o+XlRdg0CHXf68Z5rH
 938dp9o/+/XFbW4Af7ZdjoyXCvQDtzTrWZtLmRH9rTjJCEYG42MXP14RmxX2GdJu0egY
 I+54036IiokiQxKA1AiPVmJaM921bNAzh/9bI=
X-Google-DKIM-Signature: v=1; a=rsa-sha256; c=relaxed/relaxed;
 d=1e100.net; s=20230601; t=1712268561; x=1712873361;
 h=references:in-reply-to:cc:to:from:subject:message-id:date
 :x-gm-message-state:from:to:cc:subject:date:message-id:reply-to;
 bh=6BwRGcNMscxM7wCfJzES7pDodgPOhxEMESslU5x1TSI=;
 b=qSimLtCUx0qi7buJShVGgqp1koF+HOXUA1Bt8PGfbsIVv6bLXEZ2vjU2ahng06BZZ2
 Jyt2GeLpkH/5TPhOvukx7hc2xMK3rgTg6Id5DOy3IKG7m4rhPa4Om/djd6CwiNiuNzJf
 QjwVSg3owHcxrDEZZh+QvosSsqVdhzZNsaDR2YMIVW5IKA0wmrKiNSRaj18Sp7RzVnmZ
 Uan1pOeyksj8zrc+qRS8W9mkJGzLV2Rnj6cZ3RgV9ovYwqGPa+ghEEdl3GVfnWWc86Nc
 PrN9sykV1fcJfmearsM+03BHVnV2t9q70gB/DAHGmOFSBgKLE1wzPd5gwK4KrVvh8vU/
 ZcQQ==
X-Gm-Message-State: AOJu0Yzgls3MvtPhmPezPAj6Oh2DMumWX8N3Oz2pxr6HQx9RkuqtLULF
 GO8Nvffqjb0SRMjmgzuaZ1jB+p16SDr9nX1tUb+UqKgIM10VOBVgcQc39N1MvC6S3eRp4tWInzv
 yv2qt88JwWBY2B03K5M0nftsHuOvEMV48dIXZtZ7k9TBHCVzh2uq7jc5F
X-Google-Smtp-Source: AGHT+IG8AE8tdETVu81EoMXt/oqDGUGpL5sir0KRMukTOOjL4n1a9pCua+siWEV7wJxW8zB2JwGPmEp3EKBo
X-Received: by 2002:a17:90b:3910:b0:2a2:53b:fcd8 with SMTP id
 ob16-20020a17090b391000b002a2053bfcd8mr943363pjb.13.1712268561496; 
 Thu, 04 Apr 2024 15:09:21 -0700 (PDT)
Received: from postal.iol.unh.edu (postal.iol.unh.edu.
 [2606:4100:3880:1234::84]) by smtp-relay.gmail.com with ESMTPS id
 gp12-20020a17090adf0c00b002a2d7a219dbsm113100pjb.7.2024.04.04.15.09.21
 (version=TLS1_2 cipher=ECDHE-ECDSA-AES128-GCM-SHA256 bits=128/128);
 Thu, 04 Apr 2024 15:09:21 -0700 (PDT)
X-Relaying-Domain: iol.unh.edu
Date: Thu, 04 Apr 2024 15:09:21 -0700 (PDT)
Message-ID: <660f2511.170a0220.5fcea.8874SMTPIN_ADDED_MISSING@mx.google.com>
Received: from [172.21.0.6] (unknown [172.18.0.240])
 by postal.iol.unh.edu (Postfix) with ESMTP id 9967E6052471;
 Thu,  4 Apr 2024 18:09:20 -0400 (EDT)
Subject: |WARNING| pw139111-139112 [PATCH] [v1,3/3] test/bbdev: update for qu
From: dpdklab@iol.unh.edu
To: Test Report <test-report@dpdk.org>
Cc: dpdk-test-reports@iol.unh.edu, Nicolas Chautru <nicolas.chautru@intel.com>
In-Reply-To: <20240404210447.1915517-4-nicolas.chautru@intel.com>
References: <20240404210447.1915517-4-nicolas.chautru@intel.com>
Content-Type: text/plain
X-BeenThere: test-report@dpdk.org
X-Mailman-Version: 2.1.29
Precedence: list
List-Id: automatic DPDK test reports <test-report.dpdk.org>
List-Unsubscribe: <https://mails.dpdk.org/options/test-report>,
 <mailto:test-report-request@dpdk.org?subject=unsubscribe>
List-Archive: <http://mails.dpdk.org/archives/test-report/>
List-Post: <mailto:test-report@dpdk.org>
List-Help: <mailto:test-report-request@dpdk.org?subject=help>
List-Subscribe: <https://mails.dpdk.org/listinfo/test-report>,
 <mailto:test-report-request@dpdk.org?subject=subscribe>
Errors-To: test-report-bounces@dpdk.org

Test-Label: iol-abi-testing
Test-Status: WARNING
http://dpdk.org/patch/139112

_Testing issues_

Submitter: Nicolas Chautru <nicolas.chautru@intel.com>
Date: Thursday, April 04 2024 21:04:47 
DPDK git baseline: Repo:dpdk
  Branch: master
  CommitID:98b4ecb4e4d73e93fdfa53f552b48d71104b445f

139111-139112 --> testing fail

Test environment and result as below:

+-----------------+----------+
|   Environment   | abi_test |
+=================+==========+
| Fedora 39       | FAIL     |
+-----------------+----------+
| Fedora 37       | FAIL     |
+-----------------+----------+
| Fedora 38       | FAIL     |
+-----------------+----------+
| Debian Bullseye | FAIL     |
+-----------------+----------+
| CentOS Stream 8 | FAIL     |
+-----------------+----------+
| Debian 12       | FAIL     |
+-----------------+----------+
| CentOS Stream 9 | FAIL     |
+-----------------+----------+

==== 20 line log output for CentOS Stream 9 (abi_test): ====
Variables changes summary: 0 Removed, 0 Changed, 0 Added (1 filtered out) variable

Functions changes summary: 0 Removed, 0 Changed (11 filtered out), 0 Added (1 filtered out) functions
Variables changes summary: 0 Removed, 0 Changed, 0 Added variable

Functions changes summary: 0 Removed, 0 Changed, 0 Added function
Variables changes summary: 0 Removed, 0 Changed, 0 Added (1 filtered out) variable

Functions changes summary: 0 Removed, 0 Changed, 0 Added function
Variables changes summary: 0 Removed, 0 Changed, 0 Added (1 filtered out) variable

Functions changes summary: 0 Removed, 0 Changed, 0 Added (1 filtered out) function
Variables changes summary: 0 Removed, 0 Changed, 0 Added variable

Functions changes summary: 0 Removed, 0 Changed (39 filtered out), 0 Added (6 filtered out) functions
Variables changes summary: 0 Removed, 0 Changed (2 filtered out), 0 Added (2 filtered out) variables

Functions changes summary: 0 Removed, 0 Changed, 0 Added (2 filtered out) functions
Variables changes summary: 0 Removed, 0 Changed, 0 Added variable

==== End log output ====

Fedora 39
	Kernel: Depends on container host
	Compiler: gcc 13.2.1

Fedora 37
	Kernel: Depends on container host system
	Compiler: gcc 12.3.1

Fedora 38
	Kernel: Depends on container host
	Compiler: clang 16.0.6

Debian Bullseye
	Kernel: 5.4.0-167-generic
	Compiler: gcc 10.2.1-6

CentOS Stream 8
	Kernel: 5.4.0-167-generic
	Compiler: gcc 8.5.0 20210514

Debian 12
	Kernel: Container Host Kernel
	Compiler: gcc 10.2.1

CentOS Stream 9
	Kernel: 5.4.0-167-generic
	Compiler: gcc 11.4.1 20230605

To view detailed results, visit:
https://lab.dpdk.org/results/dashboard/patchsets/29718/

UNH-IOL DPDK Community Lab

To manage your email subscriptions, visit: 
https://lab.dpdk.org/results/dashboard/preferences/subscriptions/