From mboxrd@z Thu Jan  1 00:00:00 1970
Return-Path: <test-report-bounces@dpdk.org>
Received: from mails.dpdk.org (mails.dpdk.org [217.70.189.124])
	by inbox.dpdk.org (Postfix) with ESMTP id DFBDE43E03
	for <public@inbox.dpdk.org>; Fri,  5 Apr 2024 00:11:55 +0200 (CEST)
Received: from mails.dpdk.org (localhost [127.0.0.1])
	by mails.dpdk.org (Postfix) with ESMTP id DC4994029C;
	Fri,  5 Apr 2024 00:11:55 +0200 (CEST)
Received: from mail-qt1-f226.google.com (mail-qt1-f226.google.com
 [209.85.160.226])
 by mails.dpdk.org (Postfix) with ESMTP id 46F6F40284
 for <test-report@dpdk.org>; Fri,  5 Apr 2024 00:11:54 +0200 (CEST)
Received: by mail-qt1-f226.google.com with SMTP id
 d75a77b69052e-432b72c706cso12084181cf.1
 for <test-report@dpdk.org>; Thu, 04 Apr 2024 15:11:54 -0700 (PDT)
DKIM-Signature: v=1; a=rsa-sha256; c=relaxed/relaxed;
 d=iol.unh.edu; s=unh-iol; t=1712268713; x=1712873513; darn=dpdk.org;
 h=references:in-reply-to:cc:to:from:subject:message-id:date:from:to
 :cc:subject:date:message-id:reply-to;
 bh=f+9uE6KkyXErRwBORlefalfpb/RJMegk2SXblTlblJQ=;
 b=CH+LFCfMbauf3GWu8+7q8ab7y2XoDglZ2BGrcmf6XD4rorNiTAnlOPNpET8epW8Ho+
 3/YFwc0o+ezLhw+eNOqv9QTHapNgzJgP1zcxszQq9Dc7/rshTHgS23kM/mBQCx7USRRc
 D4AL9yHq7qeNOPA+6GN07HpaZDfyaFhJMkI/0=
X-Google-DKIM-Signature: v=1; a=rsa-sha256; c=relaxed/relaxed;
 d=1e100.net; s=20230601; t=1712268713; x=1712873513;
 h=references:in-reply-to:cc:to:from:subject:message-id:date
 :x-gm-message-state:from:to:cc:subject:date:message-id:reply-to;
 bh=f+9uE6KkyXErRwBORlefalfpb/RJMegk2SXblTlblJQ=;
 b=PaipxLiPn/83Cel5zfWsEeUb7hzzChi19BfeXHNqV3+ez1QF2OLx6ff88zzXM3XeID
 fHsR3fxGm7p0YjFKb20VpNV643Ypw4wcyffmlSkmaK6ok4PFSjLoCYd40TB9+1em0UED
 2QLu8fXYUJ2vFvoiv5kPUG05VhEoTPImt/R23gQaOE7LMDFuW3rjL2ObEK/VOnx+tjEt
 6sOoAf1fCbBbcWMV0bDJG5cTsyCuIP8v3u9umbexzetObmhi0U+n77FyXccPTiDCflIO
 XhSWj/6q7M4FSUpqjA3FwkAUZryhSqZGl5xS5XLi89MxIM+JS34+t3yTBRc8Lr7y5gLd
 Sr0g==
X-Gm-Message-State: AOJu0YzLS7daS2OxCfKlOi2MAPAJDJKBt4k/t8Fbsxqv0AOKmiP0RTvB
 I5ihKIZK8vp7ygJtzrXcuquq8bOCX1JsUg5lDdNE7RZfU8gpyL1LYfG8JEo/8yolszkSsLKANsd
 iDeZ/6t67C1zwPtgIWS2xZF2DFwupMGdQYfd1tmho
X-Google-Smtp-Source: AGHT+IFWPyIWlAR0LHDYqHzXcPYPc86PAhMvjw7ihSlAhZXqkfL+uaEqgzZ0ELNl2pxs8xnOcYAVpqRudJVQ
X-Received: by 2002:a05:622a:1820:b0:431:5e0b:e5e1 with SMTP id
 t32-20020a05622a182000b004315e0be5e1mr1783947qtc.4.1712268713673; 
 Thu, 04 Apr 2024 15:11:53 -0700 (PDT)
Received: from postal.iol.unh.edu (postal.iol.unh.edu. [132.177.123.84])
 by smtp-relay.gmail.com with ESMTPS id
 x9-20020ac85f09000000b00430d276817csm13050qta.15.2024.04.04.15.11.53
 (version=TLS1_2 cipher=ECDHE-ECDSA-AES128-GCM-SHA256 bits=128/128);
 Thu, 04 Apr 2024 15:11:53 -0700 (PDT)
X-Relaying-Domain: iol.unh.edu
Date: Thu, 04 Apr 2024 15:11:53 -0700 (PDT)
Message-ID: <660f25a9.c80a0220.1d8b4.1030SMTPIN_ADDED_MISSING@mx.google.com>
Received: from [172.21.0.7] (unknown [172.18.0.240])
 by postal.iol.unh.edu (Postfix) with ESMTP id 606536052471;
 Thu,  4 Apr 2024 18:11:53 -0400 (EDT)
Subject: |WARNING| pw139111-139112 [PATCH] [v1,3/3] test/bbdev: update for qu
From: dpdklab@iol.unh.edu
To: Test Report <test-report@dpdk.org>
Cc: dpdk-test-reports@iol.unh.edu, Nicolas Chautru <nicolas.chautru@intel.com>
In-Reply-To: <20240404210447.1915517-4-nicolas.chautru@intel.com>
References: <20240404210447.1915517-4-nicolas.chautru@intel.com>
Content-Type: text/plain
X-BeenThere: test-report@dpdk.org
X-Mailman-Version: 2.1.29
Precedence: list
List-Id: automatic DPDK test reports <test-report.dpdk.org>
List-Unsubscribe: <https://mails.dpdk.org/options/test-report>,
 <mailto:test-report-request@dpdk.org?subject=unsubscribe>
List-Archive: <http://mails.dpdk.org/archives/test-report/>
List-Post: <mailto:test-report@dpdk.org>
List-Help: <mailto:test-report-request@dpdk.org?subject=help>
List-Subscribe: <https://mails.dpdk.org/listinfo/test-report>,
 <mailto:test-report-request@dpdk.org?subject=subscribe>
Errors-To: test-report-bounces@dpdk.org

Test-Label: iol-abi-testing
Test-Status: WARNING
http://dpdk.org/patch/139112

_Testing issues_

Submitter: Nicolas Chautru <nicolas.chautru@intel.com>
Date: Thursday, April 04 2024 21:04:47 
DPDK git baseline: Repo:dpdk
  Branch: master
  CommitID:98b4ecb4e4d73e93fdfa53f552b48d71104b445f

139111-139112 --> testing fail

Test environment and result as below:

+------------------+----------+
|   Environment    | abi_test |
+==================+==========+
| Fedora 39        | FAIL     |
+------------------+----------+
| Fedora 37        | FAIL     |
+------------------+----------+
| Fedora 38        | FAIL     |
+------------------+----------+
| Debian Bullseye  | FAIL     |
+------------------+----------+
| CentOS Stream 8  | FAIL     |
+------------------+----------+
| Debian 12        | FAIL     |
+------------------+----------+
| CentOS Stream 9  | FAIL     |
+------------------+----------+
| RHEL8            | FAIL     |
+------------------+----------+
| openSUSE Leap 15 | FAIL     |
+------------------+----------+

==== 20 line log output for openSUSE Leap 15 (abi_test): ====
Variables changes summary: 0 Removed, 0 Changed, 0 Added (1 filtered out) variable

Functions changes summary: 0 Removed (1 filtered out), 0 Changed (49 filtered out), 0 Added (10 filtered out) functions
Variables changes summary: 0 Removed, 0 Changed, 0 Added variable

Functions changes summary: 0 Removed, 0 Changed (11 filtered out), 0 Added (1 filtered out) functions
Variables changes summary: 0 Removed, 0 Changed, 0 Added variable

Functions changes summary: 0 Removed, 0 Changed, 0 Added function
Variables changes summary: 0 Removed, 0 Changed, 0 Added (1 filtered out) variable

Functions changes summary: 0 Removed, 0 Changed, 0 Added (1 filtered out) function
Variables changes summary: 0 Removed, 0 Changed, 0 Added variable

Functions changes summary: 0 Removed, 0 Changed (39 filtered out), 0 Added (6 filtered out) functions
Variables changes summary: 0 Removed, 0 Changed (2 filtered out), 0 Added (2 filtered out) variables

Functions changes summary: 0 Removed, 0 Changed, 0 Added (2 filtered out) functions
Variables changes summary: 0 Removed, 0 Changed, 0 Added variable

==== End log output ====

Fedora 39
	Kernel: Depends on container host
	Compiler: gcc 13.2.1

Fedora 37
	Kernel: Depends on container host system
	Compiler: gcc 12.3.1

Fedora 38
	Kernel: Depends on container host
	Compiler: clang 16.0.6

Debian Bullseye
	Kernel: 5.4.0-167-generic
	Compiler: gcc 10.2.1-6

CentOS Stream 8
	Kernel: 5.4.0-167-generic
	Compiler: gcc 8.5.0 20210514

Debian 12
	Kernel: Container Host Kernel
	Compiler: gcc 10.2.1

CentOS Stream 9
	Kernel: 5.4.0-167-generic
	Compiler: gcc 11.4.1 20230605

RHEL8
	Kernel: 5.4.0-167-generic
	Compiler: gcc 8.5.0 20210514 (Red Hat 8.5.0-20)

openSUSE Leap 15
	Kernel: 5.4.0-167-generic
	Compiler: gcc 7.5.0

To view detailed results, visit:
https://lab.dpdk.org/results/dashboard/patchsets/29718/

UNH-IOL DPDK Community Lab

To manage your email subscriptions, visit: 
https://lab.dpdk.org/results/dashboard/preferences/subscriptions/