From mboxrd@z Thu Jan  1 00:00:00 1970
Return-Path: <test-report-bounces@dpdk.org>
Received: from mails.dpdk.org (mails.dpdk.org [217.70.189.124])
	by inbox.dpdk.org (Postfix) with ESMTP id 2EF3943E03
	for <public@inbox.dpdk.org>; Fri,  5 Apr 2024 00:16:31 +0200 (CEST)
Received: from mails.dpdk.org (localhost [127.0.0.1])
	by mails.dpdk.org (Postfix) with ESMTP id 224E84029C;
	Fri,  5 Apr 2024 00:16:31 +0200 (CEST)
Received: from mail-pg1-f228.google.com (mail-pg1-f228.google.com
 [209.85.215.228])
 by mails.dpdk.org (Postfix) with ESMTP id F312E40284
 for <test-report@dpdk.org>; Fri,  5 Apr 2024 00:16:29 +0200 (CEST)
Received: by mail-pg1-f228.google.com with SMTP id
 41be03b00d2f7-5cdbc4334edso1093609a12.3
 for <test-report@dpdk.org>; Thu, 04 Apr 2024 15:16:29 -0700 (PDT)
DKIM-Signature: v=1; a=rsa-sha256; c=relaxed/relaxed;
 d=iol.unh.edu; s=unh-iol; t=1712268989; x=1712873789; darn=dpdk.org;
 h=references:in-reply-to:cc:to:from:subject:message-id:date:from:to
 :cc:subject:date:message-id:reply-to;
 bh=JhzE4R+BnCSMRtUw1njB4kFLTtF6M2SypQPpxBfiKow=;
 b=Q3IYHIKE/kecP0NnSX9onuRh8cFLmU1xD+/8MzGUp7B6oQX8nb41vvT2ZxWXgBQMxG
 NKl6jChvZhotHhPQngsED/AP57cuhmIZJ71U89i8xH0YgndvH655Rl/6I0ZnSjrlr+fJ
 O2DyH4e6m5CbugO608rJymFAOf6XsvId6Mw9c=
X-Google-DKIM-Signature: v=1; a=rsa-sha256; c=relaxed/relaxed;
 d=1e100.net; s=20230601; t=1712268989; x=1712873789;
 h=references:in-reply-to:cc:to:from:subject:message-id:date
 :x-gm-message-state:from:to:cc:subject:date:message-id:reply-to;
 bh=JhzE4R+BnCSMRtUw1njB4kFLTtF6M2SypQPpxBfiKow=;
 b=wOO1ohCks7ewsD7kNwjKa8hdItRu4svZSGvg9wK/MaSx8tP4mVsk5FYxrPFHoYa2h/
 yHr/uhji0ELTe/4+wONSnZGlq0cIv3GUrhzMx+Kk7AgxwqaRAIlq36IdWn1IVZLSUk6T
 wjnvNw5FjB/oJj9R1Bx/QLh47CutoScmI214dSraW0cTxph2od7Zrg48KFy888MrN1K5
 yfvrHQRJ6FdMk/Yr133+649uTbPdzikjUFk+2FIpXtBFajTzksH327h5U5cPmm/pHnBk
 LNtepM2/dh/+6EEye2lNkuug0dWEoCAx61nUQf0dVrgvaf8Qw+RkS1Su+XNe+RBBynx6
 YFLw==
X-Gm-Message-State: AOJu0YxSjr0R7ivy3ZUjTSEk/uGoeWXI2LsgBIw0Ja0XlsY9ywsNQ2XU
 ofYA9JECAQan7l0Nf0p5rEdXr6CuJujmChMUndhvKqFFUdDXBda0i8UAT1hWcCgpSRqjLntnL1D
 yVeb6/Ckm4KpCleWtDqJeyJYr3DkOqqali/tf541k
X-Google-Smtp-Source: AGHT+IF3D5sQeJGXwngK8xdNCdj6s0auRtYHMhRHq441E61rZ1cI12Cd0IKxy2VupJp62HONcZC3fVhL3ZOb
X-Received: by 2002:a17:902:b20e:b0:1e2:c38b:2541 with SMTP id
 t14-20020a170902b20e00b001e2c38b2541mr1129023plr.4.1712268989267; 
 Thu, 04 Apr 2024 15:16:29 -0700 (PDT)
Received: from postal.iol.unh.edu (postal.iol.unh.edu. [132.177.123.84])
 by smtp-relay.gmail.com with ESMTPS id
 kv5-20020a17090328c500b001e25f8ce7cfsm5204plb.35.2024.04.04.15.16.29
 (version=TLS1_2 cipher=ECDHE-ECDSA-AES128-GCM-SHA256 bits=128/128);
 Thu, 04 Apr 2024 15:16:29 -0700 (PDT)
X-Relaying-Domain: iol.unh.edu
Date: Thu, 04 Apr 2024 15:16:29 -0700 (PDT)
Message-ID: <660f26bd.170a0220.ff510.069aSMTPIN_ADDED_MISSING@mx.google.com>
Received: from [172.21.0.6] (unknown [172.18.0.240])
 by postal.iol.unh.edu (Postfix) with ESMTP id 6DE086052471;
 Thu,  4 Apr 2024 18:16:28 -0400 (EDT)
Subject: |WARNING| pw139111-139112 [PATCH] [v1,3/3] test/bbdev: update for qu
From: dpdklab@iol.unh.edu
To: Test Report <test-report@dpdk.org>
Cc: dpdk-test-reports@iol.unh.edu, Nicolas Chautru <nicolas.chautru@intel.com>
In-Reply-To: <20240404210447.1915517-4-nicolas.chautru@intel.com>
References: <20240404210447.1915517-4-nicolas.chautru@intel.com>
Content-Type: text/plain
X-BeenThere: test-report@dpdk.org
X-Mailman-Version: 2.1.29
Precedence: list
List-Id: automatic DPDK test reports <test-report.dpdk.org>
List-Unsubscribe: <https://mails.dpdk.org/options/test-report>,
 <mailto:test-report-request@dpdk.org?subject=unsubscribe>
List-Archive: <http://mails.dpdk.org/archives/test-report/>
List-Post: <mailto:test-report@dpdk.org>
List-Help: <mailto:test-report-request@dpdk.org?subject=help>
List-Subscribe: <https://mails.dpdk.org/listinfo/test-report>,
 <mailto:test-report-request@dpdk.org?subject=subscribe>
Errors-To: test-report-bounces@dpdk.org

Test-Label: iol-abi-testing
Test-Status: WARNING
http://dpdk.org/patch/139112

_Testing issues_

Submitter: Nicolas Chautru <nicolas.chautru@intel.com>
Date: Thursday, April 04 2024 21:04:47 
DPDK git baseline: Repo:dpdk
  Branch: master
  CommitID:98b4ecb4e4d73e93fdfa53f552b48d71104b445f

139111-139112 --> testing fail

Test environment and result as below:

+------------------+----------+
|   Environment    | abi_test |
+==================+==========+
| Fedora 39        | FAIL     |
+------------------+----------+
| Fedora 37        | FAIL     |
+------------------+----------+
| Fedora 38        | FAIL     |
+------------------+----------+
| Debian Bullseye  | FAIL     |
+------------------+----------+
| CentOS Stream 8  | FAIL     |
+------------------+----------+
| Debian 12        | FAIL     |
+------------------+----------+
| CentOS Stream 9  | FAIL     |
+------------------+----------+
| RHEL8            | FAIL     |
+------------------+----------+
| openSUSE Leap 15 | FAIL     |
+------------------+----------+
| Ubuntu 22.04     | FAIL     |
+------------------+----------+

==== 20 line log output for Ubuntu 22.04 (abi_test): ====
Variables changes summary: 0 Removed, 0 Changed, 0 Added variable

Functions changes summary: 0 Removed, 0 Changed (1 filtered out), 0 Added function
Variables changes summary: 0 Removed, 0 Changed, 0 Added variable

Functions changes summary: 0 Removed, 0 Changed, 0 Added function
Variables changes summary: 0 Removed, 0 Changed, 0 Added (1 filtered out) variable

Functions changes summary: 0 Removed, 0 Changed (11 filtered out), 0 Added (1 filtered out) functions
Variables changes summary: 0 Removed, 0 Changed, 0 Added variable

Functions changes summary: 0 Removed, 0 Changed (1 filtered out), 0 Added function
Variables changes summary: 0 Removed, 0 Changed, 0 Added variable

Functions changes summary: 0 Removed, 0 Changed, 0 Added (1 filtered out) function
Variables changes summary: 0 Removed, 0 Changed, 0 Added variable

Functions changes summary: 0 Removed, 0 Changed, 0 Added (2 filtered out) functions
Variables changes summary: 0 Removed, 0 Changed, 0 Added variable

==== End log output ====

Fedora 39
	Kernel: Depends on container host
	Compiler: gcc 13.2.1

Fedora 37
	Kernel: Depends on container host system
	Compiler: gcc 12.3.1

Fedora 38
	Kernel: Depends on container host
	Compiler: clang 16.0.6

Debian Bullseye
	Kernel: 5.4.0-167-generic
	Compiler: gcc 10.2.1-6

CentOS Stream 8
	Kernel: 5.4.0-167-generic
	Compiler: gcc 8.5.0 20210514

Debian 12
	Kernel: Container Host Kernel
	Compiler: gcc 10.2.1

CentOS Stream 9
	Kernel: 5.4.0-167-generic
	Compiler: gcc 11.4.1 20230605

RHEL8
	Kernel: 5.4.0-167-generic
	Compiler: gcc 8.5.0 20210514 (Red Hat 8.5.0-20)

openSUSE Leap 15
	Kernel: 5.4.0-167-generic
	Compiler: gcc 7.5.0

Ubuntu 22.04
	Kernel: 5.4.0-167-generic
	Compiler: gcc 11.4.0

To view detailed results, visit:
https://lab.dpdk.org/results/dashboard/patchsets/29718/

UNH-IOL DPDK Community Lab

To manage your email subscriptions, visit: 
https://lab.dpdk.org/results/dashboard/preferences/subscriptions/