From mboxrd@z Thu Jan  1 00:00:00 1970
Return-Path: <test-report-bounces@dpdk.org>
Received: from mails.dpdk.org (mails.dpdk.org [217.70.189.124])
	by inbox.dpdk.org (Postfix) with ESMTP id EA90943E03
	for <public@inbox.dpdk.org>; Fri,  5 Apr 2024 00:24:57 +0200 (CEST)
Received: from mails.dpdk.org (localhost [127.0.0.1])
	by mails.dpdk.org (Postfix) with ESMTP id E00954029C;
	Fri,  5 Apr 2024 00:24:57 +0200 (CEST)
Received: from mail-oo1-f100.google.com (mail-oo1-f100.google.com
 [209.85.161.100])
 by mails.dpdk.org (Postfix) with ESMTP id 2F42840284
 for <test-report@dpdk.org>; Fri,  5 Apr 2024 00:24:57 +0200 (CEST)
Received: by mail-oo1-f100.google.com with SMTP id
 006d021491bc7-5a9ec663775so368075eaf.3
 for <test-report@dpdk.org>; Thu, 04 Apr 2024 15:24:57 -0700 (PDT)
DKIM-Signature: v=1; a=rsa-sha256; c=relaxed/relaxed;
 d=iol.unh.edu; s=unh-iol; t=1712269496; x=1712874296; darn=dpdk.org;
 h=references:in-reply-to:cc:to:from:subject:message-id:date:from:to
 :cc:subject:date:message-id:reply-to;
 bh=SlKhP3JB7dcKveg8VGo089mFen3ag3QOzuGBtQBizDk=;
 b=NkOYV1ZeJZO3jDtBXSfkh9IpaWIM6PLjJGOphnHTZhDpQr+dzTByjzKqlbzP0GiMsQ
 KQijFGyOww4rQJHLkvdWwbkmyBtc2LKEy2MAa5AKa2v2W0wkfVvvf4GY1T4MCnnuzMDk
 73J76CiQlhCZFJQqXwF/mG4ud6Hrvj9WpDz9g=
X-Google-DKIM-Signature: v=1; a=rsa-sha256; c=relaxed/relaxed;
 d=1e100.net; s=20230601; t=1712269496; x=1712874296;
 h=references:in-reply-to:cc:to:from:subject:message-id:date
 :x-gm-message-state:from:to:cc:subject:date:message-id:reply-to;
 bh=SlKhP3JB7dcKveg8VGo089mFen3ag3QOzuGBtQBizDk=;
 b=J3zF7oW717c0RieqRL8Ov0AQxgeJ1HMi+gjCGKrK5GJDCRSigWAL4ARJCSw/ysGVyP
 cFfuwSmcK5SoSM75qos0CSV2Hug3Zsjhhsayy+VqeS8Z2QYvV/KObCSXukwd0cWALY1y
 gyDYZbRjx7vpEb09fuBb0SvmpUD4Jrhdbz+QN/c2mIg6J1zv85LFBfmt2UsADhGo9OAU
 Xq1BbFtPiJMmobO5VAWyWrcP3VbOMyfNh3H8Y8tVPsljKYPrOElYrcdlWY9ubsgU3fqq
 x4L9h2ws2GLg6eOZnw73/qwkHL99k1V4APQGQTLBtSOJo8T9GXCcWPr5/ONmu7RYBl2q
 K4OQ==
X-Gm-Message-State: AOJu0Yw1h/7i4Z7xMrL2x7l/IjVOvyVAfl9TYn9bYpesJiNRqOuQLiA0
 vKgpeZxvgJHryXiF/pQmFtsEHCcKeNYtuE5e5SWy13bAU2Gc/TURWR5xtvGiDgCAWq3C+nwBT+I
 eitINeNBmQmg/N74Hz9gAQHswLTrE2CQcbbWNnhaA6idLaqyWa6a82Vr0
X-Google-Smtp-Source: AGHT+IHF532l8N+JGSmv1gyxmRjC6C5ZrDW3R9F6pVopuqCTp8qEB4PJrdgENqz5xFl+rZN6QJaVO9Qtpyyk
X-Received: by 2002:a4a:ee86:0:b0:5a1:1639:97aa with SMTP id
 dk6-20020a4aee86000000b005a1163997aamr3791709oob.6.1712269496632; 
 Thu, 04 Apr 2024 15:24:56 -0700 (PDT)
Received: from postal.iol.unh.edu (postal.iol.unh.edu.
 [2606:4100:3880:1234::84]) by smtp-relay.gmail.com with ESMTPS id
 e23-20020a056820061700b0059cfbbe5f5asm3134oow.20.2024.04.04.15.24.56
 (version=TLS1_2 cipher=ECDHE-ECDSA-AES128-GCM-SHA256 bits=128/128);
 Thu, 04 Apr 2024 15:24:56 -0700 (PDT)
X-Relaying-Domain: iol.unh.edu
Date: Thu, 04 Apr 2024 15:24:56 -0700 (PDT)
Message-ID: <660f28b8.050a0220.df40b.0368SMTPIN_ADDED_MISSING@mx.google.com>
Received: from [172.21.0.6] (unknown [172.18.0.240])
 by postal.iol.unh.edu (Postfix) with ESMTP id 1BA2B6052471;
 Thu,  4 Apr 2024 18:24:56 -0400 (EDT)
Subject: |FAILURE| pw139111-139112 [PATCH] [v1,3/3] test/bbdev: update for qu
From: dpdklab@iol.unh.edu
To: Test Report <test-report@dpdk.org>
Cc: dpdk-test-reports@iol.unh.edu, Nicolas Chautru <nicolas.chautru@intel.com>
In-Reply-To: <20240404210447.1915517-4-nicolas.chautru@intel.com>
References: <20240404210447.1915517-4-nicolas.chautru@intel.com>
Content-Type: text/plain
X-BeenThere: test-report@dpdk.org
X-Mailman-Version: 2.1.29
Precedence: list
List-Id: automatic DPDK test reports <test-report.dpdk.org>
List-Unsubscribe: <https://mails.dpdk.org/options/test-report>,
 <mailto:test-report-request@dpdk.org?subject=unsubscribe>
List-Archive: <http://mails.dpdk.org/archives/test-report/>
List-Post: <mailto:test-report@dpdk.org>
List-Help: <mailto:test-report-request@dpdk.org?subject=help>
List-Subscribe: <https://mails.dpdk.org/listinfo/test-report>,
 <mailto:test-report-request@dpdk.org?subject=subscribe>
Errors-To: test-report-bounces@dpdk.org

Test-Label: iol-unit-amd64-testing
Test-Status: FAILURE
http://dpdk.org/patch/139112

_Testing issues_

Submitter: Nicolas Chautru <nicolas.chautru@intel.com>
Date: Thursday, April 04 2024 21:04:47 
DPDK git baseline: Repo:dpdk
  Branch: master
  CommitID:98b4ecb4e4d73e93fdfa53f552b48d71104b445f

139111-139112 --> testing fail

Test environment and result as below:

+---------------------+----------------+
|     Environment     | dpdk_unit_test |
+=====================+================+
| CentOS Stream 9     | PASS           |
+---------------------+----------------+
| Debian 12           | FAIL           |
+---------------------+----------------+
| Debian Bullseye     | PASS           |
+---------------------+----------------+
| CentOS Stream 8     | PASS           |
+---------------------+----------------+
| Fedora 38           | PASS           |
+---------------------+----------------+
| Windows Server 2019 | PASS           |
+---------------------+----------------+
| Fedora 37           | PASS           |
+---------------------+----------------+

==== 20 line log output for Debian 12 (dpdk_unit_test): ====
102/112 DPDK:fast-tests / telemetry_data_autotest        OK               0.18s
103/112 DPDK:fast-tests / telemetry_json_autotest        OK               0.18s
104/112 DPDK:fast-tests / thash_autotest                 OK               0.18s
105/112 DPDK:fast-tests / threads_autotest               OK               0.34s
106/112 DPDK:fast-tests / ticketlock_autotest            OK               0.19s
107/112 DPDK:fast-tests / timer_autotest                 OK               2.49s
108/112 DPDK:fast-tests / trace_autotest                 OK               0.19s
109/112 DPDK:fast-tests / trace_autotest_with_traces     OK               0.18s
110/112 DPDK:fast-tests / vdev_autotest                  OK               0.17s
111/112 DPDK:fast-tests / version_autotest               OK               0.17s
112/112 DPDK:fast-tests / telemetry_all                  SKIP             0.01s   exit status 77

Ok:                 101
Expected Fail:      0
Fail:               1
Unexpected Pass:    0
Skipped:            10
Timeout:            0

Full log written to /home-local/jenkins-local/jenkins-agent/workspace/Generic-Unit-Test-DPDK/dpdk/build/meson-logs/testlog.txt
==== End log output ====

CentOS Stream 9
	Kernel: 5.4.0-167-generic
	Compiler: gcc 11.4.1 20230605

Debian 12
	Kernel: Container Host Kernel
	Compiler: gcc 10.2.1

Debian Bullseye
	Kernel: 5.4.0-167-generic
	Compiler: gcc 10.2.1-6

CentOS Stream 8
	Kernel: 5.4.0-167-generic
	Compiler: gcc 8.5.0 20210514

Fedora 38
	Kernel: Depends on container host
	Compiler: gcc 13.2.1

Windows Server 2019
	Kernel: 10.0.17763
	Compiler: clang 14.0 and gcc 8.1.0 (MinGW)

Fedora 37
	Kernel: Depends on container host system
	Compiler: gcc 12.3.1

To view detailed results, visit:
https://lab.dpdk.org/results/dashboard/patchsets/29718/

UNH-IOL DPDK Community Lab

To manage your email subscriptions, visit: 
https://lab.dpdk.org/results/dashboard/preferences/subscriptions/