From mboxrd@z Thu Jan  1 00:00:00 1970
Return-Path: <test-report-bounces@dpdk.org>
Received: from mails.dpdk.org (mails.dpdk.org [217.70.189.124])
	by inbox.dpdk.org (Postfix) with ESMTP id 8842643E03
	for <public@inbox.dpdk.org>; Fri,  5 Apr 2024 00:27:41 +0200 (CEST)
Received: from mails.dpdk.org (localhost [127.0.0.1])
	by mails.dpdk.org (Postfix) with ESMTP id 7E05F4029C;
	Fri,  5 Apr 2024 00:27:41 +0200 (CEST)
Received: from mail-oo1-f97.google.com (mail-oo1-f97.google.com
 [209.85.161.97]) by mails.dpdk.org (Postfix) with ESMTP id CCDE640284
 for <test-report@dpdk.org>; Fri,  5 Apr 2024 00:27:39 +0200 (CEST)
Received: by mail-oo1-f97.google.com with SMTP id
 006d021491bc7-5a4f9f94e77so870732eaf.3
 for <test-report@dpdk.org>; Thu, 04 Apr 2024 15:27:39 -0700 (PDT)
DKIM-Signature: v=1; a=rsa-sha256; c=relaxed/relaxed;
 d=iol.unh.edu; s=unh-iol; t=1712269659; x=1712874459; darn=dpdk.org;
 h=references:in-reply-to:cc:to:from:subject:message-id:date:from:to
 :cc:subject:date:message-id:reply-to;
 bh=VCZyTl42JvrOBeYQxbNhGL43xfg5xxR2V+xg8KOWWO0=;
 b=JzYLNgcVbrmBx8eq0Ab0kgeWFORVODwaQeQMATfyxvV4Ri3t/1e74nBBxgkrgcpAvX
 3wofyA+oJfK1htFOOXzaM3nw8lNskgBtBU5FsfdhJHdpLaL7QI5gyHACXElmu5BiEaBw
 00PleeN7EnV5UWc33OYGd/dopeFjSVeQxKoqE=
X-Google-DKIM-Signature: v=1; a=rsa-sha256; c=relaxed/relaxed;
 d=1e100.net; s=20230601; t=1712269659; x=1712874459;
 h=references:in-reply-to:cc:to:from:subject:message-id:date
 :x-gm-message-state:from:to:cc:subject:date:message-id:reply-to;
 bh=VCZyTl42JvrOBeYQxbNhGL43xfg5xxR2V+xg8KOWWO0=;
 b=BaUVU4K4VCrzO2IZqk+0W5u2uvV9lWuKo9rlR9rUlgyznRSziC3ejn/6R5+S7jHJOD
 cw/ng7LLID1rjs4JTgOfEQqTNCkYfdSEl7e2trpUb9QSd3ZfTBwk2F0S0NcL81IfAJBx
 rCqmM+dRAHDCmAdDhs2/KM39stZL+1at2HqRRoYi589VKke3XI+8TBABAz+njADZWDM0
 K09cQBkyfeoiFbiiTuwjmjQMTf8Rx5XVWPWAFsdWUZzZAO6B8H+cJvJ0cKnevNfphdvQ
 sYQ1nwtZmMnNVxPS+0+weM/uoktsSgKrxcuqpfsdWUmtgFOkQ02yJpCJ44tZLfdyNwy0
 crjQ==
X-Gm-Message-State: AOJu0Yy1rzKz834zF8yoWFHB+B9hj2MwZBFdIvMFGVkzZNTj4MQp9Vsw
 kdJdwVnLRP+MTHydq5z4C2b7kKpjFceaKyiOHg0DpIv/9z/sSg6LbaM8pm+ofxsffD+ZoBPZ/p7
 8AgcO4bOHBvH1UtnpMICC99iR2ClvmXb+bT9ps15tAomwPAnDqB9Obxpj
X-Google-Smtp-Source: AGHT+IGLbtVbkSmAa8rZ42XA2pJ+wxCgiwrJqe7y7qTrM9DlEe3NG3KXIm663wpMtlCV0FhOyn7lx2dNT5/T
X-Received: by 2002:a05:6820:2686:b0:5a9:cc47:22f4 with SMTP id
 cz6-20020a056820268600b005a9cc4722f4mr1194705oob.5.1712269659190; 
 Thu, 04 Apr 2024 15:27:39 -0700 (PDT)
Received: from postal.iol.unh.edu (postal.iol.unh.edu.
 [2606:4100:3880:1234::84]) by smtp-relay.gmail.com with ESMTPS id
 t124-20020a4a5482000000b00594fdbef326sm7837ooa.8.2024.04.04.15.27.39
 (version=TLS1_2 cipher=ECDHE-ECDSA-AES128-GCM-SHA256 bits=128/128);
 Thu, 04 Apr 2024 15:27:39 -0700 (PDT)
X-Relaying-Domain: iol.unh.edu
Date: Thu, 04 Apr 2024 15:27:39 -0700 (PDT)
Message-ID: <660f295b.4a0a0220.3fa63.08c8SMTPIN_ADDED_MISSING@mx.google.com>
Received: from [172.21.0.6] (unknown [172.18.0.240])
 by postal.iol.unh.edu (Postfix) with ESMTP id A5D156052471;
 Thu,  4 Apr 2024 18:27:38 -0400 (EDT)
Subject: |FAILURE| pw139111-139112 [PATCH] [v1,3/3] test/bbdev: update for qu
From: dpdklab@iol.unh.edu
To: Test Report <test-report@dpdk.org>
Cc: dpdk-test-reports@iol.unh.edu, Nicolas Chautru <nicolas.chautru@intel.com>
In-Reply-To: <20240404210447.1915517-4-nicolas.chautru@intel.com>
References: <20240404210447.1915517-4-nicolas.chautru@intel.com>
Content-Type: text/plain
X-BeenThere: test-report@dpdk.org
X-Mailman-Version: 2.1.29
Precedence: list
List-Id: automatic DPDK test reports <test-report.dpdk.org>
List-Unsubscribe: <https://mails.dpdk.org/options/test-report>,
 <mailto:test-report-request@dpdk.org?subject=unsubscribe>
List-Archive: <http://mails.dpdk.org/archives/test-report/>
List-Post: <mailto:test-report@dpdk.org>
List-Help: <mailto:test-report-request@dpdk.org?subject=help>
List-Subscribe: <https://mails.dpdk.org/listinfo/test-report>,
 <mailto:test-report-request@dpdk.org?subject=subscribe>
Errors-To: test-report-bounces@dpdk.org

Test-Label: iol-unit-amd64-testing
Test-Status: FAILURE
http://dpdk.org/patch/139112

_Testing issues_

Submitter: Nicolas Chautru <nicolas.chautru@intel.com>
Date: Thursday, April 04 2024 21:04:47 
DPDK git baseline: Repo:dpdk
  Branch: master
  CommitID:98b4ecb4e4d73e93fdfa53f552b48d71104b445f

139111-139112 --> testing fail

Test environment and result as below:

+---------------------+----------------+
|     Environment     | dpdk_unit_test |
+=====================+================+
| CentOS Stream 9     | PASS           |
+---------------------+----------------+
| Debian 12           | FAIL           |
+---------------------+----------------+
| Debian Bullseye     | PASS           |
+---------------------+----------------+
| CentOS Stream 8     | PASS           |
+---------------------+----------------+
| Fedora 38           | PASS           |
+---------------------+----------------+
| Windows Server 2019 | PASS           |
+---------------------+----------------+
| Fedora 37           | PASS           |
+---------------------+----------------+
| Ubuntu 22.04        | PASS           |
+---------------------+----------------+

==== 20 line log output for Debian 12 (dpdk_unit_test): ====
102/112 DPDK:fast-tests / telemetry_data_autotest        OK               0.18s
103/112 DPDK:fast-tests / telemetry_json_autotest        OK               0.18s
104/112 DPDK:fast-tests / thash_autotest                 OK               0.18s
105/112 DPDK:fast-tests / threads_autotest               OK               0.34s
106/112 DPDK:fast-tests / ticketlock_autotest            OK               0.19s
107/112 DPDK:fast-tests / timer_autotest                 OK               2.49s
108/112 DPDK:fast-tests / trace_autotest                 OK               0.19s
109/112 DPDK:fast-tests / trace_autotest_with_traces     OK               0.18s
110/112 DPDK:fast-tests / vdev_autotest                  OK               0.17s
111/112 DPDK:fast-tests / version_autotest               OK               0.17s
112/112 DPDK:fast-tests / telemetry_all                  SKIP             0.01s   exit status 77

Ok:                 101
Expected Fail:      0
Fail:               1
Unexpected Pass:    0
Skipped:            10
Timeout:            0

Full log written to /home-local/jenkins-local/jenkins-agent/workspace/Generic-Unit-Test-DPDK/dpdk/build/meson-logs/testlog.txt
==== End log output ====

CentOS Stream 9
	Kernel: 5.4.0-167-generic
	Compiler: gcc 11.4.1 20230605

Debian 12
	Kernel: Container Host Kernel
	Compiler: gcc 10.2.1

Debian Bullseye
	Kernel: 5.4.0-167-generic
	Compiler: gcc 10.2.1-6

CentOS Stream 8
	Kernel: 5.4.0-167-generic
	Compiler: gcc 8.5.0 20210514

Fedora 38
	Kernel: Depends on container host
	Compiler: gcc 13.2.1

Windows Server 2019
	Kernel: 10.0.17763
	Compiler: clang 14.0 and gcc 8.1.0 (MinGW)

Fedora 37
	Kernel: Depends on container host system
	Compiler: gcc 12.3.1

Ubuntu 22.04
	Kernel: 5.4.0-167-generic
	Compiler: gcc 11.4.0

To view detailed results, visit:
https://lab.dpdk.org/results/dashboard/patchsets/29718/

UNH-IOL DPDK Community Lab

To manage your email subscriptions, visit: 
https://lab.dpdk.org/results/dashboard/preferences/subscriptions/