From mboxrd@z Thu Jan  1 00:00:00 1970
Return-Path: <test-report-bounces@dpdk.org>
Received: from mails.dpdk.org (mails.dpdk.org [217.70.189.124])
	by inbox.dpdk.org (Postfix) with ESMTP id 1F98C43E0E
	for <public@inbox.dpdk.org>; Fri,  5 Apr 2024 23:28:59 +0200 (CEST)
Received: from mails.dpdk.org (localhost [127.0.0.1])
	by mails.dpdk.org (Postfix) with ESMTP id 1B2F5402CE;
	Fri,  5 Apr 2024 23:28:59 +0200 (CEST)
Received: from mail-pl1-f227.google.com (mail-pl1-f227.google.com
 [209.85.214.227])
 by mails.dpdk.org (Postfix) with ESMTP id 733E84028A
 for <test-report@dpdk.org>; Fri,  5 Apr 2024 23:28:54 +0200 (CEST)
Received: by mail-pl1-f227.google.com with SMTP id
 d9443c01a7336-1e2b1cd446fso17757155ad.3
 for <test-report@dpdk.org>; Fri, 05 Apr 2024 14:28:54 -0700 (PDT)
DKIM-Signature: v=1; a=rsa-sha256; c=relaxed/relaxed;
 d=iol.unh.edu; s=unh-iol; t=1712352533; x=1712957333; darn=dpdk.org;
 h=references:in-reply-to:cc:to:from:subject:message-id:date:from:to
 :cc:subject:date:message-id:reply-to;
 bh=nXQ1PjuRh4mftzNZcfMo+cCb3V2AOS/AIZ8IqUFcO3w=;
 b=EZXMrQtHjQRRLQZPfJlVNoZod/X9Jt8y7VPQOponqWjRi9kjEq+n345o7e/7wOcMqT
 WtgTCui3VoPaYn1m+kdHWoUt6toOB9s+UxMK2yuAOoKnEEfkdr4yup5r/oK9lRR5l/GX
 6eLq5+T02y6GsCUmv2DOWDId6fMcxRh58kqns=
X-Google-DKIM-Signature: v=1; a=rsa-sha256; c=relaxed/relaxed;
 d=1e100.net; s=20230601; t=1712352533; x=1712957333;
 h=references:in-reply-to:cc:to:from:subject:message-id:date
 :x-gm-message-state:from:to:cc:subject:date:message-id:reply-to;
 bh=nXQ1PjuRh4mftzNZcfMo+cCb3V2AOS/AIZ8IqUFcO3w=;
 b=LNNtdKeslhUTolXnz1+tC3nTeVwznfaEiAqCKfDsfdDaSxtaptsCsoKHJP/yRwltm0
 iQYOssATtEGp1404a59QURsOpsyrQ0BRoykvFmYDwg3yWbLbSL7umM0Gyj07b3alXdqa
 dIWFHOtItBH8KX1BPtgP8PII0HOu3uFcEDp/qshKVKFGqAto8hTITPH2YOjr0l4yuGSM
 hj3dZcezxn4GqcX7zfFvlAgo94tJc/TPp9NSK4cH8Wn1j8c82WURYuG7uVK+8wpTv9yX
 bu4lXa461DSisRj04yw2sYMLvD/Hl47/yyeKheKD02jJObKkTIXRX8AfnwSPON0go9my
 Gx7w==
X-Gm-Message-State: AOJu0Yz0ZBYUAK82v057ER1cAzZon5TR2zvzep9L1ydSpXjPS2qgpSH5
 U/6madC+g4mETFp4RC2GpuWz3NMhDkto3jLGqPx6Ilp6/lmyQ+57mV7VkCO/xkaP3HGuh7YKtsy
 +T6MIRH/E20c27YICajOGE7l0b9jBwEUolibNK1Nh42lJ1cUWVbGWO6GZ
X-Google-Smtp-Source: AGHT+IFHxYKmqc5+ORBo/x9AEnN5NJnHH3LV4T8fV/AOKTz0oJ4YlLPGC5Bla12NTnvGg+bUA7fY1tmUqwo3
X-Received: by 2002:a17:902:6b43:b0:1e0:b62c:460d with SMTP id
 g3-20020a1709026b4300b001e0b62c460dmr2574319plt.38.1712352533717; 
 Fri, 05 Apr 2024 14:28:53 -0700 (PDT)
Received: from postal.iol.unh.edu (postal.iol.unh.edu.
 [2606:4100:3880:1234::84]) by smtp-relay.gmail.com with ESMTPS id
 y15-20020a17090264cf00b001e3999a90adsm91562pli.131.2024.04.05.14.28.53
 (version=TLS1_2 cipher=ECDHE-ECDSA-AES128-GCM-SHA256 bits=128/128);
 Fri, 05 Apr 2024 14:28:53 -0700 (PDT)
X-Relaying-Domain: iol.unh.edu
Date: Fri, 05 Apr 2024 14:28:53 -0700 (PDT)
Message-ID: <66106d15.170a0220.61e26.6cfcSMTPIN_ADDED_MISSING@mx.google.com>
Received: from [172.21.0.8] (unknown [172.18.0.240])
 by postal.iol.unh.edu (Postfix) with ESMTP id F22546052471;
 Fri,  5 Apr 2024 17:28:52 -0400 (EDT)
Subject: |FAILURE| pw139167 [PATCH] [v2] cnxk: disable building template file
From: dpdklab@iol.unh.edu
To: Test Report <test-report@dpdk.org>
Cc: dpdk-test-reports@iol.unh.edu,
 Pavan Nikhilesh Bhagavatula <pbhagavatula@marvell.com>
In-Reply-To: <20240405202522.4945-1-pbhagavatula@marvell.com>
References: <20240405202522.4945-1-pbhagavatula@marvell.com>
Content-Type: text/plain
X-BeenThere: test-report@dpdk.org
X-Mailman-Version: 2.1.29
Precedence: list
List-Id: automatic DPDK test reports <test-report.dpdk.org>
List-Unsubscribe: <https://mails.dpdk.org/options/test-report>,
 <mailto:test-report-request@dpdk.org?subject=unsubscribe>
List-Archive: <http://mails.dpdk.org/archives/test-report/>
List-Post: <mailto:test-report@dpdk.org>
List-Help: <mailto:test-report-request@dpdk.org?subject=help>
List-Subscribe: <https://mails.dpdk.org/listinfo/test-report>,
 <mailto:test-report-request@dpdk.org?subject=subscribe>
Errors-To: test-report-bounces@dpdk.org

Test-Label: iol-compile-amd64-testing
Test-Status: FAILURE
http://dpdk.org/patch/139167

_Testing issues_

Submitter: Pavan Nikhilesh Bhagavatula <pbhagavatula@marvell.com>
Date: Friday, April 05 2024 20:25:20 
DPDK git baseline: Repo:dpdk
  Branch: master
  CommitID:e2e546ab5bf5e024986ccb5310ab43982f3bb40c

139167 --> testing fail

Test environment and result as below:

+---------------------+--------------------+----------------------+-------------------+
|     Environment     | dpdk_meson_compile | dpdk_mingw64_compile | dpdk_msvc_compile |
+=====================+====================+======================+===================+
| Debian Bullseye     | PASS               | SKIPPED              | SKIPPED           |
+---------------------+--------------------+----------------------+-------------------+
| CentOS Stream 8     | PASS               | SKIPPED              | SKIPPED           |
+---------------------+--------------------+----------------------+-------------------+
| CentOS Stream 9     | PASS               | SKIPPED              | SKIPPED           |
+---------------------+--------------------+----------------------+-------------------+
| Windows Server 2019 | PASS               | PASS                 | SKIPPED           |
+---------------------+--------------------+----------------------+-------------------+
| Windows Server 2022 | PASS               | PASS                 | PASS              |
+---------------------+--------------------+----------------------+-------------------+
| FreeBSD 13.2        | PASS               | SKIPPED              | SKIPPED           |
+---------------------+--------------------+----------------------+-------------------+
| Fedora 38           | PASS               | SKIPPED              | SKIPPED           |
+---------------------+--------------------+----------------------+-------------------+
| Debian 12           | PASS               | SKIPPED              | SKIPPED           |
+---------------------+--------------------+----------------------+-------------------+
| Fedora 37           | PASS               | SKIPPED              | SKIPPED           |
+---------------------+--------------------+----------------------+-------------------+
| RHEL8               | PASS               | SKIPPED              | SKIPPED           |
+---------------------+--------------------+----------------------+-------------------+
| Fedora 39           | FAIL               | SKIPPED              | SKIPPED           |
+---------------------+--------------------+----------------------+-------------------+
| Ubuntu 20.04        | PASS               | SKIPPED              | SKIPPED           |
+---------------------+--------------------+----------------------+-------------------+
| openSUSE Leap 15    | PASS               | SKIPPED              | SKIPPED           |
+---------------------+--------------------+----------------------+-------------------+
| Alpine              | PASS               | SKIPPED              | SKIPPED           |
+---------------------+--------------------+----------------------+-------------------+
| Ubuntu 22.04        | PASS               | SKIPPED              | SKIPPED           |
+---------------------+--------------------+----------------------+-------------------+

==== 20 line log output for Fedora 39 (dpdk_meson_compile): ====
[1274/2907] Compiling C object 'drivers/a715181@@tmp_rte_net_cnxk@sta/net_cnxk_cnxk_rep.c.o'.
[1275/2907] Compiling C object 'drivers/a715181@@tmp_rte_net_cnxk@sta/net_cnxk_cnxk_rep_msg.c.o'.
[1276/2907] Compiling C object 'drivers/a715181@@tmp_rte_net_cnxk@sta/net_cnxk_cnxk_rep_ops.c.o'.
[1277/2907] Compiling C object 'drivers/a715181@@tmp_rte_net_cnxk@sta/net_cnxk_cnxk_rep_flow.c.o'.
[1278/2907] Compiling C object 'drivers/a715181@@tmp_rte_net_cnxk@sta/net_cnxk_cnxk_stats.c.o'.
[1279/2907] Compiling C object 'drivers/a715181@@tmp_rte_net_cnxk@sta/net_cnxk_cnxk_tm.c.o'.
[1280/2907] Compiling C object 'drivers/a715181@@tmp_rte_net_cnxk@sta/net_cnxk_cn9k_ethdev.c.o'.
[1281/2907] Compiling C object 'drivers/a715181@@tmp_rte_net_cnxk@sta/net_cnxk_cn9k_ethdev_sec.c.o'.
[1282/2907] Compiling C object 'drivers/a715181@@tmp_rte_net_cnxk@sta/net_cnxk_cn9k_flow.c.o'.
[1283/2907] Compiling C object 'drivers/a715181@@tmp_rte_net_cnxk@sta/net_cnxk_cn9k_rx_select.c.o'.
FAILED: drivers/a715181@@tmp_rte_net_cnxk@sta/net_cnxk_cn9k_rx_select.c.o
clang -Idrivers/a715181@@tmp_rte_net_cnxk@sta -Idrivers -I../drivers -Idrivers/net/cnxk -I../drivers/net/cnxk -Ilib/ethdev -I../lib/ethdev -I. -I../ -Iconfig -I../config -Ilib/eal/include -I../lib/eal/include -Ilib/eal/linux/include -I../lib/eal/linux/include -Ilib/eal/x86/include -I../lib/eal/x86/include -Ilib/eal/common -I../lib/eal/common -Ilib/eal -I../lib/eal -Ilib/kvargs -I../lib/kvargs -Ilib/log -I../lib/log -Ilib/telemetry/../metrics -I../lib/telemetry/../metrics -Ilib/telemetry -I../lib/telemetry -Ilib/net -I../lib/net -Ilib/mbuf -I../lib/mbuf -Ilib/mempool -I../lib/mempool -Ilib/ring -I../lib/ring -Ilib/meter -I../lib/meter -Idrivers/bus/pci -I../drivers/bus/pci -I../drivers/bus/pci/linux -Ilib/pci -I../lib/pci -Idrivers/bus/vdev -I../drivers/bus/vdev -Ilib/cryptodev -I../lib/cryptodev -Ilib/rcu -I../lib/rcu -Ilib/eventdev -I../lib/eventdev -Ilib/hash -I../lib/hash -Ilib/timer -I../lib/timer -Ilib/dmadev -I../lib/dmadev -Ilib/security -I../lib/security -Idrivers/common/cnxk
  -I../drivers/common/cnxk -Idrivers/common/cnxk/../../bus/pci -I../drivers/common/cnxk/../../bus/pci -Idrivers/common/cnxk/../../../lib/net -I../drivers/common/cnxk/../../../lib/net -Idrivers/common/cnxk/../../../lib/ethdev -I../drivers/common/cnxk/../../../lib/ethdev -Idrivers/common/cnxk/../../../lib/meter -I../drivers/common/cnxk/../../../lib/meter -Idrivers/mempool/cnxk -I../drivers/mempool/cnxk -Xclang -fcolor-diagnostics -pipe -D_FILE_OFFSET_BITS=64 -Wall -Winvalid-pch -Wextra -Werror -std=c11 -O3 -include rte_config.h -Wcast-qual -Wdeprecated -Wformat -Wformat-nonliteral -Wformat-security -Wmissing-declarations -Wmissing-prototypes -Wnested-externs -Wold-style-definition -Wpointer-arith -Wsign-compare -Wstrict-prototypes -Wundef -Wwrite-strings -Wno-address-of-packed-member -Wno-missing-field-initializers -D_GNU_SOURCE -fPIC -march=native -mrtm -DALLOW_EXPERIMENTAL_API -DALLOW_INTERNAL_API -flax-vector-conversions -Wno-strict-aliasing -Wno-asm-operand-widths -DRTE_LOG_DEFAULT
 _LOGTYPE=pmd.net.cnxk -MD -MQ 'drivers/a715181@@tmp_rte_net_cnxk@sta/net_cnxk_cn9k_rx_select.c.o' -MF 'drivers/a715181@@tmp_rte_net_cnxk@sta/net_cnxk_cn9k_rx_select.c.o.d' -o 'drivers/a715181@@tmp_rte_net_cnxk@sta/net_cnxk_cn9k_rx_select.c.o' -c ../drivers/net/cnxk/cn9k_rx_select.c
../drivers/net/cnxk/cn9k_rx_select.c:24:1: error: unused function 'cn9k_eth_set_rx_tmplt_func' [-Werror,-Wunused-function]
24 | cn9k_eth_set_rx_tmplt_func(struct rte_eth_dev *eth_dev)
| ^~~~~~~~~~~~~~~~~~~~~~~~~~
../drivers/net/cnxk/cn9k_rx_select.c:76:1: error: unused function 'cn9k_eth_set_rx_blk_func' [-Werror,-Wunused-function]
76 | cn9k_eth_set_rx_blk_func(struct rte_eth_dev *eth_dev)
| ^~~~~~~~~~~~~~~~~~~~~~~~
2 errors generated.
ninja: build stopped: subcommand failed.
==== End log output ====

Debian Bullseye
	Kernel: 5.4.0-167-generic
	Compiler: gcc 10.2.1-6

CentOS Stream 8
	Kernel: 5.4.0-167-generic
	Compiler: gcc 8.5.0 20210514

CentOS Stream 9
	Kernel: 5.4.0-167-generic
	Compiler: gcc 11.4.1 20230605

Windows Server 2019
	Kernel: 10.0.17763
	Compiler: clang 14.0 and gcc 8.1.0 (MinGW)

Windows Server 2022
	Kernel: 10.0.20348.2031
	Compiler: clang 15.0.7, gcc 8.1.0 (MinGW), and MSVC VS 17.9

FreeBSD 13.2
	Kernel: 13.2
	Compiler: clang 14.0.5

Fedora 38
	Kernel: Depends on container host
	Compiler: clang 16.0.6

Debian 12
	Kernel: Container Host Kernel
	Compiler: gcc 10.2.1

Fedora 37
	Kernel: Depends on container host system
	Compiler: gcc 12.3.1

RHEL8
	Kernel: 5.4.0-167-generic
	Compiler: gcc 8.5.0 20210514 (Red Hat 8.5.0-20)

Fedora 39
	Kernel: Depends on container host
	Compiler: gcc 13.2.1

Ubuntu 20.04
	Kernel: 5.4.0-167-generic
	Compiler: gcc 9.4.0-1ubuntu1~20.04.1

openSUSE Leap 15
	Kernel: 5.4.0-167-generic
	Compiler: gcc 7.5.0

Alpine
	Kernel: 5.4.0-167-generic
	Compiler: gcc (Alpine 12.2.1_git20220924-r10) 12.2.1 20220924

Ubuntu 22.04
	Kernel: 5.4.0-167-generic
	Compiler: gcc 11.4.0

To view detailed results, visit:
https://lab.dpdk.org/results/dashboard/patchsets/29729/

UNH-IOL DPDK Community Lab

To manage your email subscriptions, visit: 
https://lab.dpdk.org/results/dashboard/preferences/subscriptions/