From mboxrd@z Thu Jan  1 00:00:00 1970
Return-Path: <test-report-bounces@dpdk.org>
Received: from mails.dpdk.org (mails.dpdk.org [217.70.189.124])
	by inbox.dpdk.org (Postfix) with ESMTP id 7EB2143E52
	for <public@inbox.dpdk.org>; Fri, 12 Apr 2024 14:19:18 +0200 (CEST)
Received: from mails.dpdk.org (localhost [127.0.0.1])
	by mails.dpdk.org (Postfix) with ESMTP id 79855402A8;
	Fri, 12 Apr 2024 14:19:18 +0200 (CEST)
Received: from mail-pf1-f227.google.com (mail-pf1-f227.google.com
 [209.85.210.227])
 by mails.dpdk.org (Postfix) with ESMTP id 50CF3402A2
 for <test-report@dpdk.org>; Fri, 12 Apr 2024 14:19:17 +0200 (CEST)
Received: by mail-pf1-f227.google.com with SMTP id
 d2e1a72fcca58-6ecec796323so874349b3a.3
 for <test-report@dpdk.org>; Fri, 12 Apr 2024 05:19:17 -0700 (PDT)
DKIM-Signature: v=1; a=rsa-sha256; c=relaxed/relaxed;
 d=iol.unh.edu; s=unh-iol; t=1712924356; x=1713529156; darn=dpdk.org;
 h=references:in-reply-to:cc:to:from:subject:message-id:date:from:to
 :cc:subject:date:message-id:reply-to;
 bh=ZOWsLqlYSZS2AzFdaxEnMa/E08EZcru+7yfP5ok2ez0=;
 b=SZXE+UwnZNbsDz/Q3jiZ7TmgSFhWRgQXfekheXFXblJ4r0aRC3f6c9jSra7Gz3WIbZ
 YTIbbe1K826ScYTCMY0U4yJgHXSVfHwsXUlo1NkzKyha95oARYE4r+nlpMDZxFgdHVZo
 EgQw6tFcppAJMd3zmkJRaUSoPD42ni/dFaSTk=
X-Google-DKIM-Signature: v=1; a=rsa-sha256; c=relaxed/relaxed;
 d=1e100.net; s=20230601; t=1712924356; x=1713529156;
 h=references:in-reply-to:cc:to:from:subject:message-id:date
 :x-gm-message-state:from:to:cc:subject:date:message-id:reply-to;
 bh=ZOWsLqlYSZS2AzFdaxEnMa/E08EZcru+7yfP5ok2ez0=;
 b=ww89lA2kXck8UFbjb4UZZX2kPy13YBWBXMc4HzUXWvsZxaOOrc2fq5W2VN0vT1NtV9
 qvUrGhFXAlYF3v+rdNJOdxRx0095kmViCzSW1rVzv95U8vIkIm2Ub5Bdr8kNDgBnPfal
 uAtJMhgjuFtltlN8FUsudQGeQYDbnImMJKMaGuiH4xUV+KJM9XxaaPTrd6muFw8GX5Y/
 PaAO8bVNwzWjRKTNfyH4Uqq6PcmsGswJfoW/2oR+pfAJ2k47sHQbs1Q6RBXsjhqcNJtQ
 kWldUKnXPZu8zfK5KccH2BXq4e2AgQChIrJ5ngSslO6fn/nCWe05Fjjtiz0r4Hgj5wE5
 8frQ==
X-Gm-Message-State: AOJu0Yyjob3d+BWujEDuxdh4p4dEEgtgxIrjXab/vH3VLPHf1VVNMMOD
 xX3Hq5QvD+F539EKA7hMNub37xy9WBFNaCwQeRjyjNe6IVsDmQ9WMIgtE2Pg55G5zFSG3UUF3vc
 +gGOHGkSewZPnvwqU7jYBFdcO3anvxGZJ90JAHzn3kGTxTsX7mkBzJygi
X-Google-Smtp-Source: AGHT+IFccSQb6vWRVuck/iYwp73r0m70IAOPX5fE80IBiF+7hIWTvApmOAhBDWuLE4zSsCKHZZCL6bsGOAtd
X-Received: by 2002:a05:6a21:7782:b0:1a9:68c8:56c0 with SMTP id
 bd2-20020a056a21778200b001a968c856c0mr3082125pzc.21.1712924356475; 
 Fri, 12 Apr 2024 05:19:16 -0700 (PDT)
Received: from postal.iol.unh.edu (postal.iol.unh.edu.
 [2606:4100:3880:1234::84]) by smtp-relay.gmail.com with ESMTPS id
 le16-20020a056a004fd000b006eceb49e232sm342995pfb.4.2024.04.12.05.19.16
 (version=TLS1_2 cipher=ECDHE-ECDSA-AES128-GCM-SHA256 bits=128/128);
 Fri, 12 Apr 2024 05:19:16 -0700 (PDT)
X-Relaying-Domain: iol.unh.edu
Date: Fri, 12 Apr 2024 05:19:16 -0700 (PDT)
Message-ID: <661926c4.050a0220.5950b.d537SMTPIN_ADDED_MISSING@mx.google.com>
Received: from [172.17.0.3] (unknown [172.18.0.217])
 by postal.iol.unh.edu (Postfix) with ESMTP id A3DCA604D420;
 Fri, 12 Apr 2024 08:19:15 -0400 (EDT)
Subject: |FAILURE| pw139242-139243 [PATCH] [2/2] ARM64: Cross-Compilation Sup
From: dpdklab@iol.unh.edu
To: Test Report <test-report@dpdk.org>
Cc: dpdk-test-reports@iol.unh.edu,
 Sebastian Brzezinka <sebastian.brzezinka@intel.com>
In-Reply-To: <20240412111317.3530529-2-sebastian.brzezinka@intel.com>
References: <20240412111317.3530529-2-sebastian.brzezinka@intel.com>
Content-Type: text/plain
X-BeenThere: test-report@dpdk.org
X-Mailman-Version: 2.1.29
Precedence: list
List-Id: automatic DPDK test reports <test-report.dpdk.org>
List-Unsubscribe: <https://mails.dpdk.org/options/test-report>,
 <mailto:test-report-request@dpdk.org?subject=unsubscribe>
List-Archive: <http://mails.dpdk.org/archives/test-report/>
List-Post: <mailto:test-report@dpdk.org>
List-Help: <mailto:test-report-request@dpdk.org?subject=help>
List-Subscribe: <https://mails.dpdk.org/listinfo/test-report>,
 <mailto:test-report-request@dpdk.org?subject=subscribe>
Errors-To: test-report-bounces@dpdk.org

Test-Label: iol-compile-arm64-testing
Test-Status: FAILURE
http://dpdk.org/patch/139243

_Testing issues_

Submitter: Sebastian Brzezinka <sebastian.brzezinka@intel.com>
Date: Friday, April 12 2024 11:13:17 
DPDK git baseline: Repo:dpdk
  Branch: master
  CommitID:e2e546ab5bf5e024986ccb5310ab43982f3bb40c

139242-139243 --> testing fail

Test environment and result as below:

+----------------------------------------+--------------------+
|              Environment               | dpdk_meson_compile |
+========================================+====================+
| Ubuntu 20.04 ARM SVE                   | PASS               |
+----------------------------------------+--------------------+
| Debian 12 with MUSDK                   | PASS               |
+----------------------------------------+--------------------+
| Ubuntu 20.04 ARM GCC Cross Compile     | FAIL               |
+----------------------------------------+--------------------+
| Fedora 38 (ARM)                        | PASS               |
+----------------------------------------+--------------------+
| Ubuntu 20.04 (ARM)                     | PASS               |
+----------------------------------------+--------------------+
| Fedora 37 (ARM)                        | PASS               |
+----------------------------------------+--------------------+
| Fedora 39 (ARM)                        | PASS               |
+----------------------------------------+--------------------+
| Debian 12 (arm)                        | PASS               |
+----------------------------------------+--------------------+
| Debian 11 (Buster) (ARM)               | PASS               |
+----------------------------------------+--------------------+
| CentOS Stream 9 (ARM)                  | PASS               |
+----------------------------------------+--------------------+
| Ubuntu 20.04 aarch32 GCC Cross Compile | PASS               |
+----------------------------------------+--------------------+
| Ubuntu 20.04 ARM Clang Cross Compile   | PASS               |
+----------------------------------------+--------------------+

==== 20 line log output for Ubuntu 20.04 ARM GCC Cross Compile (dpdk_meson_compile): ====

Ubuntu 20.04 ARM SVE
	Kernel: 5.4.0-167-generic
	Compiler: gcc (Ubuntu 10.5.0-1ubuntu1~20.04) 10.5.0

Debian 12 with MUSDK
	Kernel: Container Host Kernel
	Compiler: gcc 12.2.0

Ubuntu 20.04 ARM GCC Cross Compile
	Kernel: 5.4.0-167-generic
	Compiler: aarch64-linux-gnu-gcc (Ubuntu 9.4.0-1ubuntu1~20.04.2) 9.4.0

Fedora 38 (ARM)
	Kernel: Depends on container host
	Compiler: gcc 13.2.1

Ubuntu 20.04 (ARM)
	Kernel: Container Host Kernel
	Compiler: gcc 9.4.0

Fedora 37 (ARM)
	Kernel: Depends on container host
	Compiler: gcc 12.3.1

Fedora 39 (ARM)
	Kernel: Depends on container host
	Compiler: gcc 13.2.1

Debian 12 (arm)
	Kernel: Container Host Kernel
	Compiler: gcc 12.2.0

Debian 11 (Buster) (ARM)
	Kernel: Container Host Kernel
	Compiler: gcc 10.2.1

CentOS Stream 9 (ARM)
	Kernel: Container Host Kernel
	Compiler: gcc 11.4.1

Ubuntu 20.04 aarch32 GCC Cross Compile
	Kernel: 5.4.0-167-generic
	Compiler: gcc 9.4.0

Ubuntu 20.04 ARM Clang Cross Compile
	Kernel: 5.4.0-72-generic
	Compiler: clang 10.0.0-4ubuntu1

To view detailed results, visit:
https://lab.dpdk.org/results/dashboard/patchsets/29766/

UNH-IOL DPDK Community Lab

To manage your email subscriptions, visit: 
https://lab.dpdk.org/results/dashboard/preferences/subscriptions/