From mboxrd@z Thu Jan  1 00:00:00 1970
Return-Path: <test-report-bounces@dpdk.org>
Received: from mails.dpdk.org (mails.dpdk.org [217.70.189.124])
	by inbox.dpdk.org (Postfix) with ESMTP id E373A43E7D
	for <public@inbox.dpdk.org>; Mon, 15 Apr 2024 20:38:57 +0200 (CEST)
Received: from mails.dpdk.org (localhost [127.0.0.1])
	by mails.dpdk.org (Postfix) with ESMTP id DBCCD4028B;
	Mon, 15 Apr 2024 20:38:57 +0200 (CEST)
Received: from mail-pf1-f228.google.com (mail-pf1-f228.google.com
 [209.85.210.228])
 by mails.dpdk.org (Postfix) with ESMTP id DEA064021E
 for <test-report@dpdk.org>; Mon, 15 Apr 2024 20:38:55 +0200 (CEST)
Received: by mail-pf1-f228.google.com with SMTP id
 d2e1a72fcca58-6ed2dc03df6so3207234b3a.1
 for <test-report@dpdk.org>; Mon, 15 Apr 2024 11:38:55 -0700 (PDT)
DKIM-Signature: v=1; a=rsa-sha256; c=relaxed/relaxed;
 d=iol.unh.edu; s=unh-iol; t=1713206335; x=1713811135; darn=dpdk.org;
 h=references:in-reply-to:cc:to:from:subject:message-id:date:from:to
 :cc:subject:date:message-id:reply-to;
 bh=AVBQz0YFS6M5w/htbYTHrDNxVxUGu/G4MCGidXqSS4w=;
 b=VRpsKgnm5qI+QOouK4ntuBjSCuJSm7KyzFtsw0UlManC/02+zBKGJMOe5OrnEbexWb
 0Smc5R8z0VKPfHsN5J6afI9rr+5o8RhhACqDMNHDzbTY19g5/1x8ZYG82dV1f5ZHw5Vv
 vZzZNApXVq9YP2pg/kUa7L9FOPCztEF1Adviw=
X-Google-DKIM-Signature: v=1; a=rsa-sha256; c=relaxed/relaxed;
 d=1e100.net; s=20230601; t=1713206335; x=1713811135;
 h=references:in-reply-to:cc:to:from:subject:message-id:date
 :x-gm-message-state:from:to:cc:subject:date:message-id:reply-to;
 bh=AVBQz0YFS6M5w/htbYTHrDNxVxUGu/G4MCGidXqSS4w=;
 b=a3KHu5hK6ipwSkEcow4dRscMi+w+rNQB+Appp1bRLKfrxZvhH317X98/dOPtcTCQ5Q
 vB+C6Usg+FCqbbUU9Ecps1lYG4UMkdZao04NqA5dTkiT1aYXii3R4uP1CHDI45cJIwoN
 pOZjmZo07YSM3ZuMfNi4/PlmkWLzZssHAqhNMluIaC2zX4ktRKNMDm+9IUXLNnkv4iwq
 d5Op/jxrUeT9MNf0rFzJWJgMnqbIVrdZGjSPs+jtzDpMAAabkmFXE9hNbu4W/XLyafSv
 zulYU1wgH7qEXnzdO2SgEkvH0c70f3Gn4ow3RzKnM2ZPx8+Vh17svxdIQxMA/EEfCcct
 WpNw==
X-Gm-Message-State: AOJu0Ywud52ndBIRgaheeurKksJMM9hoCUC4LK3H9Bx/hKE+gGCFgMfZ
 gEzMXfBm42VbQdV+roQxVgnuy/1j/acsYXcj1koSLQSKSssz2ZNXh+1dGX8vV2i3ff3/ovug4ct
 L5E/TsGDrGmM0mNmZWdOS4q0S8Bs3oPNLBwHuy1025Psj5e8fY4UNE669
X-Google-Smtp-Source: AGHT+IFB5DUCDTrlxAI5NXLcrhC1THc0/rN5O0sJOwyDbbqf+Gw9eVv2XNksZ7Eb1VJL4EMn09GGUzEOBCEP
X-Received: by 2002:a05:6a20:a11a:b0:1a7:5b43:326d with SMTP id
 q26-20020a056a20a11a00b001a75b43326dmr15440674pzk.22.1713206335127; 
 Mon, 15 Apr 2024 11:38:55 -0700 (PDT)
Received: from postal.iol.unh.edu (postal.iol.unh.edu.
 [2606:4100:3880:1234::84]) by smtp-relay.gmail.com with ESMTPS id
 kq5-20020a170903284500b001e2925dccb2sm400132plb.89.2024.04.15.11.38.55
 (version=TLS1_2 cipher=ECDHE-ECDSA-AES128-GCM-SHA256 bits=128/128);
 Mon, 15 Apr 2024 11:38:55 -0700 (PDT)
X-Relaying-Domain: iol.unh.edu
Date: Mon, 15 Apr 2024 11:38:55 -0700 (PDT)
Message-ID: <661d743f.170a0220.30098.16a7SMTPIN_ADDED_MISSING@mx.google.com>
Received: from [172.17.0.3] (unknown [172.18.0.217])
 by postal.iol.unh.edu (Postfix) with ESMTP id 471AD604A95D;
 Mon, 15 Apr 2024 14:38:54 -0400 (EDT)
Subject: |FAILURE| pw139283-139290 [PATCH] [8/8] dma/odm: add remaining ops
From: dpdklab@iol.unh.edu
To: Test Report <test-report@dpdk.org>
Cc: dpdk-test-reports@iol.unh.edu, Anoob Joseph <anoobj@marvell.com>
In-Reply-To: <20240415153159.86-9-anoobj@marvell.com>
References: <20240415153159.86-9-anoobj@marvell.com>
Content-Type: text/plain
X-BeenThere: test-report@dpdk.org
X-Mailman-Version: 2.1.29
Precedence: list
List-Id: automatic DPDK test reports <test-report.dpdk.org>
List-Unsubscribe: <https://mails.dpdk.org/options/test-report>,
 <mailto:test-report-request@dpdk.org?subject=unsubscribe>
List-Archive: <http://mails.dpdk.org/archives/test-report/>
List-Post: <mailto:test-report@dpdk.org>
List-Help: <mailto:test-report-request@dpdk.org?subject=help>
List-Subscribe: <https://mails.dpdk.org/listinfo/test-report>,
 <mailto:test-report-request@dpdk.org?subject=subscribe>
Errors-To: test-report-bounces@dpdk.org

Test-Label: iol-compile-amd64-testing
Test-Status: FAILURE
http://dpdk.org/patch/139290

_Testing issues_

Submitter: Anoob Joseph <anoobj@marvell.com>
Date: Monday, April 15 2024 15:31:59 
DPDK git baseline: Repo:dpdk
  Branch: master
  CommitID:e2e546ab5bf5e024986ccb5310ab43982f3bb40c

139283-139290 --> testing fail

Test environment and result as below:

+---------------------+-------------------+--------------------+----------------------+
|     Environment     | dpdk_msvc_compile | dpdk_meson_compile | dpdk_mingw64_compile |
+=====================+===================+====================+======================+
| Windows Server 2022 | PASS              | PASS               | PASS                 |
+---------------------+-------------------+--------------------+----------------------+
| Fedora 37           | SKIPPED           | FAIL               | SKIPPED              |
+---------------------+-------------------+--------------------+----------------------+
| Fedora 39           | SKIPPED           | PASS               | SKIPPED              |
+---------------------+-------------------+--------------------+----------------------+
| Debian 12           | SKIPPED           | FAIL               | SKIPPED              |
+---------------------+-------------------+--------------------+----------------------+
| FreeBSD 13.2        | SKIPPED           | PASS               | SKIPPED              |
+---------------------+-------------------+--------------------+----------------------+
| Debian Bullseye     | SKIPPED           | PASS               | SKIPPED              |
+---------------------+-------------------+--------------------+----------------------+
| CentOS Stream 8     | SKIPPED           | PASS               | SKIPPED              |
+---------------------+-------------------+--------------------+----------------------+
| Ubuntu 22.04        | SKIPPED           | PASS               | SKIPPED              |
+---------------------+-------------------+--------------------+----------------------+
| Windows Server 2019 | SKIPPED           | PASS               | PASS                 |
+---------------------+-------------------+--------------------+----------------------+
| Ubuntu 20.04        | SKIPPED           | PASS               | SKIPPED              |
+---------------------+-------------------+--------------------+----------------------+
| openSUSE Leap 15    | SKIPPED           | PASS               | SKIPPED              |
+---------------------+-------------------+--------------------+----------------------+
| RHEL8               | SKIPPED           | PASS               | SKIPPED              |
+---------------------+-------------------+--------------------+----------------------+
| Fedora 38           | SKIPPED           | PASS               | SKIPPED              |
+---------------------+-------------------+--------------------+----------------------+
| Alpine              | SKIPPED           | FAIL               | SKIPPED              |
+---------------------+-------------------+--------------------+----------------------+
| CentOS Stream 9     | SKIPPED           | PASS               | SKIPPED              |
+---------------------+-------------------+--------------------+----------------------+

==== 20 line log output for Alpine (dpdk_meson_compile): ====

Windows Server 2022
	Kernel: 10.0.20348.2031
	Compiler: clang 15.0.7, gcc 8.1.0 (MinGW), and MSVC VS 17.9

Fedora 37
	Kernel: Depends on container host system
	Compiler: gcc 12.3.1

Fedora 39
	Kernel: Depends on container host
	Compiler: gcc 13.2.1

Debian 12
	Kernel: Container Host Kernel
	Compiler: gcc 10.2.1

FreeBSD 13.2
	Kernel: 13.2
	Compiler: clang 14.0.5

Debian Bullseye
	Kernel: 5.4.0-167-generic
	Compiler: gcc 10.2.1-6

CentOS Stream 8
	Kernel: 5.4.0-167-generic
	Compiler: gcc 8.5.0 20210514

Ubuntu 22.04
	Kernel: 5.4.0-167-generic
	Compiler: gcc 11.4.0

Windows Server 2019
	Kernel: 10.0.17763
	Compiler: clang 14.0 and gcc 8.1.0 (MinGW)

Ubuntu 20.04
	Kernel: 5.4.0-167-generic
	Compiler: gcc 9.4.0-1ubuntu1~20.04.1

openSUSE Leap 15
	Kernel: 5.4.0-167-generic
	Compiler: gcc 7.5.0

RHEL8
	Kernel: 5.4.0-167-generic
	Compiler: gcc 8.5.0 20210514 (Red Hat 8.5.0-20)

Fedora 38
	Kernel: Depends on container host
	Compiler: gcc 13.2.1

Alpine
	Kernel: 5.4.0-167-generic
	Compiler: gcc (Alpine 12.2.1_git20220924-r10) 12.2.1 20220924

CentOS Stream 9
	Kernel: 5.4.0-167-generic
	Compiler: gcc 11.4.1 20230605

To view detailed results, visit:
https://lab.dpdk.org/results/dashboard/patchsets/29778/

UNH-IOL DPDK Community Lab

To manage your email subscriptions, visit: 
https://lab.dpdk.org/results/dashboard/preferences/subscriptions/