From mboxrd@z Thu Jan  1 00:00:00 1970
Return-Path: <test-report-bounces@dpdk.org>
Received: from mails.dpdk.org (mails.dpdk.org [217.70.189.124])
	by inbox.dpdk.org (Postfix) with ESMTP id 22D6E43E74
	for <public@inbox.dpdk.org>; Tue, 16 Apr 2024 15:34:52 +0200 (CEST)
Received: from mails.dpdk.org (localhost [127.0.0.1])
	by mails.dpdk.org (Postfix) with ESMTP id 18FC940268;
	Tue, 16 Apr 2024 15:34:52 +0200 (CEST)
Received: from mail-ua1-f98.google.com (mail-ua1-f98.google.com
 [209.85.222.98]) by mails.dpdk.org (Postfix) with ESMTP id 8D20240262
 for <test-report@dpdk.org>; Tue, 16 Apr 2024 15:34:50 +0200 (CEST)
Received: by mail-ua1-f98.google.com with SMTP id
 a1e0cc1a2514c-7e3e0b2f653so1299162241.0
 for <test-report@dpdk.org>; Tue, 16 Apr 2024 06:34:50 -0700 (PDT)
DKIM-Signature: v=1; a=rsa-sha256; c=relaxed/relaxed;
 d=iol.unh.edu; s=unh-iol; t=1713274490; x=1713879290; darn=dpdk.org;
 h=references:in-reply-to:cc:to:from:subject:message-id:date:from:to
 :cc:subject:date:message-id:reply-to;
 bh=7qraB5mAeWSeTmz+klEjtqxK0HFjA0j42kpuUIxDo0Y=;
 b=eqY7/Eo7eR8wpf4+sVtLYjnYR42s/EOZeUP66eGNopxTAGXANxxBqAML/zQChQdUhj
 YWaQxuYdc5D9OjfxqjrhVNOBXJekIy5jyUacBt3T/hXDZcEBNXzQBcyHpbAVBrMXvjZn
 MBBLkhkMrqiv85QeRE1zePU+2GlxtCQrXJ8aU=
X-Google-DKIM-Signature: v=1; a=rsa-sha256; c=relaxed/relaxed;
 d=1e100.net; s=20230601; t=1713274490; x=1713879290;
 h=references:in-reply-to:cc:to:from:subject:message-id:date
 :x-gm-message-state:from:to:cc:subject:date:message-id:reply-to;
 bh=7qraB5mAeWSeTmz+klEjtqxK0HFjA0j42kpuUIxDo0Y=;
 b=fvnoVp6Ml3yq90Gf0kC4SIOO/ONGbGu1x7oJe0HlxVCxapOEgsHPNnfItPvB4lYL/r
 Rgmen2NQaAy2q25y7sOT+6w8qRNUod/rOT6iw8fwA4nSOodu511WDA5TzU+kgv8WKIKI
 jlb3XkYSGRAtO8h7O72gRA1Xw4gIpfqrlZfqQJvyX2WBENV0Jr9kD6cjxC/A6eOu3a28
 3slMu+jeVzY9pUkINmINkED1s2X6/waDyaq93JOTJZw1nxc4Y6MI5le0DUx8exO939Vq
 U2nWG0CPOIidzSd/AhUorGKpB1gUhCTRVqIkuKXowjJQZb/rFYrK1rCNZKhoLdTSUvp2
 MzHw==
X-Gm-Message-State: AOJu0YxlDlBe4MkufPkqga7GOLNNgN+7PZYwr9iHThtbiQgQIHxaUsp7
 UDz7kGYWoHkM/tKz/a0iLSS2XqrNj1R5sBhkrnph7oAT8IHnAfbZL9MiWK5nLXYqJ8qRG1I6Idp
 xJ/Gk6JUMVV6JglkVZQTrBLfDgmGFYLvIFNMdYO71AjY9+Cas+T7wWwLt
X-Google-Smtp-Source: AGHT+IFNdsFX5ZTiyfqxGtu52ck1I6PeKeBtDLdz4Kq+ymBOwRaDoh3quiQ8EuswC2uWJIlpUckXObh38Bmi
X-Received: by 2002:a05:6122:2089:b0:4d3:4aad:1b9c with SMTP id
 i9-20020a056122208900b004d34aad1b9cmr11464368vkd.0.1713274490017; 
 Tue, 16 Apr 2024 06:34:50 -0700 (PDT)
Received: from postal.iol.unh.edu (postal.iol.unh.edu.
 [2606:4100:3880:1234::84]) by smtp-relay.gmail.com with ESMTPS id
 cl37-20020a056122252500b004c0255a7384sm783803vkb.1.2024.04.16.06.34.49
 (version=TLS1_2 cipher=ECDHE-ECDSA-AES128-GCM-SHA256 bits=128/128);
 Tue, 16 Apr 2024 06:34:50 -0700 (PDT)
X-Relaying-Domain: iol.unh.edu
Date: Tue, 16 Apr 2024 06:34:50 -0700 (PDT)
Message-ID: <661e7e7a.050a0220.3db37.1d95SMTPIN_ADDED_MISSING@mx.google.com>
Received: from [172.17.0.2] (unknown [172.18.0.217])
 by postal.iol.unh.edu (Postfix) with ESMTP id 96727604A958;
 Tue, 16 Apr 2024 09:34:49 -0400 (EDT)
Subject: |FAILURE| pw139416-139417 [PATCH] [v1,2/2] test/dma: add functions t
From: dpdklab@iol.unh.edu
To: Test Report <test-report@dpdk.org>
Cc: dpdk-test-reports@iol.unh.edu, Vidya Sagar Velumuri <vvelumuri@marvell.com>
In-Reply-To: <20240416123747.4133884-2-vvelumuri@marvell.com>
References: <20240416123747.4133884-2-vvelumuri@marvell.com>
Content-Type: text/plain
X-BeenThere: test-report@dpdk.org
X-Mailman-Version: 2.1.29
Precedence: list
List-Id: automatic DPDK test reports <test-report.dpdk.org>
List-Unsubscribe: <https://mails.dpdk.org/options/test-report>,
 <mailto:test-report-request@dpdk.org?subject=unsubscribe>
List-Archive: <http://mails.dpdk.org/archives/test-report/>
List-Post: <mailto:test-report@dpdk.org>
List-Help: <mailto:test-report-request@dpdk.org?subject=help>
List-Subscribe: <https://mails.dpdk.org/listinfo/test-report>,
 <mailto:test-report-request@dpdk.org?subject=subscribe>
Errors-To: test-report-bounces@dpdk.org

Test-Label: iol-compile-amd64-testing
Test-Status: FAILURE
http://dpdk.org/patch/139417

_Testing issues_

Submitter: Vidya Sagar Velumuri <vvelumuri@marvell.com>
Date: Tuesday, April 16 2024 12:37:47 
DPDK git baseline: Repo:dpdk
  Branch: master
  CommitID:e2e546ab5bf5e024986ccb5310ab43982f3bb40c

139416-139417 --> testing fail

Test environment and result as below:

+---------------------+--------------------+----------------------+-------------------+
|     Environment     | dpdk_meson_compile | dpdk_mingw64_compile | dpdk_msvc_compile |
+=====================+====================+======================+===================+
| CentOS Stream 8     | PASS               | SKIPPED              | SKIPPED           |
+---------------------+--------------------+----------------------+-------------------+
| FreeBSD 13.2        | PASS               | SKIPPED              | SKIPPED           |
+---------------------+--------------------+----------------------+-------------------+
| Windows Server 2019 | FAIL               | FAIL                 | SKIPPED           |
+---------------------+--------------------+----------------------+-------------------+
| CentOS Stream 9     | PASS               | SKIPPED              | SKIPPED           |
+---------------------+--------------------+----------------------+-------------------+
| Windows Server 2022 | FAIL               | FAIL                 | PASS              |
+---------------------+--------------------+----------------------+-------------------+
| Debian Bullseye     | PASS               | SKIPPED              | SKIPPED           |
+---------------------+--------------------+----------------------+-------------------+
| Debian 12           | PASS               | SKIPPED              | SKIPPED           |
+---------------------+--------------------+----------------------+-------------------+
| Fedora 37           | PASS               | SKIPPED              | SKIPPED           |
+---------------------+--------------------+----------------------+-------------------+
| Fedora 38           | PASS               | SKIPPED              | SKIPPED           |
+---------------------+--------------------+----------------------+-------------------+
| Fedora 39           | PASS               | SKIPPED              | SKIPPED           |
+---------------------+--------------------+----------------------+-------------------+
| Ubuntu 22.04        | PASS               | SKIPPED              | SKIPPED           |
+---------------------+--------------------+----------------------+-------------------+
| RHEL8               | PASS               | SKIPPED              | SKIPPED           |
+---------------------+--------------------+----------------------+-------------------+
| Ubuntu 20.04        | PASS               | SKIPPED              | SKIPPED           |
+---------------------+--------------------+----------------------+-------------------+
| Alpine              | PASS               | SKIPPED              | SKIPPED           |
+---------------------+--------------------+----------------------+-------------------+
| openSUSE Leap 15    | PASS               | SKIPPED              | SKIPPED           |
+---------------------+--------------------+----------------------+-------------------+

==== 20 line log output for Windows Server 2022 (dpdk_mingw64_compile): ====

CentOS Stream 8
	Kernel: 5.4.0-167-generic
	Compiler: gcc 8.5.0 20210514

FreeBSD 13.2
	Kernel: 13.2
	Compiler: clang 14.0.5

Windows Server 2019
	Kernel: 10.0.17763
	Compiler: clang 14.0 and gcc 8.1.0 (MinGW)

CentOS Stream 9
	Kernel: 5.4.0-167-generic
	Compiler: gcc 11.4.1 20230605

Windows Server 2022
	Kernel: 10.0.20348.2031
	Compiler: clang 15.0.7, gcc 8.1.0 (MinGW), and MSVC VS 17.9

Debian Bullseye
	Kernel: 5.4.0-167-generic
	Compiler: gcc 10.2.1-6

Debian 12
	Kernel: Container Host Kernel
	Compiler: gcc 10.2.1

Fedora 37
	Kernel: Depends on container host system
	Compiler: gcc 12.3.1

Fedora 38
	Kernel: Depends on container host
	Compiler: gcc 13.2.1

Fedora 39
	Kernel: Depends on container host
	Compiler: gcc 13.2.1

Ubuntu 22.04
	Kernel: 5.4.0-167-generic
	Compiler: gcc 11.4.0

RHEL8
	Kernel: 5.4.0-167-generic
	Compiler: gcc 8.5.0 20210514 (Red Hat 8.5.0-20)

Ubuntu 20.04
	Kernel: 5.4.0-167-generic
	Compiler: gcc 9.4.0-1ubuntu1~20.04.1

Alpine
	Kernel: 5.4.0-167-generic
	Compiler: gcc (Alpine 12.2.1_git20220924-r10) 12.2.1 20220924

openSUSE Leap 15
	Kernel: 5.4.0-167-generic
	Compiler: gcc 7.5.0

To view detailed results, visit:
https://lab.dpdk.org/results/dashboard/patchsets/29790/

UNH-IOL DPDK Community Lab

To manage your email subscriptions, visit: 
https://lab.dpdk.org/results/dashboard/preferences/subscriptions/