From mboxrd@z Thu Jan  1 00:00:00 1970
Return-Path: <test-report-bounces@dpdk.org>
Received: from mails.dpdk.org (mails.dpdk.org [217.70.189.124])
	by inbox.dpdk.org (Postfix) with ESMTP id BDA7D43E74
	for <public@inbox.dpdk.org>; Tue, 16 Apr 2024 15:36:14 +0200 (CEST)
Received: from mails.dpdk.org (localhost [127.0.0.1])
	by mails.dpdk.org (Postfix) with ESMTP id B5BD840268;
	Tue, 16 Apr 2024 15:36:14 +0200 (CEST)
Received: from mail-yw1-f226.google.com (mail-yw1-f226.google.com
 [209.85.128.226])
 by mails.dpdk.org (Postfix) with ESMTP id 6C06D40262
 for <test-report@dpdk.org>; Tue, 16 Apr 2024 15:36:11 +0200 (CEST)
Received: by mail-yw1-f226.google.com with SMTP id
 00721157ae682-618944792c3so37810727b3.1
 for <test-report@dpdk.org>; Tue, 16 Apr 2024 06:36:11 -0700 (PDT)
DKIM-Signature: v=1; a=rsa-sha256; c=relaxed/relaxed;
 d=iol.unh.edu; s=unh-iol; t=1713274571; x=1713879371; darn=dpdk.org;
 h=references:in-reply-to:cc:to:from:subject:message-id:date:from:to
 :cc:subject:date:message-id:reply-to;
 bh=7qraB5mAeWSeTmz+klEjtqxK0HFjA0j42kpuUIxDo0Y=;
 b=a6DHS/0hdNbAvjA0yQOMWpRBnoc9K76wtXy4b1kiEsq/laJIDs1c2YkCx/7kzXv+dK
 yIIoqV6zIJUvBQyyHH6VCTLmY8c32J0aAodB3IHalhvun2wgHn4qN0m5Uv/RMuj7RgjN
 AdManK0o81G/rMhbhPYi4Ac7qaDmCyEawE7ck=
X-Google-DKIM-Signature: v=1; a=rsa-sha256; c=relaxed/relaxed;
 d=1e100.net; s=20230601; t=1713274571; x=1713879371;
 h=references:in-reply-to:cc:to:from:subject:message-id:date
 :x-gm-message-state:from:to:cc:subject:date:message-id:reply-to;
 bh=7qraB5mAeWSeTmz+klEjtqxK0HFjA0j42kpuUIxDo0Y=;
 b=dQxXpTtRFrjt2WwvwBJQoAOAO7D0xKVKi8tBrH75skUIajmAle8FBzxBhCKUaydJ4O
 d91qLWzt0qWF7vUJDeFbOOUgrebqKvrXiMwbQcDZJ3T/mIGLD5FGAzUJYWfij+Pw3Ric
 nEjLpddK3HFFzRA0noMRvCt1LSqtmw1KQXBr4HefexqgKhfXtC7tbn6JeFUkLu8vHgv/
 MSb3gIBsNuyTWf5UulBY5EhVBoowE4Fu7C0SYdlBIB564xDZ1aZBGJJ74RaEk051bnl9
 xkYZ/8HQME/aNCaoRD1q5Du5oTtSDg00gcB+jl4IPLYkWdlGOT7C/W1PunJh2op9Jrbx
 i7XQ==
X-Gm-Message-State: AOJu0Yy2GPLXUigM+9hhYhfOoLTAWMu+ujOi/FxiPUH+pktjCsmlnWU6
 K7Vty//ql79r2p1C5FJ8c83a/wA9d4WUbp5AO09NUfzsQffg09eVo9WXEVv0cB5H2SdiES/WM15
 +fU8k06CthM9tDbArXXa9ujw+/wLXITT8dsAst+JP
X-Google-Smtp-Source: AGHT+IEsFeYuixXDCb+yo9SIf5Mlhjc1aPybD7m5cRf7I13nq13HO8K9fguhphSPG9TF/uyp5PIBNWRi6bkG
X-Received: by 2002:a81:a1cc:0:b0:615:2ed7:59c with SMTP id
 y195-20020a81a1cc000000b006152ed7059cmr12591028ywg.47.1713274570828; 
 Tue, 16 Apr 2024 06:36:10 -0700 (PDT)
Received: from postal.iol.unh.edu (postal.iol.unh.edu. [132.177.123.84])
 by smtp-relay.gmail.com with ESMTPS id
 u1-20020a81e601000000b00614e869b33bsm618245ywl.41.2024.04.16.06.36.10
 (version=TLS1_2 cipher=ECDHE-ECDSA-AES128-GCM-SHA256 bits=128/128);
 Tue, 16 Apr 2024 06:36:10 -0700 (PDT)
X-Relaying-Domain: iol.unh.edu
Date: Tue, 16 Apr 2024 06:36:10 -0700 (PDT)
Message-ID: <661e7eca.810a0220.f8ac.7ef9SMTPIN_ADDED_MISSING@mx.google.com>
Received: from [172.17.0.2] (unknown [172.18.0.217])
 by postal.iol.unh.edu (Postfix) with ESMTP id 840A5604A958;
 Tue, 16 Apr 2024 09:36:10 -0400 (EDT)
Subject: |FAILURE| pw139416-139417 [PATCH] [v1,2/2] test/dma: add functions t
From: dpdklab@iol.unh.edu
To: Test Report <test-report@dpdk.org>
Cc: dpdk-test-reports@iol.unh.edu, Vidya Sagar Velumuri <vvelumuri@marvell.com>
In-Reply-To: <20240416123747.4133884-2-vvelumuri@marvell.com>
References: <20240416123747.4133884-2-vvelumuri@marvell.com>
Content-Type: text/plain
X-BeenThere: test-report@dpdk.org
X-Mailman-Version: 2.1.29
Precedence: list
List-Id: automatic DPDK test reports <test-report.dpdk.org>
List-Unsubscribe: <https://mails.dpdk.org/options/test-report>,
 <mailto:test-report-request@dpdk.org?subject=unsubscribe>
List-Archive: <http://mails.dpdk.org/archives/test-report/>
List-Post: <mailto:test-report@dpdk.org>
List-Help: <mailto:test-report-request@dpdk.org?subject=help>
List-Subscribe: <https://mails.dpdk.org/listinfo/test-report>,
 <mailto:test-report-request@dpdk.org?subject=subscribe>
Errors-To: test-report-bounces@dpdk.org

Test-Label: iol-compile-amd64-testing
Test-Status: FAILURE
http://dpdk.org/patch/139417

_Testing issues_

Submitter: Vidya Sagar Velumuri <vvelumuri@marvell.com>
Date: Tuesday, April 16 2024 12:37:47 
DPDK git baseline: Repo:dpdk
  Branch: master
  CommitID:e2e546ab5bf5e024986ccb5310ab43982f3bb40c

139416-139417 --> testing fail

Test environment and result as below:

+---------------------+--------------------+----------------------+-------------------+
|     Environment     | dpdk_meson_compile | dpdk_mingw64_compile | dpdk_msvc_compile |
+=====================+====================+======================+===================+
| CentOS Stream 8     | PASS               | SKIPPED              | SKIPPED           |
+---------------------+--------------------+----------------------+-------------------+
| FreeBSD 13.2        | PASS               | SKIPPED              | SKIPPED           |
+---------------------+--------------------+----------------------+-------------------+
| Windows Server 2019 | FAIL               | FAIL                 | SKIPPED           |
+---------------------+--------------------+----------------------+-------------------+
| CentOS Stream 9     | PASS               | SKIPPED              | SKIPPED           |
+---------------------+--------------------+----------------------+-------------------+
| Windows Server 2022 | FAIL               | FAIL                 | PASS              |
+---------------------+--------------------+----------------------+-------------------+
| Debian Bullseye     | PASS               | SKIPPED              | SKIPPED           |
+---------------------+--------------------+----------------------+-------------------+
| Debian 12           | PASS               | SKIPPED              | SKIPPED           |
+---------------------+--------------------+----------------------+-------------------+
| Fedora 37           | PASS               | SKIPPED              | SKIPPED           |
+---------------------+--------------------+----------------------+-------------------+
| Fedora 38           | PASS               | SKIPPED              | SKIPPED           |
+---------------------+--------------------+----------------------+-------------------+
| Fedora 39           | PASS               | SKIPPED              | SKIPPED           |
+---------------------+--------------------+----------------------+-------------------+
| Ubuntu 22.04        | PASS               | SKIPPED              | SKIPPED           |
+---------------------+--------------------+----------------------+-------------------+
| RHEL8               | PASS               | SKIPPED              | SKIPPED           |
+---------------------+--------------------+----------------------+-------------------+
| Ubuntu 20.04        | PASS               | SKIPPED              | SKIPPED           |
+---------------------+--------------------+----------------------+-------------------+
| Alpine              | PASS               | SKIPPED              | SKIPPED           |
+---------------------+--------------------+----------------------+-------------------+
| openSUSE Leap 15    | PASS               | SKIPPED              | SKIPPED           |
+---------------------+--------------------+----------------------+-------------------+

==== 20 line log output for Windows Server 2022 (dpdk_mingw64_compile): ====

CentOS Stream 8
	Kernel: 5.4.0-167-generic
	Compiler: gcc 8.5.0 20210514

FreeBSD 13.2
	Kernel: 13.2
	Compiler: clang 14.0.5

Windows Server 2019
	Kernel: 10.0.17763
	Compiler: clang 14.0 and gcc 8.1.0 (MinGW)

CentOS Stream 9
	Kernel: 5.4.0-167-generic
	Compiler: gcc 11.4.1 20230605

Windows Server 2022
	Kernel: 10.0.20348.2031
	Compiler: clang 15.0.7, gcc 8.1.0 (MinGW), and MSVC VS 17.9

Debian Bullseye
	Kernel: 5.4.0-167-generic
	Compiler: gcc 10.2.1-6

Debian 12
	Kernel: Container Host Kernel
	Compiler: gcc 10.2.1

Fedora 37
	Kernel: Depends on container host system
	Compiler: gcc 12.3.1

Fedora 38
	Kernel: Depends on container host
	Compiler: gcc 13.2.1

Fedora 39
	Kernel: Depends on container host
	Compiler: gcc 13.2.1

Ubuntu 22.04
	Kernel: 5.4.0-167-generic
	Compiler: gcc 11.4.0

RHEL8
	Kernel: 5.4.0-167-generic
	Compiler: gcc 8.5.0 20210514 (Red Hat 8.5.0-20)

Ubuntu 20.04
	Kernel: 5.4.0-167-generic
	Compiler: gcc 9.4.0-1ubuntu1~20.04.1

Alpine
	Kernel: 5.4.0-167-generic
	Compiler: gcc (Alpine 12.2.1_git20220924-r10) 12.2.1 20220924

openSUSE Leap 15
	Kernel: 5.4.0-167-generic
	Compiler: gcc 7.5.0

To view detailed results, visit:
https://lab.dpdk.org/results/dashboard/patchsets/29790/

UNH-IOL DPDK Community Lab

To manage your email subscriptions, visit: 
https://lab.dpdk.org/results/dashboard/preferences/subscriptions/