From mboxrd@z Thu Jan  1 00:00:00 1970
Return-Path: <test-report-bounces@dpdk.org>
Received: from mails.dpdk.org (mails.dpdk.org [217.70.189.124])
	by inbox.dpdk.org (Postfix) with ESMTP id 2EF2D43E74
	for <public@inbox.dpdk.org>; Tue, 16 Apr 2024 15:36:52 +0200 (CEST)
Received: from mails.dpdk.org (localhost [127.0.0.1])
	by mails.dpdk.org (Postfix) with ESMTP id 2743C40268;
	Tue, 16 Apr 2024 15:36:52 +0200 (CEST)
Received: from mail-qv1-f99.google.com (mail-qv1-f99.google.com
 [209.85.219.99]) by mails.dpdk.org (Postfix) with ESMTP id 82CE340262
 for <test-report@dpdk.org>; Tue, 16 Apr 2024 15:36:47 +0200 (CEST)
Received: by mail-qv1-f99.google.com with SMTP id
 6a1803df08f44-69b628c4893so27720226d6.0
 for <test-report@dpdk.org>; Tue, 16 Apr 2024 06:36:47 -0700 (PDT)
DKIM-Signature: v=1; a=rsa-sha256; c=relaxed/relaxed;
 d=iol.unh.edu; s=unh-iol; t=1713274607; x=1713879407; darn=dpdk.org;
 h=references:in-reply-to:cc:to:from:subject:message-id:date:from:to
 :cc:subject:date:message-id:reply-to;
 bh=8fXcxc7mL74djX2f9Wh6I1FE8Gd7S2tIWNithPeSylk=;
 b=bGyUX2QYlzr3Qh0m31GTsKgbFJ5PTX7Y4hZw6e7RLLfsqbAPmX8OZaWrCxkhmaTtQF
 TNXqaRPg8MyGQAPTF52o/O0ti0yKhyVkDGcPmuLaA2bVCY28ekl+SF1WgIz1Jx1A1PqM
 P92abyseGjDYD6BFuFDVn06ewivoZ8pPty3EQ=
X-Google-DKIM-Signature: v=1; a=rsa-sha256; c=relaxed/relaxed;
 d=1e100.net; s=20230601; t=1713274607; x=1713879407;
 h=references:in-reply-to:cc:to:from:subject:message-id:date
 :x-gm-message-state:from:to:cc:subject:date:message-id:reply-to;
 bh=8fXcxc7mL74djX2f9Wh6I1FE8Gd7S2tIWNithPeSylk=;
 b=AsXi5tAmVsVG74elzHEpqUQdCT1TtA+ND4g06wqy9zcwoLWB11yJ4M3hIFHHoWPQ8O
 Jv20TmDdj3Y0iVDmIfyANRsxpn62nQgHHuNNslXLM37e+fml4ZLwT/CgcrIvwKpCdxgs
 E8c1oqq0ecHm76oLxfrvdbNwooRhUUJ5MXGGhA4aqGtHKhlPwpZ+jfZwWZu6/Y8RPmcV
 rq6uYQsf+7XnBdJ2NuxMNV1HKPn85J8CDQPfTBxoI2JLUdL90i+tRTjvL9lBrrvCp/Z7
 KP9ntVhWV5Jf6MYj4cVFM9UlDEizFVtXdUM7tACwqeUeEcwMTeJi76tnrIufkAD43YUC
 C5tw==
X-Gm-Message-State: AOJu0YwEzrTHSBGh/YNLtBtvo98OjU6212Wq4YmQFWkcEKrWByERsDc3
 u2zfvobvVUFxYYalEzEpN2OS1fK82Rv93JdNiWqU449hwpLnoqDdSHE/ncKZ8GvstjCaUgJfS7p
 aYVygJ3YyZs1gKXZ+ZoQ7RJHiroMCnoDRKIYU8+kK
X-Google-Smtp-Source: AGHT+IGfIel/2qmTk3EN/1CW9I401qo8r07bQ4277oX9VDS+5miDq+FWf+iEMwAI6ARtUcm7AR9gKWFoHBnn
X-Received: by 2002:ad4:530c:0:b0:69b:7143:c58a with SMTP id
 y12-20020ad4530c000000b0069b7143c58amr3462647qvr.26.1713274607004; 
 Tue, 16 Apr 2024 06:36:47 -0700 (PDT)
Received: from postal.iol.unh.edu (postal.iol.unh.edu. [132.177.123.84])
 by smtp-relay.gmail.com with ESMTPS id
 gy14-20020a056214242e00b006993776a962sm1013910qvb.46.2024.04.16.06.36.46
 (version=TLS1_2 cipher=ECDHE-ECDSA-AES128-GCM-SHA256 bits=128/128);
 Tue, 16 Apr 2024 06:36:46 -0700 (PDT)
X-Relaying-Domain: iol.unh.edu
Date: Tue, 16 Apr 2024 06:36:46 -0700 (PDT)
Message-ID: <661e7eee.050a0220.d50e3.1d43SMTPIN_ADDED_MISSING@mx.google.com>
Received: from [172.17.0.5] (unknown [172.18.0.217])
 by postal.iol.unh.edu (Postfix) with ESMTP id B16D3604A958;
 Tue, 16 Apr 2024 09:36:46 -0400 (EDT)
Subject: |FAILURE| pw139416-139417 [PATCH] [v1,2/2] test/dma: add functions t
From: dpdklab@iol.unh.edu
To: Test Report <test-report@dpdk.org>
Cc: dpdk-test-reports@iol.unh.edu, Vidya Sagar Velumuri <vvelumuri@marvell.com>
In-Reply-To: <20240416123747.4133884-2-vvelumuri@marvell.com>
References: <20240416123747.4133884-2-vvelumuri@marvell.com>
Content-Type: text/plain
X-BeenThere: test-report@dpdk.org
X-Mailman-Version: 2.1.29
Precedence: list
List-Id: automatic DPDK test reports <test-report.dpdk.org>
List-Unsubscribe: <https://mails.dpdk.org/options/test-report>,
 <mailto:test-report-request@dpdk.org?subject=unsubscribe>
List-Archive: <http://mails.dpdk.org/archives/test-report/>
List-Post: <mailto:test-report@dpdk.org>
List-Help: <mailto:test-report-request@dpdk.org?subject=help>
List-Subscribe: <https://mails.dpdk.org/listinfo/test-report>,
 <mailto:test-report-request@dpdk.org?subject=subscribe>
Errors-To: test-report-bounces@dpdk.org

Test-Label: iol-compile-arm64-testing
Test-Status: FAILURE
http://dpdk.org/patch/139417

_Testing issues_

Submitter: Vidya Sagar Velumuri <vvelumuri@marvell.com>
Date: Tuesday, April 16 2024 12:37:47 
DPDK git baseline: Repo:dpdk
  Branch: master
  CommitID:e2e546ab5bf5e024986ccb5310ab43982f3bb40c

139416-139417 --> testing fail

Test environment and result as below:

+----------------------------------------+--------------------+
|              Environment               | dpdk_meson_compile |
+========================================+====================+
| Ubuntu 20.04 ARM SVE                   | PASS               |
+----------------------------------------+--------------------+
| Debian 12 with MUSDK                   | PASS               |
+----------------------------------------+--------------------+
| Ubuntu 20.04 (ARM)                     | PASS               |
+----------------------------------------+--------------------+
| Fedora 38 (ARM)                        | PASS               |
+----------------------------------------+--------------------+
| Debian 11 (Buster) (ARM)               | PASS               |
+----------------------------------------+--------------------+
| CentOS Stream 9 (ARM)                  | PASS               |
+----------------------------------------+--------------------+
| Ubuntu 20.04 aarch32 GCC Cross Compile | FAIL               |
+----------------------------------------+--------------------+
| Fedora 39 (ARM)                        | PASS               |
+----------------------------------------+--------------------+
| Fedora 37 (ARM)                        | PASS               |
+----------------------------------------+--------------------+
| Debian 12 (arm)                        | PASS               |
+----------------------------------------+--------------------+

==== 20 line log output for Ubuntu 20.04 aarch32 GCC Cross Compile (dpdk_meson_compile): ====

Ubuntu 20.04 ARM SVE
	Kernel: 5.4.0-167-generic
	Compiler: gcc (Ubuntu 10.5.0-1ubuntu1~20.04) 10.5.0

Debian 12 with MUSDK
	Kernel: Container Host Kernel
	Compiler: gcc 12.2.0

Ubuntu 20.04 (ARM)
	Kernel: Container Host Kernel
	Compiler: gcc 9.4.0

Fedora 38 (ARM)
	Kernel: Depends on container host
	Compiler: gcc 13.2.1

Debian 11 (Buster) (ARM)
	Kernel: Container Host Kernel
	Compiler: gcc 10.2.1

CentOS Stream 9 (ARM)
	Kernel: Container Host Kernel
	Compiler: gcc 11.4.1

Ubuntu 20.04 aarch32 GCC Cross Compile
	Kernel: 5.4.0-167-generic
	Compiler: gcc 9.4.0

Fedora 39 (ARM)
	Kernel: Depends on container host
	Compiler: gcc 13.2.1

Fedora 37 (ARM)
	Kernel: Depends on container host
	Compiler: gcc 12.3.1

Debian 12 (arm)
	Kernel: Container Host Kernel
	Compiler: gcc 12.2.0

To view detailed results, visit:
https://lab.dpdk.org/results/dashboard/patchsets/29790/

UNH-IOL DPDK Community Lab

To manage your email subscriptions, visit: 
https://lab.dpdk.org/results/dashboard/preferences/subscriptions/