From mboxrd@z Thu Jan  1 00:00:00 1970
Return-Path: <test-report-bounces@dpdk.org>
Received: from mails.dpdk.org (mails.dpdk.org [217.70.189.124])
	by inbox.dpdk.org (Postfix) with ESMTP id B61A443E74
	for <public@inbox.dpdk.org>; Tue, 16 Apr 2024 15:52:30 +0200 (CEST)
Received: from mails.dpdk.org (localhost [127.0.0.1])
	by mails.dpdk.org (Postfix) with ESMTP id AF82A40268;
	Tue, 16 Apr 2024 15:52:30 +0200 (CEST)
Received: from mail-pj1-f97.google.com (mail-pj1-f97.google.com
 [209.85.216.97]) by mails.dpdk.org (Postfix) with ESMTP id 90CAD40262
 for <test-report@dpdk.org>; Tue, 16 Apr 2024 15:52:28 +0200 (CEST)
Received: by mail-pj1-f97.google.com with SMTP id
 98e67ed59e1d1-2a564ca6f67so3701325a91.2
 for <test-report@dpdk.org>; Tue, 16 Apr 2024 06:52:28 -0700 (PDT)
DKIM-Signature: v=1; a=rsa-sha256; c=relaxed/relaxed;
 d=iol.unh.edu; s=unh-iol; t=1713275548; x=1713880348; darn=dpdk.org;
 h=references:in-reply-to:cc:to:from:subject:message-id:date:from:to
 :cc:subject:date:message-id:reply-to;
 bh=Qt3QKBnJtRnhYjT0Wx/UcSnvIFd7M0nTavhBi4USr4g=;
 b=JpDhVsMDl6/Jp62t5ipcnsqpOfX02GRqvEmGOisiaM9MKLS2e/SQrT8DlUDt98XahL
 r/LmBJmTkreXl9Lr+V7mb2Gv9EQbNE3ETJ5cbmwVCJ/fQ65R+5XUwzCqLf6af+rBhjP9
 7U2b2kG/ngzPljAsdQE9YEqZGuzkwa03NSImg=
X-Google-DKIM-Signature: v=1; a=rsa-sha256; c=relaxed/relaxed;
 d=1e100.net; s=20230601; t=1713275548; x=1713880348;
 h=references:in-reply-to:cc:to:from:subject:message-id:date
 :x-gm-message-state:from:to:cc:subject:date:message-id:reply-to;
 bh=Qt3QKBnJtRnhYjT0Wx/UcSnvIFd7M0nTavhBi4USr4g=;
 b=S8Tiriy6/n/qQ5TjvDa7MChrIIXD5xX3/9oOBmHL3/Hzo4rLz5bZeAGRWmxX+kkg5u
 3h8ihzPB+kkeuEHVCYYePcgv/Pb5Zvt6Ek6RNUTinpwtkiCw8Ngjtl/ddrp12uT240P4
 d+BTezT6VoYI8j7zansr9vr75JCCSkoXeJvsk0A9k7G+Hqky/CfAJz6tkFgHccAzJ9Vz
 tKs/W5ZB4S9WGZXiAz/DXQPCIZfegyDPd00qE2IcwDuwIxqOl1BKDP8V7De3MKFLIDaK
 JevFWkxn43mfctBzRxZKaiaWzrl1RHV6utlf9qEYZcQvvgnWBJXRbOM9aVpg3ZzP+Rlo
 eVsQ==
X-Gm-Message-State: AOJu0YwOcv0cfpxqZUnBTmDU8zUkalQpYCc1bbvwjxq1nzUW1AwiMwWK
 w2gPOWwd4w75+Hdg5XgteYlMvpZS/9a1QtBqXX2eRqV5EwluxckOQ0cvBbqAblZ3TrBWV+aA7cA
 i9CZDIudEy+KZ5N+U1U1q9W27shA4e6Yk827LdnGyc5N5a8cr6saqhY+g
X-Google-Smtp-Source: AGHT+IE5OPOefjXP7L5OSGhf2UTy7OqWqPOAT/EncvkLBsJL+b/OyZkfRLuIQSJw9GCVqMVfnMAW6K50rA43
X-Received: by 2002:a17:90b:3c3:b0:2a6:db3:1aa5 with SMTP id
 go3-20020a17090b03c300b002a60db31aa5mr12933670pjb.18.1713275547574; 
 Tue, 16 Apr 2024 06:52:27 -0700 (PDT)
Received: from postal.iol.unh.edu (postal.iol.unh.edu.
 [2606:4100:3880:1234::84]) by smtp-relay.gmail.com with ESMTPS id
 o13-20020a17090ac70d00b002a046a6311esm789303pjt.14.2024.04.16.06.52.27
 (version=TLS1_2 cipher=ECDHE-ECDSA-AES128-GCM-SHA256 bits=128/128);
 Tue, 16 Apr 2024 06:52:27 -0700 (PDT)
X-Relaying-Domain: iol.unh.edu
Date: Tue, 16 Apr 2024 06:52:27 -0700 (PDT)
Message-ID: <661e829b.170a0220.2f5cc.5541SMTPIN_ADDED_MISSING@mx.google.com>
Received: from [172.21.0.6] (unknown [172.18.0.240])
 by postal.iol.unh.edu (Postfix) with ESMTP id 01E8B604A958;
 Tue, 16 Apr 2024 09:52:27 -0400 (EDT)
Subject: |FAILURE| pw139416-139417 [PATCH] [v1,2/2] test/dma: add functions t
From: dpdklab@iol.unh.edu
To: Test Report <test-report@dpdk.org>
Cc: dpdk-test-reports@iol.unh.edu, Vidya Sagar Velumuri <vvelumuri@marvell.com>
In-Reply-To: <20240416123747.4133884-2-vvelumuri@marvell.com>
References: <20240416123747.4133884-2-vvelumuri@marvell.com>
Content-Type: text/plain
X-BeenThere: test-report@dpdk.org
X-Mailman-Version: 2.1.29
Precedence: list
List-Id: automatic DPDK test reports <test-report.dpdk.org>
List-Unsubscribe: <https://mails.dpdk.org/options/test-report>,
 <mailto:test-report-request@dpdk.org?subject=unsubscribe>
List-Archive: <http://mails.dpdk.org/archives/test-report/>
List-Post: <mailto:test-report@dpdk.org>
List-Help: <mailto:test-report-request@dpdk.org?subject=help>
List-Subscribe: <https://mails.dpdk.org/listinfo/test-report>,
 <mailto:test-report-request@dpdk.org?subject=subscribe>
Errors-To: test-report-bounces@dpdk.org

Test-Label: iol-unit-amd64-testing
Test-Status: FAILURE
http://dpdk.org/patch/139417

_Testing issues_

Submitter: Vidya Sagar Velumuri <vvelumuri@marvell.com>
Date: Tuesday, April 16 2024 12:37:47 
DPDK git baseline: Repo:dpdk
  Branch: master
  CommitID:e2e546ab5bf5e024986ccb5310ab43982f3bb40c

139416-139417 --> testing fail

Test environment and result as below:

+---------------------+----------------+
|     Environment     | dpdk_unit_test |
+=====================+================+
| Windows Server 2019 | FAIL           |
+---------------------+----------------+
| CentOS Stream 9     | PASS           |
+---------------------+----------------+
| CentOS Stream 8     | PASS           |
+---------------------+----------------+
| Debian 12           | PASS           |
+---------------------+----------------+
| Debian Bullseye     | PASS           |
+---------------------+----------------+
| Fedora 37           | PASS           |
+---------------------+----------------+
| Windows Server 2022 | FAIL           |
+---------------------+----------------+
| Fedora 38           | PASS           |
+---------------------+----------------+
| Fedora 39           | PASS           |
+---------------------+----------------+
| openSUSE Leap 15    | PASS           |
+---------------------+----------------+
| Ubuntu 20.04        | PASS           |
+---------------------+----------------+

==== 20 line log output for Windows Server 2022 (dpdk_unit_test): ====

Windows Server 2019
	Kernel: 10.0.17763
	Compiler: clang 14.0 and gcc 8.1.0 (MinGW)

CentOS Stream 9
	Kernel: 5.4.0-167-generic
	Compiler: gcc 11.4.1 20230605

CentOS Stream 8
	Kernel: 5.4.0-167-generic
	Compiler: gcc 8.5.0 20210514

Debian 12
	Kernel: Container Host Kernel
	Compiler: gcc 10.2.1

Debian Bullseye
	Kernel: 5.4.0-167-generic
	Compiler: gcc 10.2.1-6

Fedora 37
	Kernel: Depends on container host system
	Compiler: gcc 12.3.1

Windows Server 2022
	Kernel: 10.0.20348.2031
	Compiler: clang 15.0.7, gcc 8.1.0 (MinGW), and MSVC VS 17.9

Fedora 38
	Kernel: Depends on container host
	Compiler: gcc 13.2.1

Fedora 39
	Kernel: Depends on container host
	Compiler: gcc 13.2.1

openSUSE Leap 15
	Kernel: 5.4.0-167-generic
	Compiler: gcc 7.5.0

Ubuntu 20.04
	Kernel: 5.4.0-167-generic
	Compiler: gcc 9.4.0-1ubuntu1~20.04.1

To view detailed results, visit:
https://lab.dpdk.org/results/dashboard/patchsets/29790/

UNH-IOL DPDK Community Lab

To manage your email subscriptions, visit: 
https://lab.dpdk.org/results/dashboard/preferences/subscriptions/