From mboxrd@z Thu Jan  1 00:00:00 1970
Return-Path: <test-report-bounces@dpdk.org>
Received: from mails.dpdk.org (mails.dpdk.org [217.70.189.124])
	by inbox.dpdk.org (Postfix) with ESMTP id 6906343EA6
	for <public@inbox.dpdk.org>; Fri, 19 Apr 2024 00:51:53 +0200 (CEST)
Received: from mails.dpdk.org (localhost [127.0.0.1])
	by mails.dpdk.org (Postfix) with ESMTP id 4A2064027D;
	Fri, 19 Apr 2024 00:51:53 +0200 (CEST)
Received: from mail-vs1-f100.google.com (mail-vs1-f100.google.com
 [209.85.217.100])
 by mails.dpdk.org (Postfix) with ESMTP id 67DC440273
 for <test-report@dpdk.org>; Fri, 19 Apr 2024 00:51:51 +0200 (CEST)
Received: by mail-vs1-f100.google.com with SMTP id
 ada2fe7eead31-479c0e8b1c5so495815137.1
 for <test-report@dpdk.org>; Thu, 18 Apr 2024 15:51:51 -0700 (PDT)
DKIM-Signature: v=1; a=rsa-sha256; c=relaxed/relaxed;
 d=iol.unh.edu; s=unh-iol; t=1713480710; x=1714085510; darn=dpdk.org;
 h=references:in-reply-to:cc:to:from:subject:message-id:date:from:to
 :cc:subject:date:message-id:reply-to;
 bh=OolRoREUvQkykOfjJQ14ImYjJOmmNn94zStOF872R8I=;
 b=LYJrH1HLkYqumVyCPIuD5pMTXxQ4x2n0R+ldQT4yF9/iLg2HwyD0n34KliWyybz/8S
 srfjNaNbuqWJbswpiN+FzUsRNCcaNAdu37exmfPm4yBrFYCO+UQdLZIOTE26/dVzrut+
 Bdz67aOqVfH48Nhh6tNxPYqxsEUK2U7rP+Vog=
X-Google-DKIM-Signature: v=1; a=rsa-sha256; c=relaxed/relaxed;
 d=1e100.net; s=20230601; t=1713480710; x=1714085510;
 h=references:in-reply-to:cc:to:from:subject:message-id:date
 :x-gm-message-state:from:to:cc:subject:date:message-id:reply-to;
 bh=OolRoREUvQkykOfjJQ14ImYjJOmmNn94zStOF872R8I=;
 b=HkxBc3FU6KJljJDXPeSHqi8xbBXm/Az2G2q6hYZpiH5r0LqVEkWEOHFqLvsqcpjWjF
 e6VmUdJHhsA4T+FCEiddA+q4Fu/fTsn8dXvbqydwlc6s+WfCQmtFvf4V3BMbxUNywdDQ
 ArVgEz64MRSr+ynOni9UVJxKz67UM20tAD/Fic6PkoyVG1V/nbdiKp5IH9mMVEJkmtdP
 6sP7ypZqn+vhgMgqQgmOtzCXfm9pvDfNLAUvaMCPiRqvVGinUAauM/5E9p8fn1vrupRh
 wXN0zmRypQTYgY+BLvmiGLbGQAHe4vaqHdV0IWMQIEksEoMMdkPS4b5VH/MfnDTpfaTq
 XyeA==
X-Gm-Message-State: AOJu0YzbwPrqfBkG/StjNYt2o6EFgLD/S6w+MvXRVrMgQVcDgTGTEXPj
 vdV7gsQjQ4zIbSmoI1v4pZ++n0oqBJAG6wlqf1d4qPywyOhQdGmYMTdiEaNmu62WqOW8vpBiwIG
 F/DxPuRwAWL5Tl++jhwA9Qu8xJvFQSN5cEkL14vNV
X-Google-Smtp-Source: AGHT+IGArUTCKL9yjT3lTFgK7QIrDBaRikrAlLfZVHatbmxMGKuYaX0id4WL6JisS8laOcjDVCiMby1aaUHh
X-Received: by 2002:a67:fb07:0:b0:47b:b7d9:8ee0 with SMTP id
 d7-20020a67fb07000000b0047bb7d98ee0mr382094vsr.21.1713480710729; 
 Thu, 18 Apr 2024 15:51:50 -0700 (PDT)
Received: from postal.iol.unh.edu (postal.iol.unh.edu. [132.177.123.84])
 by smtp-relay.gmail.com with ESMTPS id
 v30-20020a05622a189e00b00437accac68bsm74870qtc.11.2024.04.18.15.51.50
 (version=TLS1_2 cipher=ECDHE-ECDSA-AES128-GCM-SHA256 bits=128/128);
 Thu, 18 Apr 2024 15:51:50 -0700 (PDT)
X-Relaying-Domain: iol.unh.edu
Date: Thu, 18 Apr 2024 15:51:50 -0700 (PDT)
Message-ID: <6621a406.050a0220.b6090.39f4SMTPIN_ADDED_MISSING@mx.google.com>
Received: from [172.17.0.4] (unknown [172.18.0.217])
 by postal.iol.unh.edu (Postfix) with ESMTP id 568B56052514;
 Thu, 18 Apr 2024 18:51:50 -0400 (EDT)
Subject: |FAILURE| pw139186-139188 [PATCH] [v14,3/3] net/af_xdp: support AF_X
From: dpdklab@iol.unh.edu
To: Test Report <test-report@dpdk.org>
Cc: dpdk-test-reports@iol.unh.edu, Maryam Tahhan <mtahhan@redhat.com>
In-Reply-To: <20240408130924.232154-4-mtahhan@redhat.com>
References: <20240408130924.232154-4-mtahhan@redhat.com>
Content-Type: text/plain
X-BeenThere: test-report@dpdk.org
X-Mailman-Version: 2.1.29
Precedence: list
List-Id: automatic DPDK test reports <test-report.dpdk.org>
List-Unsubscribe: <https://mails.dpdk.org/options/test-report>,
 <mailto:test-report-request@dpdk.org?subject=unsubscribe>
List-Archive: <http://mails.dpdk.org/archives/test-report/>
List-Post: <mailto:test-report@dpdk.org>
List-Help: <mailto:test-report-request@dpdk.org?subject=help>
List-Subscribe: <https://mails.dpdk.org/listinfo/test-report>,
 <mailto:test-report-request@dpdk.org?subject=subscribe>
Errors-To: test-report-bounces@dpdk.org

Test-Label: iol-unit-arm64-testing
Test-Status: FAILURE
http://dpdk.org/patch/139188

_Testing issues_

Submitter: Maryam Tahhan <mtahhan@redhat.com>
Date: Monday, April 08 2024 13:09:22 
DPDK git baseline: Repo:dpdk
  Branch: master
  CommitID:e2e546ab5bf5e024986ccb5310ab43982f3bb40c

139186-139188 --> testing fail

Test environment and result as below:

+-----------------------------+----------------+---------------------------+------------------------------+--------------+
|         Environment         | dpdk_unit_test | cryptodev_sw_zuc_autotest | cryptodev_sw_snow3g_autotest | lpm_autotest |
+=============================+================+===========================+==============================+==============+
| Debian 11 (Buster) (ARM)    | PASS           | SKIPPED                   | SKIPPED                      | SKIPPED      |
+-----------------------------+----------------+---------------------------+------------------------------+--------------+
| CentOS Stream 9 (ARM)       | PASS           | SKIPPED                   | SKIPPED                      | SKIPPED      |
+-----------------------------+----------------+---------------------------+------------------------------+--------------+
| Debian 12 (arm)             | PASS           | PASS                      | PASS                         | SKIPPED      |
+-----------------------------+----------------+---------------------------+------------------------------+--------------+
| Fedora 37 (ARM)             | PASS           | SKIPPED                   | SKIPPED                      | SKIPPED      |
+-----------------------------+----------------+---------------------------+------------------------------+--------------+
| Fedora 38 (ARM)             | PASS           | SKIPPED                   | SKIPPED                      | SKIPPED      |
+-----------------------------+----------------+---------------------------+------------------------------+--------------+
| 32-bit Ubuntu 20.04.4 (ARM) | FAIL           | SKIPPED                   | SKIPPED                      | SKIPPED      |
+-----------------------------+----------------+---------------------------+------------------------------+--------------+
| Fedora 39 (ARM)             | PASS           | SKIPPED                   | SKIPPED                      | SKIPPED      |
+-----------------------------+----------------+---------------------------+------------------------------+--------------+
| Ubuntu 20.04 (ARM)          | PASS           | SKIPPED                   | SKIPPED                      | SKIPPED      |
+-----------------------------+----------------+---------------------------+------------------------------+--------------+
| Fedora 39 (ARM Clang)       | PASS           | SKIPPED                   | SKIPPED                      | SKIPPED      |
+-----------------------------+----------------+---------------------------+------------------------------+--------------+
| Fedora 38 (ARM Clang)       | PASS           | SKIPPED                   | SKIPPED                      | SKIPPED      |
+-----------------------------+----------------+---------------------------+------------------------------+--------------+
| Ubuntu 20.04 ARM SVE        | SKIPPED        | SKIPPED                   | SKIPPED                      | PASS         |
+-----------------------------+----------------+---------------------------+------------------------------+--------------+

==== 20 line log output for 32-bit Ubuntu 20.04.4 (ARM) (dpdk_unit_test): ====

Debian 11 (Buster) (ARM)
	Kernel: Container Host Kernel
	Compiler: gcc 10.2.1

CentOS Stream 9 (ARM)
	Kernel: Container Host Kernel
	Compiler: gcc 11.4.1

Debian 12 (arm)
	Kernel: Container Host Kernel
	Compiler: gcc 12.2.0

Fedora 37 (ARM)
	Kernel: Depends on container host
	Compiler: gcc 12.3.1

Fedora 38 (ARM)
	Kernel: Depends on container host
	Compiler: gcc 13.2.1

32-bit Ubuntu 20.04.4 (ARM)
	Kernel: 5.4.0-155-generic aarch64
	Compiler: gcc 9.4

Fedora 39 (ARM)
	Kernel: Depends on container host
	Compiler: gcc 13.2.1

Ubuntu 20.04 (ARM)
	Kernel: Container Host Kernel
	Compiler: gcc 9.4.0

Fedora 39 (ARM Clang)
	Kernel: Depends on container host
	Compiler: clang 17.0.6

Fedora 38 (ARM Clang)
	Kernel: Depends on container host
	Compiler: clang 16.0.6

Ubuntu 20.04 ARM SVE
	Kernel: 5.4.0-167-generic
	Compiler: gcc (Ubuntu 10.5.0-1ubuntu1~20.04) 10.5.0

To view detailed results, visit:
https://lab.dpdk.org/results/dashboard/patchsets/29740/

UNH-IOL DPDK Community Lab

To manage your email subscriptions, visit: 
https://lab.dpdk.org/results/dashboard/preferences/subscriptions/