From mboxrd@z Thu Jan  1 00:00:00 1970
Return-Path: <test-report-bounces@dpdk.org>
Received: from mails.dpdk.org (mails.dpdk.org [217.70.189.124])
	by inbox.dpdk.org (Postfix) with ESMTP id C757143F05
	for <public@inbox.dpdk.org>; Thu, 25 Apr 2024 12:25:10 +0200 (CEST)
Received: from mails.dpdk.org (localhost [127.0.0.1])
	by mails.dpdk.org (Postfix) with ESMTP id C31CD435F4;
	Thu, 25 Apr 2024 12:25:10 +0200 (CEST)
Received: from mail-oi1-f227.google.com (mail-oi1-f227.google.com
 [209.85.167.227])
 by mails.dpdk.org (Postfix) with ESMTP id F318B40284
 for <test-report@dpdk.org>; Thu, 25 Apr 2024 12:25:09 +0200 (CEST)
Received: by mail-oi1-f227.google.com with SMTP id
 5614622812f47-3c5ed7fdbb1so882220b6e.0
 for <test-report@dpdk.org>; Thu, 25 Apr 2024 03:25:09 -0700 (PDT)
DKIM-Signature: v=1; a=rsa-sha256; c=relaxed/relaxed;
 d=iol.unh.edu; s=unh-iol; t=1714040709; x=1714645509; darn=dpdk.org;
 h=references:in-reply-to:cc:to:from:subject:message-id:date:from:to
 :cc:subject:date:message-id:reply-to;
 bh=XfpJ+PiHtPFDw31Sge4fnnmxCw+Ziw04iqr/yBh0PlQ=;
 b=VPL7id5ClqqBYacobj2Yt7NaxWsRLBw/l4mwFRpZ5DVrnv8Dcq9Fg/k4Ix9ATlh9+4
 k1tAI4hAsG9FuVRdh7l9g7tBc2i1T3VRwNI9/4z9zl+6QzISM+PJRaqEyGBaPZ8rOQvG
 VhhNr6uDqEpUXblklYKvtY8FWnS9i5Rct61Ag=
X-Google-DKIM-Signature: v=1; a=rsa-sha256; c=relaxed/relaxed;
 d=1e100.net; s=20230601; t=1714040709; x=1714645509;
 h=references:in-reply-to:cc:to:from:subject:message-id:date
 :x-gm-message-state:from:to:cc:subject:date:message-id:reply-to;
 bh=XfpJ+PiHtPFDw31Sge4fnnmxCw+Ziw04iqr/yBh0PlQ=;
 b=K7rSb4NdZqpNFIomUVS0Ebo4w99O9SCRpGghLgMAZaVVlAH/JgiV7stoVwQMPBYqEk
 +DZJs3dMe+/LDfyGvBWtNWfIdBBvPnHa3VQf37zu05MsbnDXIk8BaG3CGPX6YcR0G/Vo
 F2FihC9IHH+nTb/uDgakhEPRmnU88RHA23GGW+1mRwLYLKEIVT+lghytgpUa8Fa/mi/6
 g/EDCIq5zOni0DZS3mr68Q83RCuQ6QUo7Qtv5q5Ql2m7AoER4VpEHKTQz7AeZO0eBiwE
 LDhIHiz1eWZqn7C8cord3tn7nDlv8z0KY2oWBXrm9m1Azd8FSPP3V1E8gAWMRLqpH9tb
 krNw==
X-Gm-Message-State: AOJu0YwibwUnkVxrfX7nccPYXtMEpCyitEG+1iytA/9TmqDkmp1A6jff
 XQ/oinFl9uNXgs8iVvpZitA5g3p607tWG2XQ2CE0unUGpKcplSUYH2tGjbrKrqdRkIrADFySPev
 JZQRRvIgJqlDZgv0grgEkpFnXzoSKTHicAn4NoZ4K+6kMLkML8LfrOaZ8
X-Google-Smtp-Source: AGHT+IHnjbPO0853E1cFOrUNFFOGPfflZUvDWmFkj3v1EN7Vsc4W2HIEdC6edbhUK318yeKqZCjoBxbusfFH
X-Received: by 2002:a05:6808:14cd:b0:3c7:24ff:987b with SMTP id
 f13-20020a05680814cd00b003c724ff987bmr1151081oiw.11.1714040709155; 
 Thu, 25 Apr 2024 03:25:09 -0700 (PDT)
Received: from postal.iol.unh.edu (postal.iol.unh.edu.
 [2606:4100:3880:1234::84]) by smtp-relay.gmail.com with ESMTPS id
 b14-20020a4a98ce000000b005aa37eeed13sm1339141ooj.14.2024.04.25.03.25.09
 (version=TLS1_2 cipher=ECDHE-ECDSA-AES128-GCM-SHA256 bits=128/128);
 Thu, 25 Apr 2024 03:25:09 -0700 (PDT)
X-Relaying-Domain: iol.unh.edu
Date: Thu, 25 Apr 2024 03:25:09 -0700 (PDT)
Message-ID: <662a2f85.4a0a0220.4d726.a71dSMTPIN_ADDED_MISSING@mx.google.com>
Received: from [172.21.0.6] (unknown [172.18.0.240])
 by postal.iol.unh.edu (Postfix) with ESMTP id A1AFE6052514;
 Thu, 25 Apr 2024 06:25:08 -0400 (EDT)
Subject: |FAILURE| pw139676-139677 [PATCH] [RFC,v2,6/6] eal: add unit tests f
From: dpdklab@iol.unh.edu
To: Test Report <test-report@dpdk.org>
Cc: dpdk-test-reports@iol.unh.edu,
 Mattias Ronnblom <mattias.ronnblom@ericsson.com>
In-Reply-To: <20240425085853.97888-7-mattias.ronnblom@ericsson.com>
References: <20240425085853.97888-7-mattias.ronnblom@ericsson.com>
Content-Type: text/plain
X-BeenThere: test-report@dpdk.org
X-Mailman-Version: 2.1.29
Precedence: list
List-Id: automatic DPDK test reports <test-report.dpdk.org>
List-Unsubscribe: <https://mails.dpdk.org/options/test-report>,
 <mailto:test-report-request@dpdk.org?subject=unsubscribe>
List-Archive: <http://mails.dpdk.org/archives/test-report/>
List-Post: <mailto:test-report@dpdk.org>
List-Help: <mailto:test-report-request@dpdk.org?subject=help>
List-Subscribe: <https://mails.dpdk.org/listinfo/test-report>,
 <mailto:test-report-request@dpdk.org?subject=subscribe>
Errors-To: test-report-bounces@dpdk.org

Test-Label: iol-compile-amd64-testing
Test-Status: FAILURE
http://dpdk.org/patch/139677

_Testing issues_

Submitter: Mattias Ronnblom <mattias.ronnblom@ericsson.com>
Date: Thursday, April 25 2024 08:58:53 
DPDK git baseline: Repo:dpdk
  Branch: master
  CommitID:7e06c0de1952d3109a5b0c4779d7e7d8059c9d78

139676-139677 --> testing fail

Test environment and result as below:

+---------------------+----------------------+--------------------+-------------------+
|     Environment     | dpdk_mingw64_compile | dpdk_meson_compile | dpdk_msvc_compile |
+=====================+======================+====================+===================+
| Windows Server 2019 | FAIL                 | PASS               | SKIPPED           |
+---------------------+----------------------+--------------------+-------------------+
| Windows Server 2022 | FAIL                 | PASS               | PASS              |
+---------------------+----------------------+--------------------+-------------------+
| FreeBSD 13.3        | SKIPPED              | PASS               | SKIPPED           |
+---------------------+----------------------+--------------------+-------------------+
| CentOS Stream 8     | SKIPPED              | FAIL               | SKIPPED           |
+---------------------+----------------------+--------------------+-------------------+
| Fedora 38           | SKIPPED              | PASS               | SKIPPED           |
+---------------------+----------------------+--------------------+-------------------+
| Debian Bullseye     | SKIPPED              | PASS               | SKIPPED           |
+---------------------+----------------------+--------------------+-------------------+
| CentOS Stream 9     | SKIPPED              | PASS               | SKIPPED           |
+---------------------+----------------------+--------------------+-------------------+
| Debian 12           | SKIPPED              | PASS               | SKIPPED           |
+---------------------+----------------------+--------------------+-------------------+
| Fedora 39           | SKIPPED              | PASS               | SKIPPED           |
+---------------------+----------------------+--------------------+-------------------+
| openSUSE Leap 15    | SKIPPED              | FAIL               | SKIPPED           |
+---------------------+----------------------+--------------------+-------------------+
| Fedora 37           | SKIPPED              | PASS               | SKIPPED           |
+---------------------+----------------------+--------------------+-------------------+
| RHEL8               | SKIPPED              | FAIL               | SKIPPED           |
+---------------------+----------------------+--------------------+-------------------+

==== 20 line log output for RHEL8 (dpdk_meson_compile): ====

Windows Server 2019
	Kernel: 10.0.17763
	Compiler: clang 14.0 and gcc 8.1.0 (MinGW)

Windows Server 2022
	Kernel: 10.0.20348.2031
	Compiler: clang 15.0.7, gcc 8.1.0 (MinGW), and MSVC VS 17.9

FreeBSD 13.3
	Kernel: 13.3-RELEASE-p1
	Compiler: clang 17.0.6

CentOS Stream 8
	Kernel: 5.4.0-167-generic
	Compiler: gcc 8.5.0 20210514

Fedora 38
	Kernel: Depends on container host
	Compiler: clang 16.0.6

Debian Bullseye
	Kernel: 5.4.0-167-generic
	Compiler: gcc 10.2.1-6

CentOS Stream 9
	Kernel: 5.4.0-167-generic
	Compiler: gcc 11.4.1 20230605

Debian 12
	Kernel: Container Host Kernel
	Compiler: gcc 10.2.1

Fedora 39
	Kernel: Depends on container host
	Compiler: clang 17.0.6

openSUSE Leap 15
	Kernel: 5.4.0-167-generic
	Compiler: gcc 7.5.0

Fedora 37
	Kernel: Depends on container host system
	Compiler: gcc 12.3.1

RHEL8
	Kernel: 5.4.0-167-generic
	Compiler: gcc 8.5.0 20210514 (Red Hat 8.5.0-20)

To view detailed results, visit:
https://lab.dpdk.org/results/dashboard/patchsets/29853/

UNH-IOL DPDK Community Lab

To manage your email subscriptions, visit: 
https://lab.dpdk.org/results/dashboard/preferences/subscriptions/