From mboxrd@z Thu Jan  1 00:00:00 1970
Return-Path: <test-report-bounces@dpdk.org>
Received: from mails.dpdk.org (mails.dpdk.org [217.70.189.124])
	by inbox.dpdk.org (Postfix) with ESMTP id C9C8043F05
	for <public@inbox.dpdk.org>; Thu, 25 Apr 2024 12:35:29 +0200 (CEST)
Received: from mails.dpdk.org (localhost [127.0.0.1])
	by mails.dpdk.org (Postfix) with ESMTP id 9F368435F4;
	Thu, 25 Apr 2024 12:35:29 +0200 (CEST)
Received: from mail-pl1-f227.google.com (mail-pl1-f227.google.com
 [209.85.214.227])
 by mails.dpdk.org (Postfix) with ESMTP id 306A340284
 for <test-report@dpdk.org>; Thu, 25 Apr 2024 12:35:28 +0200 (CEST)
Received: by mail-pl1-f227.google.com with SMTP id
 d9443c01a7336-1e834159f40so6405985ad.2
 for <test-report@dpdk.org>; Thu, 25 Apr 2024 03:35:28 -0700 (PDT)
DKIM-Signature: v=1; a=rsa-sha256; c=relaxed/relaxed;
 d=iol.unh.edu; s=unh-iol; t=1714041327; x=1714646127; darn=dpdk.org;
 h=references:in-reply-to:cc:to:from:subject:message-id:date:from:to
 :cc:subject:date:message-id:reply-to;
 bh=BMQW8j2MwjHDLHcI1uIr6uS2lMlAts+g9LapFXFRP+U=;
 b=JxxA4LqKmYZGOG8UT0lYSWlcdBKt3qi9oYVLuonr86D+V/HiIGaw8zBSkMAa91vHCR
 9XM1llt8g70K3bTFoGnEcmMYKMk6w23yXfWH6VrTW7IyO6Qrc5q7SExrZPJbAKtmXkyj
 mdmhsFHcM//LiFBs19tqHj3KXiNI3YsRAFPyI=
X-Google-DKIM-Signature: v=1; a=rsa-sha256; c=relaxed/relaxed;
 d=1e100.net; s=20230601; t=1714041327; x=1714646127;
 h=references:in-reply-to:cc:to:from:subject:message-id:date
 :x-gm-message-state:from:to:cc:subject:date:message-id:reply-to;
 bh=BMQW8j2MwjHDLHcI1uIr6uS2lMlAts+g9LapFXFRP+U=;
 b=coP5JRsohBbwXsABIdbsuZ8jS2GCcLlSRsUDTnNVG6PdU/qdM5GTxAYEPtWXQ3LzJR
 mJigHvwpF3YDtXGhfCWGtNdp7jg4R/3EKxPvjkM5ACp5UW4hJxOFUU+dnKHd7UesPJPe
 U4V+CXU1zG04OTIBW5bIWUkr/5gjsmNFdnJsiJwUq92j0UrMYnCHqatEAtB3MVD51WU4
 xFKRNLC47JYoZVu02+ZhPB/KavQiZdEZ/+/n4kVKIILAQDq/q73FIVqDVMQGcZxEl4x3
 7PdG40wyAQiF0imctKwhDNMazRMtv8NFq0OJ6uqp8Evcd6fDAKjp3z/M015beP7pky+Y
 PCAg==
X-Gm-Message-State: AOJu0Yw/h/Unv4c8LXn6k0JjUbUSTqYFGi0MlwxryJCOAfh67zFohnzm
 UcfhriSJ+upTQgcA9If1+T1YxsEfOZ4MG3wQUwzfEg5OLnrzaiMGb6vP0S2dCzEvw8jLU0o/KQS
 r39dpGAzmg5i4lhOIMzwLRVBfHMpqicXf7DGzY8w2tT/TNPAEEQSCH51U
X-Google-Smtp-Source: AGHT+IEflL4v7jc7Ow/f9ncJI7y7OuD4zZu+3cdsxk+4lt3HE6VAtEhQe7Hj4vPWqEybKZS4ipeaEu2geTHz
X-Received: by 2002:a17:903:1112:b0:1e4:911b:7a6e with SMTP id
 n18-20020a170903111200b001e4911b7a6emr5541893plh.46.1714041327326; 
 Thu, 25 Apr 2024 03:35:27 -0700 (PDT)
Received: from postal.iol.unh.edu (postal.iol.unh.edu.
 [2606:4100:3880:1234::84]) by smtp-relay.gmail.com with ESMTPS id
 m11-20020a170902bb8b00b001dcabe5fb96sm482040pls.87.2024.04.25.03.35.27
 (version=TLS1_2 cipher=ECDHE-ECDSA-AES128-GCM-SHA256 bits=128/128);
 Thu, 25 Apr 2024 03:35:27 -0700 (PDT)
X-Relaying-Domain: iol.unh.edu
Date: Thu, 25 Apr 2024 03:35:27 -0700 (PDT)
Message-ID: <662a31ef.170a0220.eccfd.7134SMTPIN_ADDED_MISSING@mx.google.com>
Received: from [172.21.0.6] (unknown [172.18.0.240])
 by postal.iol.unh.edu (Postfix) with ESMTP id 6085A6052514;
 Thu, 25 Apr 2024 06:35:26 -0400 (EDT)
Subject: |FAILURE| pw139676-139677 [PATCH] [RFC,v2,6/6] eal: add unit tests f
From: dpdklab@iol.unh.edu
To: Test Report <test-report@dpdk.org>
Cc: dpdk-test-reports@iol.unh.edu,
 Mattias Ronnblom <mattias.ronnblom@ericsson.com>
In-Reply-To: <20240425085853.97888-7-mattias.ronnblom@ericsson.com>
References: <20240425085853.97888-7-mattias.ronnblom@ericsson.com>
Content-Type: text/plain
X-BeenThere: test-report@dpdk.org
X-Mailman-Version: 2.1.29
Precedence: list
List-Id: automatic DPDK test reports <test-report.dpdk.org>
List-Unsubscribe: <https://mails.dpdk.org/options/test-report>,
 <mailto:test-report-request@dpdk.org?subject=unsubscribe>
List-Archive: <http://mails.dpdk.org/archives/test-report/>
List-Post: <mailto:test-report@dpdk.org>
List-Help: <mailto:test-report-request@dpdk.org?subject=help>
List-Subscribe: <https://mails.dpdk.org/listinfo/test-report>,
 <mailto:test-report-request@dpdk.org?subject=subscribe>
Errors-To: test-report-bounces@dpdk.org

Test-Label: iol-compile-amd64-testing
Test-Status: FAILURE
http://dpdk.org/patch/139677

_Testing issues_

Submitter: Mattias Ronnblom <mattias.ronnblom@ericsson.com>
Date: Thursday, April 25 2024 08:58:53 
DPDK git baseline: Repo:dpdk
  Branch: master
  CommitID:7e06c0de1952d3109a5b0c4779d7e7d8059c9d78

139676-139677 --> testing fail

Test environment and result as below:

+---------------------+----------------------+--------------------+-------------------+
|     Environment     | dpdk_mingw64_compile | dpdk_meson_compile | dpdk_msvc_compile |
+=====================+======================+====================+===================+
| Windows Server 2019 | FAIL                 | PASS               | SKIPPED           |
+---------------------+----------------------+--------------------+-------------------+
| Windows Server 2022 | FAIL                 | PASS               | PASS              |
+---------------------+----------------------+--------------------+-------------------+
| FreeBSD 13.3        | SKIPPED              | PASS               | SKIPPED           |
+---------------------+----------------------+--------------------+-------------------+
| CentOS Stream 8     | SKIPPED              | FAIL               | SKIPPED           |
+---------------------+----------------------+--------------------+-------------------+
| Fedora 38           | SKIPPED              | PASS               | SKIPPED           |
+---------------------+----------------------+--------------------+-------------------+
| Debian Bullseye     | SKIPPED              | PASS               | SKIPPED           |
+---------------------+----------------------+--------------------+-------------------+
| CentOS Stream 9     | SKIPPED              | PASS               | SKIPPED           |
+---------------------+----------------------+--------------------+-------------------+
| Debian 12           | SKIPPED              | PASS               | SKIPPED           |
+---------------------+----------------------+--------------------+-------------------+
| Fedora 39           | SKIPPED              | PASS               | SKIPPED           |
+---------------------+----------------------+--------------------+-------------------+
| openSUSE Leap 15    | SKIPPED              | FAIL               | SKIPPED           |
+---------------------+----------------------+--------------------+-------------------+
| Fedora 37           | SKIPPED              | PASS               | SKIPPED           |
+---------------------+----------------------+--------------------+-------------------+
| RHEL8               | SKIPPED              | FAIL               | SKIPPED           |
+---------------------+----------------------+--------------------+-------------------+
| Alpine              | SKIPPED              | PASS               | SKIPPED           |
+---------------------+----------------------+--------------------+-------------------+
| Ubuntu 22.04        | SKIPPED              | PASS               | SKIPPED           |
+---------------------+----------------------+--------------------+-------------------+
| Ubuntu 20.04        | SKIPPED              | PASS               | SKIPPED           |
+---------------------+----------------------+--------------------+-------------------+

==== 20 line log output for RHEL8 (dpdk_meson_compile): ====

Windows Server 2019
	Kernel: 10.0.17763
	Compiler: clang 14.0 and gcc 8.1.0 (MinGW)

Windows Server 2022
	Kernel: 10.0.20348.2031
	Compiler: clang 15.0.7, gcc 8.1.0 (MinGW), and MSVC VS 17.9

FreeBSD 13.3
	Kernel: 13.3-RELEASE-p1
	Compiler: clang 17.0.6

CentOS Stream 8
	Kernel: 5.4.0-167-generic
	Compiler: gcc 8.5.0 20210514

Fedora 38
	Kernel: Depends on container host
	Compiler: clang 16.0.6

Debian Bullseye
	Kernel: 5.4.0-167-generic
	Compiler: gcc 10.2.1-6

CentOS Stream 9
	Kernel: 5.4.0-167-generic
	Compiler: gcc 11.4.1 20230605

Debian 12
	Kernel: Container Host Kernel
	Compiler: gcc 10.2.1

Fedora 39
	Kernel: Depends on container host
	Compiler: clang 17.0.6

openSUSE Leap 15
	Kernel: 5.4.0-167-generic
	Compiler: gcc 7.5.0

Fedora 37
	Kernel: Depends on container host system
	Compiler: gcc 12.3.1

RHEL8
	Kernel: 5.4.0-167-generic
	Compiler: gcc 8.5.0 20210514 (Red Hat 8.5.0-20)

Alpine
	Kernel: 5.4.0-167-generic
	Compiler: gcc (Alpine 12.2.1_git20220924-r10) 12.2.1 20220924

Ubuntu 22.04
	Kernel: 5.4.0-167-generic
	Compiler: gcc 11.4.0

Ubuntu 20.04
	Kernel: 5.4.0-167-generic
	Compiler: gcc 9.4.0-1ubuntu1~20.04.1

To view detailed results, visit:
https://lab.dpdk.org/results/dashboard/patchsets/29853/

UNH-IOL DPDK Community Lab

To manage your email subscriptions, visit: 
https://lab.dpdk.org/results/dashboard/preferences/subscriptions/