From mboxrd@z Thu Jan  1 00:00:00 1970
Return-Path: <test-report-bounces@dpdk.org>
Received: from mails.dpdk.org (mails.dpdk.org [217.70.189.124])
	by inbox.dpdk.org (Postfix) with ESMTP id F316343F01
	for <public@inbox.dpdk.org>; Thu, 25 Apr 2024 14:36:36 +0200 (CEST)
Received: from mails.dpdk.org (localhost [127.0.0.1])
	by mails.dpdk.org (Postfix) with ESMTP id EC5C0435F4;
	Thu, 25 Apr 2024 14:36:36 +0200 (CEST)
Received: from mail-yw1-f226.google.com (mail-yw1-f226.google.com
 [209.85.128.226])
 by mails.dpdk.org (Postfix) with ESMTP id D097540284
 for <test-report@dpdk.org>; Thu, 25 Apr 2024 14:36:35 +0200 (CEST)
Received: by mail-yw1-f226.google.com with SMTP id
 00721157ae682-61ae4743d36so9656557b3.2
 for <test-report@dpdk.org>; Thu, 25 Apr 2024 05:36:35 -0700 (PDT)
DKIM-Signature: v=1; a=rsa-sha256; c=relaxed/relaxed;
 d=iol.unh.edu; s=unh-iol; t=1714048595; x=1714653395; darn=dpdk.org;
 h=references:in-reply-to:cc:to:from:subject:message-id:date:from:to
 :cc:subject:date:message-id:reply-to;
 bh=WKWzZEKnyd4LrYYwBMEHnPzLiSRp4xdaR9YePJFDJvo=;
 b=aVFip+eVwAFx21KZ/lbd8KH7sbirbLXzjtnNVpGbTMc9iC2HSjBaP9TU6JAVEvpH5/
 iUcJA40krYndXTG0uMA8KdtZLrMlJxYjDiHsyG7mJKY+nsAdDbK/S9WX3yPzv2AneqQp
 Z+sCFx4lw7b052HNqdJWubibt7XJH26tS/uYE=
X-Google-DKIM-Signature: v=1; a=rsa-sha256; c=relaxed/relaxed;
 d=1e100.net; s=20230601; t=1714048595; x=1714653395;
 h=references:in-reply-to:cc:to:from:subject:message-id:date
 :x-gm-message-state:from:to:cc:subject:date:message-id:reply-to;
 bh=WKWzZEKnyd4LrYYwBMEHnPzLiSRp4xdaR9YePJFDJvo=;
 b=WJRrjGmPzT6m3tldVpq1SrfT1AMcU2z8h/uKpubXfo7Yz3t+2Qb6BorhpYEO1kTE2z
 aLKsOiPe3DOtZsHL9e1LMglgciznVTiRgbeRrRM2SIbIwN7kGSC1hFGEyDb4SR5WFkk0
 v69BPs+V/T/v+PK8RRNhuoe2IbuCMQaCIp1iD3l+FjGbFxWPiEI7nAsvcMwifJHy6hMJ
 Dl+z4iObJhmsAoJcQyYLpxDrW+Vd8fQIqwFvnDhnEGRErwhqyGnJv9OwbgFgjF4QZ5Um
 0r91QVR4veiXvrCTqZow3zn5QGN6SJygzMh2TZ2+QQnTzO+9BY1oyo/YfuM1h9SXA4QI
 EK/w==
X-Gm-Message-State: AOJu0Yy7ynZxYeq6YFpNK4SeJDsOrCMErPS57oGhWgRJ8qvwxsHl+SWT
 paiqyrmuTjWoOSxNWp1FGFSShsReu87b4CpGpjzHrA5cnwXtUp4QvZpbAcmwY5OZQLHtfPuiAG0
 GdpqFtfsCHvSv7GGA10cw4QnJSfJ8fY+4AV2GyG0eBvzhWLN6
X-Google-Smtp-Source: AGHT+IEtQDN6IbTDQgZDB50yhqJ31HpnxRycpC0f3c0WomWWzCyzOM5lXctnX8p1RPT3RQm6LaijYE4ffr1d
X-Received: by 2002:a05:690c:6d06:b0:61b:9369:ef36 with SMTP id
 iv6-20020a05690c6d0600b0061b9369ef36mr3625860ywb.37.1714048595174; 
 Thu, 25 Apr 2024 05:36:35 -0700 (PDT)
Received: from postal.iol.unh.edu (postal.iol.unh.edu.
 [2606:4100:3880:1234::84]) by smtp-relay.gmail.com with ESMTPS id
 p2-20020a815b02000000b0061ad5ab6b32sm1204374ywb.16.2024.04.25.05.36.35
 (version=TLS1_2 cipher=ECDHE-ECDSA-AES128-GCM-SHA256 bits=128/128);
 Thu, 25 Apr 2024 05:36:35 -0700 (PDT)
X-Relaying-Domain: iol.unh.edu
Date: Thu, 25 Apr 2024 05:36:35 -0700 (PDT)
Message-ID: <662a4e53.810a0220.2e918.f78dSMTPIN_ADDED_MISSING@mx.google.com>
Received: from [172.17.0.5] (unknown [172.18.0.217])
 by postal.iol.unh.edu (Postfix) with ESMTP id CEE616052514;
 Thu, 25 Apr 2024 08:36:34 -0400 (EDT)
Subject: |FAILURE| pw139670 [PATCH] eal/linux: enhanced error handling for af
From: dpdklab@iol.unh.edu
To: Test Report <test-report@dpdk.org>
Cc: dpdk-test-reports@iol.unh.edu, Wu Jian Yue  <wujianyue000@163.com>
In-Reply-To: <20240423030243.59895-1-wujianyue000@163.com>
References: <20240423030243.59895-1-wujianyue000@163.com>
Content-Type: text/plain
X-BeenThere: test-report@dpdk.org
X-Mailman-Version: 2.1.29
Precedence: list
List-Id: automatic DPDK test reports <test-report.dpdk.org>
List-Unsubscribe: <https://mails.dpdk.org/options/test-report>,
 <mailto:test-report-request@dpdk.org?subject=unsubscribe>
List-Archive: <http://mails.dpdk.org/archives/test-report/>
List-Post: <mailto:test-report@dpdk.org>
List-Help: <mailto:test-report-request@dpdk.org?subject=help>
List-Subscribe: <https://mails.dpdk.org/listinfo/test-report>,
 <mailto:test-report-request@dpdk.org?subject=subscribe>
Errors-To: test-report-bounces@dpdk.org

Test-Label: iol-unit-amd64-testing
Test-Status: FAILURE
http://dpdk.org/patch/139670

_Testing issues_

Submitter: Wu Jian Yue  <wujianyue000@163.com>
Date: Tuesday, April 23 2024 03:02:43 
DPDK git baseline: Repo:dpdk
  Branch: master
  CommitID:7e06c0de1952d3109a5b0c4779d7e7d8059c9d78

139670 --> testing fail

Test environment and result as below:

+-----------------+----------------+
|   Environment   | dpdk_unit_test |
+=================+================+
| CentOS Stream 8 | FAIL           |
+-----------------+----------------+
| CentOS Stream 9 | FAIL           |
+-----------------+----------------+
| Debian Bullseye | FAIL           |
+-----------------+----------------+
| Debian 12       | FAIL           |
+-----------------+----------------+
| Fedora 37       | FAIL           |
+-----------------+----------------+
| Fedora 38       | FAIL           |
+-----------------+----------------+
| Fedora 39       | FAIL           |
+-----------------+----------------+

==== 20 line log output for Fedora 39 (dpdk_unit_test): ====

CentOS Stream 8
	Kernel: 5.4.0-167-generic
	Compiler: gcc 8.5.0 20210514

CentOS Stream 9
	Kernel: 5.4.0-167-generic
	Compiler: gcc 11.4.1 20230605

Debian Bullseye
	Kernel: 5.4.0-167-generic
	Compiler: gcc 10.2.1-6

Debian 12
	Kernel: Container Host Kernel
	Compiler: gcc 10.2.1

Fedora 37
	Kernel: Depends on container host system
	Compiler: gcc 12.3.1

Fedora 38
	Kernel: Depends on container host
	Compiler: gcc 13.2.1

Fedora 39
	Kernel: Depends on container host
	Compiler: gcc 13.2.1

To view detailed results, visit:
https://lab.dpdk.org/results/dashboard/patchsets/29851/

UNH-IOL DPDK Community Lab

To manage your email subscriptions, visit: 
https://lab.dpdk.org/results/dashboard/preferences/subscriptions/