From mboxrd@z Thu Jan  1 00:00:00 1970
Return-Path: <test-report-bounces@dpdk.org>
Received: from mails.dpdk.org (mails.dpdk.org [217.70.189.124])
	by inbox.dpdk.org (Postfix) with ESMTP id 8CD5343F01
	for <public@inbox.dpdk.org>; Thu, 25 Apr 2024 14:40:30 +0200 (CEST)
Received: from mails.dpdk.org (localhost [127.0.0.1])
	by mails.dpdk.org (Postfix) with ESMTP id 879BE435F4;
	Thu, 25 Apr 2024 14:40:30 +0200 (CEST)
Received: from mail-pl1-f228.google.com (mail-pl1-f228.google.com
 [209.85.214.228])
 by mails.dpdk.org (Postfix) with ESMTP id E717040284
 for <test-report@dpdk.org>; Thu, 25 Apr 2024 14:40:26 +0200 (CEST)
Received: by mail-pl1-f228.google.com with SMTP id
 d9443c01a7336-1eab699fcddso4974975ad.0
 for <test-report@dpdk.org>; Thu, 25 Apr 2024 05:40:26 -0700 (PDT)
DKIM-Signature: v=1; a=rsa-sha256; c=relaxed/relaxed;
 d=iol.unh.edu; s=unh-iol; t=1714048826; x=1714653626; darn=dpdk.org;
 h=references:in-reply-to:cc:to:from:subject:message-id:date:from:to
 :cc:subject:date:message-id:reply-to;
 bh=rVndIACMYtOKO5CrGETkQbE1R1n776/L3O992CPloh4=;
 b=SPmehmoyel6jfVMATmg2yP1+4cipLF5EPKyhkHNn7lobyP5JL+6uwOu/mMXucVfhxU
 tJ4IrrivJle+B7d5ea6hH1WIYeZDM4l98VOxYQXyJ45vfwb07qraT6TzTFEuZAFaOzVk
 jezL8YR9WCgVZaiD8KEQJ7fkFW1dbVRZvK88E=
X-Google-DKIM-Signature: v=1; a=rsa-sha256; c=relaxed/relaxed;
 d=1e100.net; s=20230601; t=1714048826; x=1714653626;
 h=references:in-reply-to:cc:to:from:subject:message-id:date
 :x-gm-message-state:from:to:cc:subject:date:message-id:reply-to;
 bh=rVndIACMYtOKO5CrGETkQbE1R1n776/L3O992CPloh4=;
 b=P3aOCRsao3dGQRj0BvMCH4CiZiaKO7M+zG94ybQZHezwoMYZJ7CRqG3B3XOPHjLfib
 VNYdbd1+bpHcmBACrKis4eO9YCJ1e4aGWxIk9ogfA7iydU4DGaGdske1V3/UiilGlKRS
 NnPTR1wR6TOjFfSKg2Hv3WuhIjY2VOTDgkMhLtgVs7hKUBfr+MjcHrf8jK9deO+N7hkJ
 dCmkSsctHt7uLaSFm9pU91HoKfug/hxSgCxi65rhzUkXkjoR5VLOj0Y2QtMiyIglznLA
 C599Z6S3+cAxnUT/PKeOKNhtpCOKxJ6wB3WDE10cS1QwUSzcyyk0h7EJAhHDGyCDGvAq
 Sapg==
X-Gm-Message-State: AOJu0YxCYtuCGm2utimuReBCVwgx4BOR+HsYoJnobxWmNM047ZVZp5hZ
 Chi2bMal3ijvKEnW/JaYIP6X5BNTgpaxBXWhShfi4TKqvtlXUPKrO5i4vrw3iqv4yf68YRv8XlO
 XHJJOhrrtsxu2xzXtfXApYzQl+LdmxcixAUpnPio+k7YefvGo
X-Google-Smtp-Source: AGHT+IGhxtOrqWaRO3JnFdUy7tto3yg49j43wewE6Yl/Uv7V88GdGoJDb6/0PBkc0VLnilSCgKlyr6ikxXpy
X-Received: by 2002:a17:902:ce0d:b0:1e4:70d0:9337 with SMTP id
 k13-20020a170902ce0d00b001e470d09337mr6737358plg.45.1714048826252; 
 Thu, 25 Apr 2024 05:40:26 -0700 (PDT)
Received: from postal.iol.unh.edu (postal.iol.unh.edu.
 [2606:4100:3880:1234::84]) by smtp-relay.gmail.com with ESMTPS id
 jb21-20020a170903259500b001e2925dccb2sm488483plb.89.2024.04.25.05.40.26
 (version=TLS1_2 cipher=ECDHE-ECDSA-AES128-GCM-SHA256 bits=128/128);
 Thu, 25 Apr 2024 05:40:26 -0700 (PDT)
X-Relaying-Domain: iol.unh.edu
Date: Thu, 25 Apr 2024 05:40:26 -0700 (PDT)
Message-ID: <662a4f3a.170a0220.3cc2e.8e4bSMTPIN_ADDED_MISSING@mx.google.com>
Received: from [172.21.0.7] (unknown [172.18.0.240])
 by postal.iol.unh.edu (Postfix) with ESMTP id 51FE76052514;
 Thu, 25 Apr 2024 08:40:25 -0400 (EDT)
Subject: |FAILURE| pw139670 [PATCH] eal/linux: enhanced error handling for af
From: dpdklab@iol.unh.edu
To: Test Report <test-report@dpdk.org>
Cc: dpdk-test-reports@iol.unh.edu, Wu Jian Yue  <wujianyue000@163.com>
In-Reply-To: <20240423030243.59895-1-wujianyue000@163.com>
References: <20240423030243.59895-1-wujianyue000@163.com>
Content-Type: text/plain
X-BeenThere: test-report@dpdk.org
X-Mailman-Version: 2.1.29
Precedence: list
List-Id: automatic DPDK test reports <test-report.dpdk.org>
List-Unsubscribe: <https://mails.dpdk.org/options/test-report>,
 <mailto:test-report-request@dpdk.org?subject=unsubscribe>
List-Archive: <http://mails.dpdk.org/archives/test-report/>
List-Post: <mailto:test-report@dpdk.org>
List-Help: <mailto:test-report-request@dpdk.org?subject=help>
List-Subscribe: <https://mails.dpdk.org/listinfo/test-report>,
 <mailto:test-report-request@dpdk.org?subject=subscribe>
Errors-To: test-report-bounces@dpdk.org

Test-Label: iol-unit-amd64-testing
Test-Status: FAILURE
http://dpdk.org/patch/139670

_Testing issues_

Submitter: Wu Jian Yue  <wujianyue000@163.com>
Date: Tuesday, April 23 2024 03:02:43 
DPDK git baseline: Repo:dpdk
  Branch: master
  CommitID:7e06c0de1952d3109a5b0c4779d7e7d8059c9d78

139670 --> testing fail

Test environment and result as below:

+---------------------+----------------+
|     Environment     | dpdk_unit_test |
+=====================+================+
| CentOS Stream 8     | FAIL           |
+---------------------+----------------+
| CentOS Stream 9     | FAIL           |
+---------------------+----------------+
| Debian Bullseye     | FAIL           |
+---------------------+----------------+
| Debian 12           | FAIL           |
+---------------------+----------------+
| Fedora 37           | FAIL           |
+---------------------+----------------+
| Fedora 38           | FAIL           |
+---------------------+----------------+
| Fedora 39           | FAIL           |
+---------------------+----------------+
| Windows Server 2019 | PASS           |
+---------------------+----------------+
| RHEL8               | FAIL           |
+---------------------+----------------+
| Ubuntu 20.04        | FAIL           |
+---------------------+----------------+
| openSUSE Leap 15    | FAIL           |
+---------------------+----------------+
| Ubuntu 22.04        | FAIL           |
+---------------------+----------------+

==== 20 line log output for Ubuntu 22.04 (dpdk_unit_test): ====

CentOS Stream 8
	Kernel: 5.4.0-167-generic
	Compiler: gcc 8.5.0 20210514

CentOS Stream 9
	Kernel: 5.4.0-167-generic
	Compiler: gcc 11.4.1 20230605

Debian Bullseye
	Kernel: 5.4.0-167-generic
	Compiler: gcc 10.2.1-6

Debian 12
	Kernel: Container Host Kernel
	Compiler: gcc 10.2.1

Fedora 37
	Kernel: Depends on container host system
	Compiler: gcc 12.3.1

Fedora 38
	Kernel: Depends on container host
	Compiler: gcc 13.2.1

Fedora 39
	Kernel: Depends on container host
	Compiler: gcc 13.2.1

Windows Server 2019
	Kernel: 10.0.17763
	Compiler: clang 14.0 and gcc 8.1.0 (MinGW)

RHEL8
	Kernel: 5.4.0-167-generic
	Compiler: gcc 8.5.0 20210514 (Red Hat 8.5.0-20)

Ubuntu 20.04
	Kernel: 5.4.0-167-generic
	Compiler: gcc 9.4.0-1ubuntu1~20.04.1

openSUSE Leap 15
	Kernel: 5.4.0-167-generic
	Compiler: gcc 7.5.0

Ubuntu 22.04
	Kernel: 5.4.0-167-generic
	Compiler: gcc 11.4.0

To view detailed results, visit:
https://lab.dpdk.org/results/dashboard/patchsets/29851/

UNH-IOL DPDK Community Lab

To manage your email subscriptions, visit: 
https://lab.dpdk.org/results/dashboard/preferences/subscriptions/