From mboxrd@z Thu Jan  1 00:00:00 1970
Return-Path: <test-report-bounces@dpdk.org>
Received: from mails.dpdk.org (mails.dpdk.org [217.70.189.124])
	by inbox.dpdk.org (Postfix) with ESMTP id 7154D43F01
	for <public@inbox.dpdk.org>; Thu, 25 Apr 2024 14:58:34 +0200 (CEST)
Received: from mails.dpdk.org (localhost [127.0.0.1])
	by mails.dpdk.org (Postfix) with ESMTP id 6CF32435F4;
	Thu, 25 Apr 2024 14:58:34 +0200 (CEST)
Received: from mail-oi1-f227.google.com (mail-oi1-f227.google.com
 [209.85.167.227])
 by mails.dpdk.org (Postfix) with ESMTP id 2F6F640284
 for <test-report@dpdk.org>; Thu, 25 Apr 2024 14:58:33 +0200 (CEST)
Received: by mail-oi1-f227.google.com with SMTP id
 5614622812f47-3c70a55988dso545379b6e.0
 for <test-report@dpdk.org>; Thu, 25 Apr 2024 05:58:33 -0700 (PDT)
DKIM-Signature: v=1; a=rsa-sha256; c=relaxed/relaxed;
 d=iol.unh.edu; s=unh-iol; t=1714049912; x=1714654712; darn=dpdk.org;
 h=references:in-reply-to:cc:to:from:subject:message-id:date:from:to
 :cc:subject:date:message-id:reply-to;
 bh=K7VzmQZW0Z7L1wohL/BYjqC6jtt+YW8vpbzqml+SOFU=;
 b=ATDSjYRwIDZ3YIU4s4gepw5g6ipiPYKREeLAHkg9yDr2k7pSOl48ReVO/ZGmJajxRA
 qjpfu516mzq2NjEBVaS7e9dXZB2002Ur4tG5DDjvees2UF27S4qOumik3/HmW3M2cdgf
 ZZ+HPlQDfZu4pkPnGWI3Gp92ZwRFeW67HW8qM=
X-Google-DKIM-Signature: v=1; a=rsa-sha256; c=relaxed/relaxed;
 d=1e100.net; s=20230601; t=1714049912; x=1714654712;
 h=references:in-reply-to:cc:to:from:subject:message-id:date
 :x-gm-message-state:from:to:cc:subject:date:message-id:reply-to;
 bh=K7VzmQZW0Z7L1wohL/BYjqC6jtt+YW8vpbzqml+SOFU=;
 b=P/b5gQxpnO2/qFnXavPhUN1Hf3FQcoyPpYsbGwQSjR922dKkZVDuXtzvyRifheTWhj
 2CcUi9vvguKhv48tv6ol0ipuQ/949GumPz082BT2vbP6t3/UBhdObYXnZBmHRnH02Mmt
 50HuouDjL8x3WIHZ6pYvbwfjn9cgS/ix67WHl6hpSJ1sibcaHsqjwUGXzUpZ5RM/3VJ3
 4G144sEyQJQNjjOztc0LyslgUXNIRaOwZbg7wwQ1McUg1ehFXQC0KUE+RzrhMpHnFpjb
 oCzp19S1fEKNouo6+LE4OAsFXXWeTMQTzkueF5qS+62jQYb2cASeZkPBUOiAnvilDWNS
 8CGA==
X-Gm-Message-State: AOJu0YxSAOAJ3TrG/DUh54bh5WziMTQfbad2Ogzll3gQ33f30kZBYoXr
 4lqWMA1wrzpj9BtlKKx8VlfBnhigEzL1eIM8UtRSvRb39u5NjYWLWNWctkA6RuBr+5HGS9JqXC4
 zjr6S89AsTSG+g7hPTxtyqGy1nJe8bp0meGqMgI1qoZjaasT3
X-Google-Smtp-Source: AGHT+IFfyEZlQ0Lx6By42HlVwbWyPcCmi3fP7h8y2gNU47qj0hRoxFblnMu4WavNh5bYEEfAKfxU2boflk0m
X-Received: by 2002:a05:6808:612:b0:3c7:2a49:9777 with SMTP id
 y18-20020a056808061200b003c72a499777mr5790793oih.53.1714049912473; 
 Thu, 25 Apr 2024 05:58:32 -0700 (PDT)
Received: from postal.iol.unh.edu (postal.iol.unh.edu.
 [2606:4100:3880:1234::84]) by smtp-relay.gmail.com with ESMTPS id
 e3-20020a0562141d0300b0068fa448a122sm1281862qvd.63.2024.04.25.05.58.32
 (version=TLS1_2 cipher=ECDHE-ECDSA-AES128-GCM-SHA256 bits=128/128);
 Thu, 25 Apr 2024 05:58:32 -0700 (PDT)
X-Relaying-Domain: iol.unh.edu
Date: Thu, 25 Apr 2024 05:58:32 -0700 (PDT)
Message-ID: <662a5378.050a0220.862e6.483dSMTPIN_ADDED_MISSING@mx.google.com>
Received: from [172.17.0.3] (unknown [172.18.0.217])
 by postal.iol.unh.edu (Postfix) with ESMTP id 207186052514;
 Thu, 25 Apr 2024 08:58:32 -0400 (EDT)
Subject: |FAILURE| pw139670 [PATCH] eal/linux: enhanced error handling for af
From: dpdklab@iol.unh.edu
To: Test Report <test-report@dpdk.org>
Cc: dpdk-test-reports@iol.unh.edu, Wu Jian Yue  <wujianyue000@163.com>
In-Reply-To: <20240423030243.59895-1-wujianyue000@163.com>
References: <20240423030243.59895-1-wujianyue000@163.com>
Content-Type: text/plain
X-BeenThere: test-report@dpdk.org
X-Mailman-Version: 2.1.29
Precedence: list
List-Id: automatic DPDK test reports <test-report.dpdk.org>
List-Unsubscribe: <https://mails.dpdk.org/options/test-report>,
 <mailto:test-report-request@dpdk.org?subject=unsubscribe>
List-Archive: <http://mails.dpdk.org/archives/test-report/>
List-Post: <mailto:test-report@dpdk.org>
List-Help: <mailto:test-report-request@dpdk.org?subject=help>
List-Subscribe: <https://mails.dpdk.org/listinfo/test-report>,
 <mailto:test-report-request@dpdk.org?subject=subscribe>
Errors-To: test-report-bounces@dpdk.org

Test-Label: iol-compile-amd64-testing
Test-Status: FAILURE
http://dpdk.org/patch/139670

_Testing issues_

Submitter: Wu Jian Yue  <wujianyue000@163.com>
Date: Tuesday, April 23 2024 03:02:43 
DPDK git baseline: Repo:dpdk
  Branch: master
  CommitID:7e06c0de1952d3109a5b0c4779d7e7d8059c9d78

139670 --> testing fail

Test environment and result as below:

+---------------------+--------------------+----------------------+-------------------+
|     Environment     | dpdk_meson_compile | dpdk_mingw64_compile | dpdk_msvc_compile |
+=====================+====================+======================+===================+
| FreeBSD 13.3        | FAIL               | SKIPPED              | SKIPPED           |
+---------------------+--------------------+----------------------+-------------------+
| Windows Server 2019 | PASS               | PASS                 | SKIPPED           |
+---------------------+--------------------+----------------------+-------------------+
| Windows Server 2022 | PASS               | PASS                 | PASS              |
+---------------------+--------------------+----------------------+-------------------+
| CentOS Stream 9     | FAIL               | SKIPPED              | SKIPPED           |
+---------------------+--------------------+----------------------+-------------------+
| CentOS Stream 8     | FAIL               | SKIPPED              | SKIPPED           |
+---------------------+--------------------+----------------------+-------------------+
| Debian Bullseye     | FAIL               | SKIPPED              | SKIPPED           |
+---------------------+--------------------+----------------------+-------------------+
| Debian 12           | FAIL               | SKIPPED              | SKIPPED           |
+---------------------+--------------------+----------------------+-------------------+
| Fedora 37           | FAIL               | SKIPPED              | SKIPPED           |
+---------------------+--------------------+----------------------+-------------------+
| Fedora 38           | FAIL               | SKIPPED              | SKIPPED           |
+---------------------+--------------------+----------------------+-------------------+
| Fedora 39           | FAIL               | SKIPPED              | SKIPPED           |
+---------------------+--------------------+----------------------+-------------------+
| openSUSE Leap 15    | FAIL               | SKIPPED              | SKIPPED           |
+---------------------+--------------------+----------------------+-------------------+
| RHEL8               | FAIL               | SKIPPED              | SKIPPED           |
+---------------------+--------------------+----------------------+-------------------+
| Ubuntu 20.04        | FAIL               | SKIPPED              | SKIPPED           |
+---------------------+--------------------+----------------------+-------------------+

==== 20 line log output for Ubuntu 20.04 (dpdk_meson_compile): ====

FreeBSD 13.3
	Kernel: 13.3-RELEASE-p1
	Compiler: clang 17.0.6

Windows Server 2019
	Kernel: 10.0.17763
	Compiler: clang 14.0 and gcc 8.1.0 (MinGW)

Windows Server 2022
	Kernel: 10.0.20348.2031
	Compiler: clang 15.0.7, gcc 8.1.0 (MinGW), and MSVC VS 17.9

CentOS Stream 9
	Kernel: 5.4.0-167-generic
	Compiler: gcc 11.4.1 20230605

CentOS Stream 8
	Kernel: 5.4.0-167-generic
	Compiler: gcc 8.5.0 20210514

Debian Bullseye
	Kernel: 5.4.0-167-generic
	Compiler: gcc 10.2.1-6

Debian 12
	Kernel: Container Host Kernel
	Compiler: gcc 10.2.1

Fedora 37
	Kernel: Depends on container host system
	Compiler: gcc 12.3.1

Fedora 38
	Kernel: Depends on container host
	Compiler: gcc 13.2.1

Fedora 39
	Kernel: Depends on container host
	Compiler: gcc 13.2.1

openSUSE Leap 15
	Kernel: 5.4.0-167-generic
	Compiler: gcc 7.5.0

RHEL8
	Kernel: 5.4.0-167-generic
	Compiler: gcc 8.5.0 20210514 (Red Hat 8.5.0-20)

Ubuntu 20.04
	Kernel: 5.4.0-167-generic
	Compiler: gcc 9.4.0-1ubuntu1~20.04.1

To view detailed results, visit:
https://lab.dpdk.org/results/dashboard/patchsets/29851/

UNH-IOL DPDK Community Lab

To manage your email subscriptions, visit: 
https://lab.dpdk.org/results/dashboard/preferences/subscriptions/